{"id":159,"date":"2018-01-19T09:53:23","date_gmt":"2018-01-19T09:53:23","guid":{"rendered":"http:\/\/disseny-test.uoc.edu\/materials\/prod-digital\/?page_id=159"},"modified":"2018-01-30T13:47:39","modified_gmt":"2018-01-30T13:47:39","slug":"3-4-6-creacio-multiformat-eines-de-creacio-transversal","status":"publish","type":"page","link":"http:\/\/disseny-test.uoc.edu\/materials\/prod-digital\/3-4-6-creacio-multiformat-eines-de-creacio-transversal\/","title":{"rendered":"3.4.6. Creaci\u00f3 multiformat (eines de creaci\u00f3 transversal)"},"content":{"rendered":"<p>Tot i que estem tractant cadascun dels formats de manera independent, ja hem comentat anteriorment que hi ha la possibilitat de publicar el contingut en multiformat. Aix\u00f2 \u00e9s especialment adequat quan publiquem contingut que volem que sigui accessible per al m\u00e0xim de lectors possibles, independentment del sistema que usin per a llegir o el dispositiu que escullin.<\/p>\n<p>El problema que ens trobarem, per\u00f2, \u00e9s que la conversi\u00f3 entre formats, si no \u00e9s que plantegem el projecte ja des de l\u2019inici com a multiformat, ser\u00e0 for\u00e7a complicada. \u00c9s cert que tenim disponibles algunes aplicacions per a convertir entre formats publicacions digitals \u2014en parlarem breument en el punt seg\u00fcent\u2014, per\u00f2 no \u00e9s menys cert que en la majoria dels casos les conversions autom\u00e0tiques que funcionen realment s\u00f3n les que ja podem generar f\u00e0cilment amb els programes d\u2019edici\u00f3. Transformar qualsevol contingut digital a PDF \u00e9s un proc\u00e9s senzill, independentment del programari que usem. Transformar un contingut en PDF a EPUB amb un conversor autom\u00e0tic no solament ens deixar\u00e0 un arxiu t\u00e8cnicament poc funcional, sin\u00f3 que en el proc\u00e9s perdrem una gran part dels avantatges del format EPUB si no editem el contingut posteriorment a m\u00e0. Tant el marcatge sem\u00e0ntic com el conjunt de metadades que podem afegir a un EPUB no podran ser extretes d\u2019un document PDF. El resultat haur\u00e0 de ser observat atentament en cada cas i sotm\u00e8s a una fase de test i depuraci\u00f3 molt completa per a verificar-ne la integritat.<\/p>\n<p>Si, al contrari, determinem a priori que volem crear un objecte multiformat, podrem adaptar els processos de creaci\u00f3 perqu\u00e8 siguin eficients per a crear tots els formats implicats. Aix\u00ed guardarem el contingut en diferents parts de l\u2019edici\u00f3 per a poder-lo usar en la creaci\u00f3 dels diferents formats.<\/p>\n<div class=\"featured featured-grey\"><\/p>\n<p>Per exemple, si jo estic creant un llibre digital en el format EPUB (format en qu\u00e8 hem vist que un dels passos m\u00e9s importants \u00e9s el marcatge sem\u00e0ntic del contingut amb el llenguatge HTML i la definici\u00f3 dels estils visuals amb CSS), i vull oferir aquest contingut tamb\u00e9 en el format d\u2019Amazon, guardar\u00e9 els arxius de contingut per a usar-los a posteriori en la creaci\u00f3 del llibre en el format KF8, en qu\u00e8 podr\u00e9 reusar una part del marcatge HTML. El mateix farem si sabem que el contingut de l\u2019EPUB l\u2019oferirem tamb\u00e9 en una versi\u00f3 en l\u00ednia o l\u2019usarem per a omplir un CMS.<\/p>\n<p>\u00c9s cert que en el cas d\u2019EPUB accedir als arxius HTML un cop creat l\u2019objecte digital final (amb extensi\u00f3 .epub) \u00e9s senzill atesa la seva estructura oberta, per\u00f2 el proc\u00e9s es complica en la resta de formats. Obtenir el text o les imatges d\u2019un document PDF per a importar-los a un document web, en alguns casos i en funci\u00f3 de la configuraci\u00f3 de l\u2019arxiu, pot ser complicat.<\/p>\n<p>\n<\/div>\n<p class=\"Normalesp\"><span lang=\"CA\">Per tant, si tinc clars tots els passos necessaris per a crear tots els formats en qu\u00e8 oferir\u00e9 el contingut podr\u00e9 adaptar el proc\u00e9s de creaci\u00f3, normalment centrat en un format principal, per a fer c\u00f2pies del contingut en el moment idoni de l\u2019edici\u00f3, assegurant que les modificacions que hi faci <em>a posteriori<\/em> no intercediran en la creaci\u00f3 de la resta de formats. Tamb\u00e9 sabr\u00e9 <em>a priori<\/em> quins formats d\u2019arxiu puc usar per a les imatges o el contingut audiovisual que hagin de formar part de la publicaci\u00f3. Aquesta informaci\u00f3 ens facilitar\u00e0 de manera molt significativa el proc\u00e9s d\u2019edici\u00f3 dels continguts.<\/span><\/p>\n","protected":false},"excerpt":{"rendered":"<p>Tot i que estem tractant cadascun dels formats de manera independent, ja hem comentat anteriorment que hi ha la possibilitat de publicar el contingut en multiformat. Aix\u00f2 \u00e9s especialment adequat quan publiquem contingut que volem que sigui accessible per al m\u00e0xim de lectors possibles, independentment del sistema que usin per a llegir o el dispositiu [&hellip;]<\/p>\n","protected":false},"author":1,"featured_media":0,"parent":0,"menu_order":0,"comment_status":"closed","ping_status":"closed","template":"","meta":{"inline_featured_image":false},"acf":[],"_links":{"self":[{"href":"http:\/\/disseny-test.uoc.edu\/materials\/prod-digital\/wp-json\/wp\/v2\/pages\/159"}],"collection":[{"href":"http:\/\/disseny-test.uoc.edu\/materials\/prod-digital\/wp-json\/wp\/v2\/pages"}],"about":[{"href":"http:\/\/disseny-test.uoc.edu\/materials\/prod-digital\/wp-json\/wp\/v2\/types\/page"}],"author":[{"embeddable":true,"href":"http:\/\/disseny-test.uoc.edu\/materials\/prod-digital\/wp-json\/wp\/v2\/users\/1"}],"replies":[{"embeddable":true,"href":"http:\/\/disseny-test.uoc.edu\/materials\/prod-digital\/wp-json\/wp\/v2\/comments?post=159"}],"version-history":[{"count":3,"href":"http:\/\/disseny-test.uoc.edu\/materials\/prod-digital\/wp-json\/wp\/v2\/pages\/159\/revisions"}],"predecessor-version":[{"id":900,"href":"http:\/\/disseny-test.uoc.edu\/materials\/prod-digital\/wp-json\/wp\/v2\/pages\/159\/revisions\/900"}],"wp:attachment":[{"href":"http:\/\/disseny-test.uoc.edu\/materials\/prod-digital\/wp-json\/wp\/v2\/media?parent=159"}],"curies":[{"name":"wp","href":"https:\/\/api.w.org\/{rel}","templated":true}]}}