{"id":16,"date":"2018-01-18T12:59:18","date_gmt":"2018-01-18T12:59:18","guid":{"rendered":"http:\/\/disseny-test.uoc.edu\/materials\/prod-digital\/?page_id=16"},"modified":"2018-01-30T13:30:59","modified_gmt":"2018-01-30T13:30:59","slug":"1-2-preparacio-dun-projecte-editorial-reptes-inicials","status":"publish","type":"page","link":"http:\/\/disseny-test.uoc.edu\/materials\/prod-digital\/1-2-preparacio-dun-projecte-editorial-reptes-inicials\/","title":{"rendered":"1.2. Preparaci\u00f3 d\u2019un projecte editorial: reptes inicials"},"content":{"rendered":"<p>Com coment\u00e0vem, no \u00e9s possible afrontar el proc\u00e9s d\u2019edici\u00f3 digital dels continguts sense determinar <em>a priori<\/em> algunes q\u00fcestions conceptuals i t\u00e8cniques sobre el nostre projecte.<\/p>\n<div class=\"featured featured-blue\"><p>Abans d\u2019encetar el proc\u00e9s de digitalitzaci\u00f3 pr\u00f2piament dit, fins i tot de creaci\u00f3 dels continguts, \u00e9s important determinar quin ha de ser el receptacle final d\u2019aquests i quina ha de ser la forma digital.<\/p>\n<\/div>\n<p>Per tant, en aquesta fase haurem de plantejar i respondre algunes preguntes indispensables per a ser capa\u00e7os de determinar el cam\u00ed a seguir per a produir un contingut editorial determinat. Per a fer-ho, plantejarem un mapa conceptual de decisions que tot creatiu ha de rec\u00f3rrer per a definir la seva via d\u2019actuaci\u00f3. En aquest mapa analitzarem la <strong>tipologia del contingut<\/strong>, determinarem quin \u00e9s l\u2019<strong>objecte digital<\/strong> que m\u00e9s encaixa amb els nostres objectius, i prendrem decisions sobre el <strong>format a usar<\/strong>, que determinaran, de manera substancial, les eines a fer servir.<\/p>\n<p>Com \u00e9s evident, per\u00f2, un mapa conceptual per si sol, sense una explicaci\u00f3 dels conceptes i les relacions que el formen, no tindria cap sentit, seria molt poc resolutiu. \u00c9s important que, per a ser capa\u00e7os de rec\u00f3rrer aquest cam\u00ed conceptual i t\u00e8cnic, tinguem prou coneixement de l\u2019ecosistema de l\u2019edici\u00f3 digital per a prendre decisions coherents, solvents i sobre la base d\u2019un discurs t\u00e8cnic sostenible.<\/p>\n<p>Hi ha tres grans reptes que hem d\u2019afrontar per a produir continguts editorials digitals:<\/p>\n<ol>\n<li>Quin \u00e9s l\u2019objecte editorial que volem crear tenint en compte l\u2019objectiu del projecte?<\/li>\n<li>Quin \u00e9s l\u2019objecte digital que volem desenvolupar tenint en compte la tipologia del contingut a produir?<\/li>\n<li>A quines vies de distribuci\u00f3 i comercialitzaci\u00f3 del producte volem accedir?<\/li>\n<\/ol>\n","protected":false},"excerpt":{"rendered":"<p>Com coment\u00e0vem, no \u00e9s possible afrontar el proc\u00e9s d\u2019edici\u00f3 digital dels continguts sense determinar a priori algunes q\u00fcestions conceptuals i t\u00e8cniques sobre el nostre projecte. Per tant, en aquesta fase haurem de plantejar i respondre algunes preguntes indispensables per a ser capa\u00e7os de determinar el cam\u00ed a seguir per a produir un contingut editorial determinat. [&hellip;]<\/p>\n","protected":false},"author":1,"featured_media":0,"parent":0,"menu_order":0,"comment_status":"closed","ping_status":"closed","template":"","meta":{"inline_featured_image":false},"acf":[],"_links":{"self":[{"href":"http:\/\/disseny-test.uoc.edu\/materials\/prod-digital\/wp-json\/wp\/v2\/pages\/16"}],"collection":[{"href":"http:\/\/disseny-test.uoc.edu\/materials\/prod-digital\/wp-json\/wp\/v2\/pages"}],"about":[{"href":"http:\/\/disseny-test.uoc.edu\/materials\/prod-digital\/wp-json\/wp\/v2\/types\/page"}],"author":[{"embeddable":true,"href":"http:\/\/disseny-test.uoc.edu\/materials\/prod-digital\/wp-json\/wp\/v2\/users\/1"}],"replies":[{"embeddable":true,"href":"http:\/\/disseny-test.uoc.edu\/materials\/prod-digital\/wp-json\/wp\/v2\/comments?post=16"}],"version-history":[{"count":2,"href":"http:\/\/disseny-test.uoc.edu\/materials\/prod-digital\/wp-json\/wp\/v2\/pages\/16\/revisions"}],"predecessor-version":[{"id":883,"href":"http:\/\/disseny-test.uoc.edu\/materials\/prod-digital\/wp-json\/wp\/v2\/pages\/16\/revisions\/883"}],"wp:attachment":[{"href":"http:\/\/disseny-test.uoc.edu\/materials\/prod-digital\/wp-json\/wp\/v2\/media?parent=16"}],"curies":[{"name":"wp","href":"https:\/\/api.w.org\/{rel}","templated":true}]}}