{"id":161,"date":"2018-01-19T09:55:28","date_gmt":"2018-01-19T09:55:28","guid":{"rendered":"http:\/\/disseny-test.uoc.edu\/materials\/prod-digital\/?page_id=161"},"modified":"2018-01-22T18:39:16","modified_gmt":"2018-01-22T18:39:16","slug":"3-4-7-eines-de-creacio-automatica","status":"publish","type":"page","link":"http:\/\/disseny-test.uoc.edu\/materials\/prod-digital\/3-4-7-eines-de-creacio-automatica\/","title":{"rendered":"3.4.7. Eines de creaci\u00f3 autom\u00e0tica"},"content":{"rendered":"<p>I, per acabar aquesta fase de producci\u00f3, parlarem aqu\u00ed breument d\u2019algunes eines que permeten automatitzar totalment el proc\u00e9s de creaci\u00f3 d\u2019una publicaci\u00f3 digital.<\/p>\n<p>Cal fer, per\u00f2, una consideraci\u00f3 general abans de presentar aquest tipus d\u2019eines. Si b\u00e9 \u00e9s interessant saber que existeixen i, en alguns casos molt concrets, poden ser \u00fatils per a una publicaci\u00f3 molt senzilla, no s\u00f3n eines que puguem usar normalment de manera professional, en primer lloc perqu\u00e8 el control que tenim sobre el resultat \u00e9s menor, i en segon lloc perqu\u00e8 en molts casos els termes i condicions de l\u2019aplicaci\u00f3 ens lliguen les mans a l\u2019hora de comercialitzar el producte.<\/p>\n<p>Trobem dos grans tipus d\u2019aplicacions per a la creaci\u00f3 autom\u00e0tica: els <strong>conversors autom\u00e0tics<\/strong> i les <strong>aplicacions per a crear <em>flipbooks<\/em><\/strong>.<\/p>\n<h4><strong>Conversors d\u2019arxiu<\/strong><\/h4>\n<p>Aquestes eines, generalment en l\u00ednia, ens permeten convertir entre un gran nombre de formats de manera autom\u00e0tica. Pugem un arxiu a un servidor, que ens el retorna convertit al format escollit. El problema, per\u00f2, \u00e9s que en la majoria dels casos la conversi\u00f3 als formats EPUB, KF8, etc. no \u00e9s eficient i genera un codi inintel\u00b7ligible i molt dif\u00edcil de corregir a m\u00e0.<\/p>\n<ul>\n<li><a href=\"http:\/\/www.zamzar.com\" target=\"_blank\" rel=\"noopener\">Zamzar<\/a><\/li>\n<li><a href=\"https:\/\/ebook.online-convert.com\" target=\"_blank\" rel=\"noopener\">Online-convert.com<\/a><\/li>\n<li><a href=\"http:\/\/onlineconverter.epubor.com\/\" target=\"_blank\" rel=\"noopener\">Epubor<\/a><\/li>\n<\/ul>\n<h4><strong>Creadors autom\u00e0tics de productes editorials<\/strong><\/h4>\n<p>Aquest tipus d\u2019aplicacions creen un arxiu autoexecutable, que no necessita cap altre entorn per a ser visualitzat de manera autom\u00e0tica. Simplement escollirem una plantilla de les disponibles i pujarem el contingut propi (text, imatges, etc.) a l\u2019aplicaci\u00f3, que empaquetar\u00e0 el resultat en un arxiu descarregable o reprodu\u00efble en l\u00ednia (al mateix portal de l\u2019aplicaci\u00f3).<\/p>\n<ul>\n<li><a href=\"http:\/\/flipbuilder.es\/\" target=\"_blank\" rel=\"noopener\">Flipbuilder<\/a><\/li>\n<li><a href=\"https:\/\/pageflip.io\/\" target=\"_blank\" rel=\"noopener\">Pageflip.io<\/a><\/li>\n<li><a href=\"https:\/\/www.flipsnack.com\" target=\"_blank\" rel=\"noopener\">FlipSnack<\/a><\/li>\n<\/ul>\n<p>El control t\u00e8cnic que tenim sobre el resultat \u00e9s nul i, normalment, no podem extreure el resultat de l\u2019aplicaci\u00f3 que s\u2019ha creat per a vendre\u2019l o comercialitzar-lo en qualsevol altre portal. Per tant, l\u2019\u00fas d\u2019aquest tipus d\u2019aplicacions, m\u00e9s enll\u00e0 de l\u2019espai personal o per a produir petites publicacions amb finalitats molt concretes, no \u00e9s aconsellable.<\/p>\n","protected":false},"excerpt":{"rendered":"<p>I, per acabar aquesta fase de producci\u00f3, parlarem aqu\u00ed breument d\u2019algunes eines que permeten automatitzar totalment el proc\u00e9s de creaci\u00f3 d\u2019una publicaci\u00f3 digital. Cal fer, per\u00f2, una consideraci\u00f3 general abans de presentar aquest tipus d\u2019eines. Si b\u00e9 \u00e9s interessant saber que existeixen i, en alguns casos molt concrets, poden ser \u00fatils per a una publicaci\u00f3 [&hellip;]<\/p>\n","protected":false},"author":1,"featured_media":0,"parent":0,"menu_order":0,"comment_status":"closed","ping_status":"closed","template":"","meta":{"inline_featured_image":false},"acf":[],"_links":{"self":[{"href":"http:\/\/disseny-test.uoc.edu\/materials\/prod-digital\/wp-json\/wp\/v2\/pages\/161"}],"collection":[{"href":"http:\/\/disseny-test.uoc.edu\/materials\/prod-digital\/wp-json\/wp\/v2\/pages"}],"about":[{"href":"http:\/\/disseny-test.uoc.edu\/materials\/prod-digital\/wp-json\/wp\/v2\/types\/page"}],"author":[{"embeddable":true,"href":"http:\/\/disseny-test.uoc.edu\/materials\/prod-digital\/wp-json\/wp\/v2\/users\/1"}],"replies":[{"embeddable":true,"href":"http:\/\/disseny-test.uoc.edu\/materials\/prod-digital\/wp-json\/wp\/v2\/comments?post=161"}],"version-history":[{"count":2,"href":"http:\/\/disseny-test.uoc.edu\/materials\/prod-digital\/wp-json\/wp\/v2\/pages\/161\/revisions"}],"predecessor-version":[{"id":567,"href":"http:\/\/disseny-test.uoc.edu\/materials\/prod-digital\/wp-json\/wp\/v2\/pages\/161\/revisions\/567"}],"wp:attachment":[{"href":"http:\/\/disseny-test.uoc.edu\/materials\/prod-digital\/wp-json\/wp\/v2\/media?parent=161"}],"curies":[{"name":"wp","href":"https:\/\/api.w.org\/{rel}","templated":true}]}}