{"id":2,"date":"2018-01-18T11:26:27","date_gmt":"2018-01-18T11:26:27","guid":{"rendered":"http:\/\/disseny-test.uoc.edu\/materials\/proddigital\/?page_id=2"},"modified":"2018-01-30T14:20:07","modified_gmt":"2018-01-30T14:20:07","slug":"sample-page","status":"publish","type":"page","link":"http:\/\/disseny-test.uoc.edu\/materials\/prod-digital\/","title":{"rendered":"1.1. L\u2019heterogene\u00eftat de la producci\u00f3 editorial digital"},"content":{"rendered":"<p>L\u2019entorn digital actual ha definit un paradigma en el qual hi ha moltes i molt diverses opcions disponibles per a la creaci\u00f3 digital, cada una de les quals amb caracter\u00edstiques i particularitats pr\u00f2pies que determinen no solament la forma de l\u2019objecte digital que creem sin\u00f3 tamb\u00e9 les seves possibilitats de publicaci\u00f3 i de comercialitzaci\u00f3 digital. Aix\u00ed, quan afrontem el repte de crear continguts digitals, siguin del tipus que siguin, ens trobem davant d\u2019un gran ventall d\u2019opcions pel que fa als objectes potencials, els formats en qu\u00e8 podem crear i el gran conjunt d\u2019eines disponibles per a fer-ho.<\/p>\n<p>L\u2019entorn digital \u00e9s un entorn canviant en el qual, mentre alguns llenguatges perduren, les eines, les plataformes, els formats i els continents evolucionen cont\u00ednuament donant forma a un entorn heterogeni, que \u00e9s dif\u00edcil d\u2019aprehendre a primer cop d\u2019ull. Sense una an\u00e0lisi profunda no solament de les opcions disponibles sin\u00f3 tamb\u00e9 de les implicacions que es deriven del proc\u00e9s d\u2019elecci\u00f3 del contenidor, \u00e9s molt dif\u00edcil encertar.<\/p>\n<p>Aquest dinamisme inestable de l\u2019entorn actual fa especialment necessari definir un mapa de decisions previ que tot creador ha d\u2019afrontar abans d\u2019escollir quina ser\u00e0 la forma i el format que donar\u00e0 a un contingut determinat.<\/p>\n<h4><strong>Quin objecte digital crear\u00e0? Amb quines eines?<\/strong><br \/>\n<strong> En quin format?<\/strong><\/h4>\n<div class=\"featured featured-blue\"><p>No solament hem de determinar quina forma donarem al contingut, quin objecte volem crear (volem crear un llibre digital, una revista o una aplicaci\u00f3), sin\u00f3 que hem de reflexionar per a escollir un format que tingui un triple encaix amb les nostres intencions i objectius: el tipus de contingut i d\u2019experi\u00e8ncia pretesos per a l\u2019usuari, les vies de distribuci\u00f3 i el model de negoci que vulguem implementar.<\/p>\n<\/div>\n<div class=\"featured featured-grey\"><\/p>\n<p>En l\u2019entorn anterior (anal\u00f2gic) era senzill prendre aquest tipus de decisions. Un cop superada la dicotomia inicial Betamax enfront de VHS, nom\u00e9s ten\u00edem un format de v\u00eddeo per a distribuir continguts al p\u00fablic: la cinta. El mateix va passar amb la m\u00fasica: de la cinta de casset vam passar al disc compacte, amb un per\u00edode de conviv\u00e8ncia per\u00f2 amb una clara tend\u00e8ncia a la substituci\u00f3 del primer pel segon.<\/p>\n<p>Si analitzem els diaris, els llibres i la majoria d\u2019objectes culturals, ens adonarem que en l\u2019entorn anal\u00f2gic el contingut determinava l\u2019objecte, el format i les possibles vies de distribuci\u00f3 i comercialitzaci\u00f3 d\u2019aquest. Hom no podia crear un diari sense imprimir-lo en paper, distribuir-lo als quioscos i cobrar un preu per exemplar; ni crear un disc musical i empaquetar-lo en res m\u00e9s que no fos un vinil primer, i una cinta de casset o un CD posteriorment.<\/p>\n<p>\n<\/div>\n<div class=\"featured featured-blue\"><p>El contingut cultural, abans de l\u2019entorn digital, tenia un format d\u2019emmagatzematge i una distribuci\u00f3 predeterminats per la seva tipologia. La capacitat de decisi\u00f3 dels creatius pel que fa a aix\u00f2 era molt limitada i el proc\u00e9s de decisi\u00f3 era molt breu.<\/p>\n<\/div>\n<p>La digitalitzaci\u00f3 dels processos de creaci\u00f3, publicaci\u00f3 i comercialitzaci\u00f3 dels continguts, com \u00e9s propi dels \u00abnous mitjans\u00bb, ha comportat una multiplicaci\u00f3 dels possibles objectes a crear i els formats i les eines per a fer-ho. Aix\u00ed, si hom vol crear un llibre digital tindr\u00e0 diferents contenidors que poden recollir el contingut, diferents eines per a crear-lo i, sobretot, diferents formats de sortida, que no solament determinaran les opcions creatives i de reproducci\u00f3 del contingut, sin\u00f3 que condicionaran, com veurem m\u00e9s endavant, les possibilitats de distribuci\u00f3 i comercialitzaci\u00f3 de l\u2019objecte resultant.<\/p>\n<p>El mateix passa quan hom crea una revista digital: pot optar per fer-ho usant un gestor de continguts o CMS (com WordPress), que ofereix els avantatges del recurs en l\u00ednia als lectors, usant un format tancat via InDesign m\u00e9s PDF o el relativament recent EPUB3, que combina el format web amb un empaquetatge que en permet la distribuci\u00f3 i lectura fora de l\u00ednia. Si analitzem altres tipus de continguts, ens adonarem que passa exactament el mateix: ja no podem mantenir una relaci\u00f3 d\u2019un a un pel que fa a la digitalitzaci\u00f3 del contingut cultural. Per\u00f2 aquesta situaci\u00f3 \u00e9s molt m\u00e9s determinant i limitadora en el cas del contingut editorial.<\/p>\n<div class=\"featured featured-blue\"><p>L\u2019ecosistema comercial (les opcions per a vendre el producte) est\u00e0 condicionat fortament pel format de sortida del contingut.<\/p>\n<\/div>\n<p>Aquestes noves caracter\u00edstiques de l\u2019entorn digital, aquesta multiplicitat d\u2019opcions t\u00e8cniques a l\u2019hora d\u2019afrontar el repte creatiu, dibuixen un panorama que demana d\u2019una forta atenci\u00f3 a aquest mapa reflexiu i de presa de decisions previ de qu\u00e8 parl\u00e0vem, com a \u00fanica via per a garantir l\u2019\u00e8xit en la producci\u00f3 i, sobretot, evitar la necessitat de repetir processos, fer marxa enrere o duplicar la feina necess\u00e0ria per a arribar a la fase de comercialitzaci\u00f3 d\u2019un contingut.<\/p>\n<p>Al llarg d\u2019aquesta secci\u00f3 estudiarem de ben a prop les caracter\u00edstiques dels diferents objectes, formats i opcions de creaci\u00f3 digital per al contingut editorial, atenent al proc\u00e9s necessari per a fer el cam\u00ed que hi ha entre el contingut cultural d\u2019entrada i el format digital de sortida, tot aix\u00f2 per evitar les incompatibilitats t\u00e8cniques i les limitacions comercials associades al format escollit, relacionades amb els llenguatges implicats en la creaci\u00f3 i al programari inform\u00e0tic utilitzat.<\/p>\n<p>Per tant, tot i que <em>a priori<\/em> podria semblar que en un entorn en qu\u00e8 crear \u00e9s molt m\u00e9s accessible i en qu\u00e8 les eines, les opcions i els entorns es multipliquen cont\u00ednuament, el proc\u00e9s de treball hauria de ser majorit\u00e0riament t\u00e8cnic (\u00abseguir les instruccions del manual de funcionament\u00bb). No obstant, sense una fase de reflexi\u00f3 pr\u00e8via i un coneixement suficient de l\u2019entorn i les possibilitats \u00e9s molt dif\u00edcil garantir l\u2019\u00e8xit creatiu i\/o comercial.<\/p>\n<div class=\"featured featured-blue\"><p>Per a comen\u00e7ar amb bon peu en la producci\u00f3 editorial digital, \u00e9s indispensable atendre a les caracter\u00edstiques m\u00e9s importants del seu ecosistema; i aquesta tasca passa per definir les diferents opcions creatives i les seves implicacions, tant pel que fa a l\u2019objecte digital a crear com pel que fa al format escollit per a digitalitzar-lo.<\/p>\n<\/div>\n","protected":false},"excerpt":{"rendered":"<p>L\u2019entorn digital actual ha definit un paradigma en el qual hi ha moltes i molt diverses opcions disponibles per a la creaci\u00f3 digital, cada una de les quals amb caracter\u00edstiques i particularitats pr\u00f2pies que determinen no solament la forma de l\u2019objecte digital que creem sin\u00f3 tamb\u00e9 les seves possibilitats de publicaci\u00f3 i de comercialitzaci\u00f3 digital. [&hellip;]<\/p>\n","protected":false},"author":1,"featured_media":0,"parent":0,"menu_order":0,"comment_status":"closed","ping_status":"open","template":"","meta":{"inline_featured_image":false},"acf":[],"_links":{"self":[{"href":"http:\/\/disseny-test.uoc.edu\/materials\/prod-digital\/wp-json\/wp\/v2\/pages\/2"}],"collection":[{"href":"http:\/\/disseny-test.uoc.edu\/materials\/prod-digital\/wp-json\/wp\/v2\/pages"}],"about":[{"href":"http:\/\/disseny-test.uoc.edu\/materials\/prod-digital\/wp-json\/wp\/v2\/types\/page"}],"author":[{"embeddable":true,"href":"http:\/\/disseny-test.uoc.edu\/materials\/prod-digital\/wp-json\/wp\/v2\/users\/1"}],"replies":[{"embeddable":true,"href":"http:\/\/disseny-test.uoc.edu\/materials\/prod-digital\/wp-json\/wp\/v2\/comments?post=2"}],"version-history":[{"count":8,"href":"http:\/\/disseny-test.uoc.edu\/materials\/prod-digital\/wp-json\/wp\/v2\/pages\/2\/revisions"}],"predecessor-version":[{"id":882,"href":"http:\/\/disseny-test.uoc.edu\/materials\/prod-digital\/wp-json\/wp\/v2\/pages\/2\/revisions\/882"}],"wp:attachment":[{"href":"http:\/\/disseny-test.uoc.edu\/materials\/prod-digital\/wp-json\/wp\/v2\/media?parent=2"}],"curies":[{"name":"wp","href":"https:\/\/api.w.org\/{rel}","templated":true}]}}