{"id":205,"date":"2018-01-19T11:22:25","date_gmt":"2018-01-19T11:22:25","guid":{"rendered":"http:\/\/disseny-test.uoc.edu\/materials\/prod-digital\/?page_id=205"},"modified":"2018-01-22T18:40:34","modified_gmt":"2018-01-22T18:40:34","slug":"4-2-1-quin-tipus-de-continguts-vull-transmetre","status":"publish","type":"page","link":"http:\/\/disseny-test.uoc.edu\/materials\/prod-digital\/4-2-1-quin-tipus-de-continguts-vull-transmetre\/","title":{"rendered":"4.2.1. Quin tipus de continguts vull transmetre?"},"content":{"rendered":"<p>Les tecnologies digitals tenen un problema conceptual que sovint passa desapercebut. Ho hem batejat com a <strong>falsa immediatesa<\/strong>. En el m\u00f3n anal\u00f2gic crear una publicaci\u00f3 amb fotografies \u00e9s un proc\u00e9s cost\u00f3s: carreguem una c\u00e0mera amb un rotllo de pel\u00b7l\u00edcula fotogr\u00e0fica, prenem les fotos, les revelem, creem una plantilla, enganxem la foto, etc. En el m\u00f3n digital, una visita a Google Images o equivalent, quatre clics i ja tenim un flamant post carregat d\u2019imatges en el nostre blog.<\/p>\n<p>Per\u00f2 aquesta immediatesa ve amb un risc conceptual important afegit: la facilitat amb qu\u00e8 creem contingut irrellevant, sobrecarregat, absurd o contradictori. De la mateixa manera que la primera vegada que ens trobem amb filtres d\u2019imatge com l\u2019Snapchat podem passar-nos hores posant efectes, orelles de conill o bigotis postissos a una foto, \u00e9s molt f\u00e0cil caure en la temptaci\u00f3 de la falsa immediatesa i inundar les nostres p\u00e0gines web, entrades a les xarxes socials, treballs universitaris o pamflets informatius, amb imatges, il\u00b7lustracions i diagrames que no venen a tomb.<\/p>\n<p>Aix\u00ed, doncs, el primer pas \u00e9s detenir-nos a pensar: quins continguts vull transmetre? Una imatge t\u00e9 moltes funcions comunicatives disponibles, com per exemple:<\/p>\n<ul>\n<li>Cridar l\u2019atenci\u00f3 de l\u2019usuari perqu\u00e8 accedeixi al contingut que hem creat.<\/li>\n<li>Crear un espai de rep\u00f2s cognitiu enmig d\u2019un text.<\/li>\n<li>Oferir una informaci\u00f3 rellevant per a l\u2019argument que estem construint.<\/li>\n<li>Oferir exemples del que s\u2019est\u00e0 explicant en el text.<\/li>\n<li>Explicar algun concepte que sigui complex de narrar solament amb paraules.<\/li>\n<li>Donar suport emocional als continguts oferts.<\/li>\n<\/ul>\n<p>Est\u00e0 m\u00e9s enll\u00e0 dels objectius d\u2019aquest text oferir indicacions exhaustives sobre com escollir imatges en funci\u00f3 del nostre missatge, per\u00f2 al llarg d\u2019aquestes p\u00e0gines explicarem com aquestes diferents funcions queden recollides millor amb uns formats d\u2019imatge que amb uns altres.<\/p>\n<p>En l\u2019apartat <a href=\"http:\/\/disseny-test.uoc.edu\/materials\/prod-digital\/4-7-1-introduccio\/\" target=\"_blank\" rel=\"noopener\">4.7 \u00ab\u00das correcte de les imatges en un projecte transm\u00e8dia\u00bb<\/a> oferim alguns criteris de quin tipus d\u2019imatge dona millor suport a una funci\u00f3 comunicativa o una altra.<\/p>\n","protected":false},"excerpt":{"rendered":"<p>Les tecnologies digitals tenen un problema conceptual que sovint passa desapercebut. Ho hem batejat com a falsa immediatesa. En el m\u00f3n anal\u00f2gic crear una publicaci\u00f3 amb fotografies \u00e9s un proc\u00e9s cost\u00f3s: carreguem una c\u00e0mera amb un rotllo de pel\u00b7l\u00edcula fotogr\u00e0fica, prenem les fotos, les revelem, creem una plantilla, enganxem la foto, etc. En el m\u00f3n [&hellip;]<\/p>\n","protected":false},"author":1,"featured_media":0,"parent":0,"menu_order":0,"comment_status":"closed","ping_status":"closed","template":"","meta":{"inline_featured_image":false},"acf":[],"_links":{"self":[{"href":"http:\/\/disseny-test.uoc.edu\/materials\/prod-digital\/wp-json\/wp\/v2\/pages\/205"}],"collection":[{"href":"http:\/\/disseny-test.uoc.edu\/materials\/prod-digital\/wp-json\/wp\/v2\/pages"}],"about":[{"href":"http:\/\/disseny-test.uoc.edu\/materials\/prod-digital\/wp-json\/wp\/v2\/types\/page"}],"author":[{"embeddable":true,"href":"http:\/\/disseny-test.uoc.edu\/materials\/prod-digital\/wp-json\/wp\/v2\/users\/1"}],"replies":[{"embeddable":true,"href":"http:\/\/disseny-test.uoc.edu\/materials\/prod-digital\/wp-json\/wp\/v2\/comments?post=205"}],"version-history":[{"count":3,"href":"http:\/\/disseny-test.uoc.edu\/materials\/prod-digital\/wp-json\/wp\/v2\/pages\/205\/revisions"}],"predecessor-version":[{"id":568,"href":"http:\/\/disseny-test.uoc.edu\/materials\/prod-digital\/wp-json\/wp\/v2\/pages\/205\/revisions\/568"}],"wp:attachment":[{"href":"http:\/\/disseny-test.uoc.edu\/materials\/prod-digital\/wp-json\/wp\/v2\/media?parent=205"}],"curies":[{"name":"wp","href":"https:\/\/api.w.org\/{rel}","templated":true}]}}