{"id":223,"date":"2018-01-19T11:37:39","date_gmt":"2018-01-19T11:37:39","guid":{"rendered":"http:\/\/disseny-test.uoc.edu\/materials\/prod-digital\/?page_id=223"},"modified":"2018-01-30T13:49:23","modified_gmt":"2018-01-30T13:49:23","slug":"4-3-4-jpeg","status":"publish","type":"page","link":"http:\/\/disseny-test.uoc.edu\/materials\/prod-digital\/4-3-4-jpeg\/","title":{"rendered":"4.3.4. JPEG"},"content":{"rendered":"<div class=\"featured featured-blue\"><p><a href=\"javascript:void(0);\" class=\"tooltip\" data-toggle=\"popover\" data-placement=\"bottom\" data-content=\"JPEG s\u00f3n les sigles de <em>Joint Photographic Expert Group<\/em>. Tamb\u00e9 podem trobar-lo amb l\u2019abreviatura de JPG.\" data-placement=\"top\" data-html=\"true\" ><strong>JPEG<\/strong><\/a> \u00e9s un format de compressi\u00f3 amb p\u00e8rdua, \u00e9s a dir, per a aconseguir un fitxer d\u2019una grand\u00e0ria significativament menor que l\u2019original, s\u2019ha procedit a eliminar informaci\u00f3, amb la qual cosa perdem una mica de qualitat.<\/p>\n<\/div>\n<p>No obstant aix\u00f2, t\u00e9 un sistema de 24 bits per a emmagatzemar color, amb el qual pot mostrar fins a 16 milions de colors diferents, i per tant podem considerar-lo un format de color directe.<\/p>\n<p>Si comparem una imatge original amb la seva versi\u00f3 en JPEG veurem que la conversi\u00f3 en JPEG ens ofereix colors amb menys lluentor i l\u00ednies menys definides. Les difer\u00e8ncies queden ben clares si fem un <em>zoom<\/em> sobre la imatge, on veiem zones on s\u2019ha perdut la informaci\u00f3 original i queda substitu\u00efda per l\u00ednies peculiars o blocs de color que no pertanyen a la imatge original.<\/p>\n<p>Igual que GIF, funciona sense problemes en qualsevol sistema operatiu (Linux, OS X, Windows), i la majoria de c\u00e0meres digitals permeten gravar directament com a JPEG.<\/p>\n<p>A difer\u00e8ncia de GIF, no permet treballar amb transpar\u00e8ncies.<\/p>\n<h4><strong>Quan usar JPEG?<\/strong><\/h4>\n<p>Quan volem mostrar fotografies i altres imatges amb molt colorit en un entorn on les imatges es carreguin r\u00e0pidament, com una p\u00e0gina web, una aplicaci\u00f3 m\u00f2bil, etc.<\/p>\n<p>No \u00e9s recomanable usar JPEG per a esquemes o logos:<\/p>\n<ul>\n<li>En primer lloc, perqu\u00e8 la imatge no apareixer\u00e0 tan n\u00edtida com en un GIF.<\/li>\n<li>En segon lloc, perqu\u00e8, malgrat la compressi\u00f3, sempre ocuparan m\u00e9s espai que un GIF.<\/li>\n<\/ul>\n<div class=\"featured featured-blue\"><p>Com en tots els formats amb p\u00e8rdua, \u00e9s molt important que la conversi\u00f3 la fem nom\u00e9s una vegada. Si anem modificant un JPEG i tornem a gravar-lo com a JPEG una altra vegada, \u00e9s f\u00e0cil que perdem informaci\u00f3 en cada conversi\u00f3.<\/p>\n<\/div>\n","protected":false},"excerpt":{"rendered":"<p>No obstant aix\u00f2, t\u00e9 un sistema de 24 bits per a emmagatzemar color, amb el qual pot mostrar fins a 16 milions de colors diferents, i per tant podem considerar-lo un format de color directe. Si comparem una imatge original amb la seva versi\u00f3 en JPEG veurem que la conversi\u00f3 en JPEG ens ofereix colors [&hellip;]<\/p>\n","protected":false},"author":1,"featured_media":0,"parent":0,"menu_order":0,"comment_status":"closed","ping_status":"closed","template":"","meta":{"inline_featured_image":false},"acf":[],"_links":{"self":[{"href":"http:\/\/disseny-test.uoc.edu\/materials\/prod-digital\/wp-json\/wp\/v2\/pages\/223"}],"collection":[{"href":"http:\/\/disseny-test.uoc.edu\/materials\/prod-digital\/wp-json\/wp\/v2\/pages"}],"about":[{"href":"http:\/\/disseny-test.uoc.edu\/materials\/prod-digital\/wp-json\/wp\/v2\/types\/page"}],"author":[{"embeddable":true,"href":"http:\/\/disseny-test.uoc.edu\/materials\/prod-digital\/wp-json\/wp\/v2\/users\/1"}],"replies":[{"embeddable":true,"href":"http:\/\/disseny-test.uoc.edu\/materials\/prod-digital\/wp-json\/wp\/v2\/comments?post=223"}],"version-history":[{"count":3,"href":"http:\/\/disseny-test.uoc.edu\/materials\/prod-digital\/wp-json\/wp\/v2\/pages\/223\/revisions"}],"predecessor-version":[{"id":902,"href":"http:\/\/disseny-test.uoc.edu\/materials\/prod-digital\/wp-json\/wp\/v2\/pages\/223\/revisions\/902"}],"wp:attachment":[{"href":"http:\/\/disseny-test.uoc.edu\/materials\/prod-digital\/wp-json\/wp\/v2\/media?parent=223"}],"curies":[{"name":"wp","href":"https:\/\/api.w.org\/{rel}","templated":true}]}}