{"id":227,"date":"2018-01-19T11:41:27","date_gmt":"2018-01-19T11:41:27","guid":{"rendered":"http:\/\/disseny-test.uoc.edu\/materials\/prod-digital\/?page_id=227"},"modified":"2018-01-19T13:20:22","modified_gmt":"2018-01-19T13:20:22","slug":"4-3-6-tiff","status":"publish","type":"page","link":"http:\/\/disseny-test.uoc.edu\/materials\/prod-digital\/4-3-6-tiff\/","title":{"rendered":"4.3.6. TIFF"},"content":{"rendered":"<p><a href=\"javascript:void(0);\" class=\"tooltip\" data-toggle=\"popover\" data-placement=\"bottom\" data-content=\"TIFF s\u00f3n les sigles de <em>Tagged Image File Format<\/em>, \u00e9s a dir, format de fitxer d\u2019imatge etiquetat.\" data-placement=\"top\" data-html=\"true\" ><strong>TIFF<\/strong><\/a> \u00e9s un format molt m\u00e9s recent que els anteriors, creat en 2009, en una \u00e8poca en qu\u00e8 els ordinadors ja disposaven de m\u00e9s capacitat de processament i d\u2019emmagatzematge. Actualment \u00e9s propietat de Tova.<\/p>\n<div class=\"featured featured-blue\"><p>TIFF \u00e9s un format molt flexible. Podem crear TIFF sense p\u00e8rdua o amb p\u00e8rdua, usant diversos algorismes, del JPEG al ZIP, i permet generar imatges de gran qualitat, amb colors molt m\u00e9s brillants i realistes que un JPEG, en permetre registrar tamb\u00e9 diferents intensitats en els p\u00edxels.<\/p>\n<\/div>\n<h4><strong>Quan usar TIFF?<\/strong><\/h4>\n<p>\u00c9s un format d\u2019alta qualitat, que permet treballar amb milions de colors i amb imatges molt similars a l\u2019original, o fins i tot sense p\u00e8rdua. \u00c9s ideal per a emmagatzemar les nostres fotos, projectes de disseny gr\u00e0fic, impressi\u00f3, etc.<\/p>\n<div class=\"featured featured-blue\"><p>No \u00e9s recomanable en projectes en qu\u00e8 la velocitat de lectura o el pes en bytes de la imatge siguin una q\u00fcesti\u00f3 rellevant, com un p\u00e0gina web, una aplicaci\u00f3 m\u00f2bil, etc., ja que s\u00f3n imatges molt m\u00e9s pesants que les descrites anteriorment, i per aix\u00f2 ocupen molt espai en disc i triguen m\u00e9s a carregar-se.<\/p>\n<\/div>\n","protected":false},"excerpt":{"rendered":"<p>\u00e9s un format molt m\u00e9s recent que els anteriors, creat en 2009, en una \u00e8poca en qu\u00e8 els ordinadors ja disposaven de m\u00e9s capacitat de processament i d\u2019emmagatzematge. Actualment \u00e9s propietat de Tova. Quan usar TIFF? \u00c9s un format d\u2019alta qualitat, que permet treballar amb milions de colors i amb imatges molt similars a l\u2019original, [&hellip;]<\/p>\n","protected":false},"author":1,"featured_media":0,"parent":0,"menu_order":0,"comment_status":"closed","ping_status":"closed","template":"","meta":{"inline_featured_image":false},"acf":[],"_links":{"self":[{"href":"http:\/\/disseny-test.uoc.edu\/materials\/prod-digital\/wp-json\/wp\/v2\/pages\/227"}],"collection":[{"href":"http:\/\/disseny-test.uoc.edu\/materials\/prod-digital\/wp-json\/wp\/v2\/pages"}],"about":[{"href":"http:\/\/disseny-test.uoc.edu\/materials\/prod-digital\/wp-json\/wp\/v2\/types\/page"}],"author":[{"embeddable":true,"href":"http:\/\/disseny-test.uoc.edu\/materials\/prod-digital\/wp-json\/wp\/v2\/users\/1"}],"replies":[{"embeddable":true,"href":"http:\/\/disseny-test.uoc.edu\/materials\/prod-digital\/wp-json\/wp\/v2\/comments?post=227"}],"version-history":[{"count":2,"href":"http:\/\/disseny-test.uoc.edu\/materials\/prod-digital\/wp-json\/wp\/v2\/pages\/227\/revisions"}],"predecessor-version":[{"id":301,"href":"http:\/\/disseny-test.uoc.edu\/materials\/prod-digital\/wp-json\/wp\/v2\/pages\/227\/revisions\/301"}],"wp:attachment":[{"href":"http:\/\/disseny-test.uoc.edu\/materials\/prod-digital\/wp-json\/wp\/v2\/media?parent=227"}],"curies":[{"name":"wp","href":"https:\/\/api.w.org\/{rel}","templated":true}]}}