{"id":239,"date":"2018-01-19T11:58:18","date_gmt":"2018-01-19T11:58:18","guid":{"rendered":"http:\/\/disseny-test.uoc.edu\/materials\/prod-digital\/?page_id=239"},"modified":"2018-01-19T11:58:18","modified_gmt":"2018-01-19T11:58:18","slug":"4-4-3-imatges-generades-via-ia","status":"publish","type":"page","link":"http:\/\/disseny-test.uoc.edu\/materials\/prod-digital\/4-4-3-imatges-generades-via-ia\/","title":{"rendered":"4.4.3. Imatges generades via IA"},"content":{"rendered":"<div class=\"featured featured-blue\"><p><strong>Deep Dream<\/strong> \u00e9s un algorisme generat per Google basat en xarxes neuronals avan\u00e7ades que es coneixen amb el terme general d\u2019<strong>aprenentatge profund<\/strong> o <strong><em>deep learning<\/em><\/strong>.<\/p>\n<\/div>\n<p>\u00c9s un resultat experimental a partir dels estudis desenvolupats per Google per aconseguir una IA que pugui recon\u00e8ixer el contingut d\u2019una imatge i etiquetar-la de manera satisfact\u00f2ria. Google va oferir el codi d\u2019aquests Sons Profunds en obert i diversos desenvolupadors han creat aplicacions per utilitzar-lo convertint les nostres fotos en estranys paisatges psicod\u00e8lics.<\/p>\n<p>\u00c9s possible descarregar-se el <a href=\"https:\/\/github.com\/google\/deepdream\" target=\"_blank\" rel=\"noopener\">codi original a Python<\/a> si es tenen nocions de programaci\u00f3.<\/p>\n<p><strong>Dreamscope<\/strong> permet pujar la imatge que vulguem i veure qu\u00e8 succeeix en aplicar-li l\u2019algorisme de <a href=\"https:\/\/dreamscopeapp.com\/deep-dream-generator\" target=\"_blank\" rel=\"noopener\">Deep Dream de Google<\/a>.<\/p>\n<p><a href=\"http:\/\/psychic-vr-lab.com\/deepdream\/\" target=\"_blank\" rel=\"noopener\"><strong>Psychic-VR-Lab<\/strong><\/a> ofereixen una eina similar amb una interf\u00edcie m\u00e9s tosca.<\/p>\n<p>Si preferiu treballar en l\u00ednia, <a href=\"https:\/\/71squared.com\/deepdreamer\" target=\"_blank\" rel=\"noopener\"><strong>Deep Dreamer<\/strong><\/a> per a OS X permet aplicar l\u2019algorisme de Google a les vostres imatges. L\u2019aplicaci\u00f3 permet tamb\u00e9 crear animacions basades en l\u2019algorisme. <strong>DreamDeeply<\/strong> \u00e9s la versi\u00f3 oficial de l\u2019algorisme de Deep Dream per a un m\u00f2bil Android. Tamb\u00e9 hi ha <strong>Dreamify<\/strong>, amb funcionalitats similars.<\/p>\n<p><a href=\"http:\/\/nightmare.mit.edu\/\" target=\"_blank\" rel=\"noopener\"><strong>Nightmares<\/strong><\/a>. Un equip d\u2019investigadors del MIT usen Deep Dream per a generar imatges terror\u00edfiques. Si visiteu la web podeu votar per les cares o paisatges que us resultin m\u00e9s terror\u00edfics i aix\u00ed ajudar la intel\u00b7lig\u00e8ncia artificial a aprendre com crear escenaris i rostres encara m\u00e9s paorosos.<\/p>\n<figure id=\"attachment_43\" aria-describedby=\"caption-attachment-43\" style=\"width: 640px\" class=\"wp-caption aligncenter\"><img loading=\"lazy\" class=\"alignnone size-full wp-image-43\" src=\"http:\/\/disseny-test.uoc.edu\/materials\/prod-digital\/wp-content\/uploads\/sites\/6\/2018\/01\/20015_024.jpg\" alt=\"Les Horribles Cernettes despr\u00e9s d'haver estat somiades per l'aplicaci\u00f3 Deep Dreamer\" width=\"640\" height=\"508\" srcset=\"http:\/\/disseny-test.uoc.edu\/materials\/prod-digital\/wp-content\/uploads\/sites\/6\/2018\/01\/20015_024.jpg 640w, http:\/\/disseny-test.uoc.edu\/materials\/prod-digital\/wp-content\/uploads\/sites\/6\/2018\/01\/20015_024-300x238.jpg 300w\" sizes=\"(max-width: 640px) 100vw, 640px\" \/><figcaption id=\"caption-attachment-43\" class=\"wp-caption-text\"><strong>Figura 24.<\/strong> Les Horribles Cernettes despr\u00e9s d&#8217;haver estat somiades per l&#8217;aplicaci\u00f3 Deep Dreamer<\/figcaption><\/figure>\n<p>&nbsp;<\/p>\n","protected":false},"excerpt":{"rendered":"<p>\u00c9s un resultat experimental a partir dels estudis desenvolupats per Google per aconseguir una IA que pugui recon\u00e8ixer el contingut d\u2019una imatge i etiquetar-la de manera satisfact\u00f2ria. Google va oferir el codi d\u2019aquests Sons Profunds en obert i diversos desenvolupadors han creat aplicacions per utilitzar-lo convertint les nostres fotos en estranys paisatges psicod\u00e8lics. \u00c9s possible [&hellip;]<\/p>\n","protected":false},"author":1,"featured_media":0,"parent":0,"menu_order":0,"comment_status":"closed","ping_status":"closed","template":"","meta":{"inline_featured_image":false},"acf":[],"_links":{"self":[{"href":"http:\/\/disseny-test.uoc.edu\/materials\/prod-digital\/wp-json\/wp\/v2\/pages\/239"}],"collection":[{"href":"http:\/\/disseny-test.uoc.edu\/materials\/prod-digital\/wp-json\/wp\/v2\/pages"}],"about":[{"href":"http:\/\/disseny-test.uoc.edu\/materials\/prod-digital\/wp-json\/wp\/v2\/types\/page"}],"author":[{"embeddable":true,"href":"http:\/\/disseny-test.uoc.edu\/materials\/prod-digital\/wp-json\/wp\/v2\/users\/1"}],"replies":[{"embeddable":true,"href":"http:\/\/disseny-test.uoc.edu\/materials\/prod-digital\/wp-json\/wp\/v2\/comments?post=239"}],"version-history":[{"count":1,"href":"http:\/\/disseny-test.uoc.edu\/materials\/prod-digital\/wp-json\/wp\/v2\/pages\/239\/revisions"}],"predecessor-version":[{"id":240,"href":"http:\/\/disseny-test.uoc.edu\/materials\/prod-digital\/wp-json\/wp\/v2\/pages\/239\/revisions\/240"}],"wp:attachment":[{"href":"http:\/\/disseny-test.uoc.edu\/materials\/prod-digital\/wp-json\/wp\/v2\/media?parent=239"}],"curies":[{"name":"wp","href":"https:\/\/api.w.org\/{rel}","templated":true}]}}