{"id":248,"date":"2018-01-19T12:48:49","date_gmt":"2018-01-19T12:48:49","guid":{"rendered":"http:\/\/disseny-test.uoc.edu\/materials\/prod-digital\/?page_id=248"},"modified":"2018-01-30T16:24:24","modified_gmt":"2018-01-30T16:24:24","slug":"4-6-eines-per-a-distribuir-imatges","status":"publish","type":"page","link":"http:\/\/disseny-test.uoc.edu\/materials\/prod-digital\/4-6-eines-per-a-distribuir-imatges\/","title":{"rendered":"4.6. Eines per a distribuir imatges"},"content":{"rendered":"<table>\n<tbody>\n<tr>\n<th width=\"20%\"><a href=\"http:\/\/www.flickr.com\" target=\"_blank\" rel=\"noopener\"><strong>Flickr<\/strong><\/a><\/th>\n<td width=\"80%\">Un dels m\u00e9s venerables repositoris de fotografies, amb milions d\u2019imatges de tot tipus de temes, classificades en un sistema de folksonomia que permet trobar coses tan detallades com fotografies de sortides de sol al mar en alta resoluci\u00f3 el color principal de les quals sigui el blau, entre altres milers de coses.<\/p>\n<p>Flickr va ser comprada per Yahoo i, en el moment d\u2019escriure aquestes l\u00ednies, ha passat a formar part del conglomerat de Verizon.<\/td>\n<\/tr>\n<tr>\n<th><a href=\"http:\/\/www.compfight.com\" target=\"_blank\" rel=\"noopener\"><strong>Compfight<\/strong><\/a><\/th>\n<td>Aquest cercador d\u2019imatges a Flickr permet filtrar per criteris de propietat intel\u00b7lectual, de manera que solament ens apareguin les fotos de Flickr amb llic\u00e8ncia Creative Commons, i aix\u00ed poder utilitzar imatges en el nostre projecte sense haver de preocupar-nos per problemes legals.<\/td>\n<\/tr>\n<tr>\n<th><strong>Google Images<\/strong><\/th>\n<td>Ja suposem que coneixeu Google Images, per\u00f2 voldr\u00edem fer un parell d\u2019observacions. \u00c9s important recordar que Google Images \u00e9s un cercador, no un repositori. \u00c9s a dir, el fet que Google localitzi una imatge no significa que pugueu utilitzar-la tranquil\u00b7lament en el vostre projecte de comunicaci\u00f3 transm\u00e8dia. Una vegada localitzada la imatge que creieu que anir\u00e0 b\u00e9 per al vostre projecte, assegureu-vos de visitar la p\u00e0gina original on est\u00e0 allotjada la imatge i comproveu que realment \u00e9s lliure de drets i podeu utilitzar-la sense problemes.<\/td>\n<\/tr>\n<tr>\n<th>\u00a0<a href=\"https:\/\/cloud.google.com\/vision\/?hl=es\" target=\"_blank\" rel=\"noopener\"><strong>Google Vision<\/strong><\/a><\/th>\n<td>\u00c9s una part dels serveis que Google ofereix en el n\u00favol: un poder\u00f3s sistema autom\u00e0tic d\u2019an\u00e0lisi basada en xarxes neuronals que examina de manera autom\u00e0tica un conjunt d\u2019imatges i les organitza segons conceptes. Pot ser \u00fatil si teniu un gran conjunt de fotografies i voleu ordenar-les de manera r\u00e0pida. En ser un sistema de IA, no espereu gaires subtileses: de vegades \u00e9s espectacularment bo a l\u2019hora d\u2019extreure informaci\u00f3 d\u2019una imatge, per\u00f2 tamb\u00e9 pot fallar estrepitosament.<\/p>\n<p>Necessita que us doneu d\u2019alta en el n\u00favol de Google i \u00e9s gratu\u00eft si no excediu un cert volum \u2014bastant gran\u2014 d\u2019imatges.<\/td>\n<\/tr>\n<tr>\n<th><a href=\"https:\/\/commons.wikimedia.org\/wiki\/main_page\" target=\"_blank\" rel=\"noopener\"><strong>Wikimedia Commons<\/strong><\/a><\/th>\n<td>Com haureu vist, algunes de les imatges utilitzades en aquest text \u2014com <em>Les Cernettes\u2014<\/em> provenen de la Wikipedia. \u00c9s una manera senzilla d\u2019assegurar-se que les imatges que estem utilitzant s\u00f3n realment lliures i no estem abusant de la propietat intel\u00b7lectual de ning\u00fa. Wikimedia Commons \u00e9s el nom del projecte que agrupa totes aquestes imatges lliures de drets per a usos no comercials. Podeu trobar imatges en diferents resolucions, i gr\u00e0cies al fet que formen part de l\u2019enciclop\u00e8dia digital \u00e9s f\u00e0cil localitzar la imatge que cerqueu.<\/td>\n<\/tr>\n<tr>\n<th><a href=\"https:\/\/archive.org\/details\/image\" target=\"_blank\" rel=\"noopener\"><strong>Archive.org<\/strong><\/a><\/th>\n<td>Archive.org \u00e9s un fascinant projecte d\u2019emmagatzematge de tot tipus de continguts multim\u00e8dia lliure de drets. Entre els diferents materials que ofereix trobareu un repositori amb m\u00e9s d\u2019un mili\u00f3 i mig d\u2019imatges classificades en diferents conceptes per a facilitar la localitzaci\u00f3 de l\u2019element que busqueu.<\/p>\n<p>Un dels elements m\u00e9s interessants d\u2019aquest arxiu s\u00f3n les seves col\u00b7leccions. Aix\u00ed, podreu trobar-hi unes 200.000 imatges de l\u2019arxiu de la NASA lliures de drets, m\u00e9s de 140.000 fotografies pertanyents al Metropolitan Museum of Art, etc.<\/td>\n<\/tr>\n<tr>\n<th><strong>Google Fotos<\/strong><\/th>\n<td>En aquests temps en qu\u00e8 portem c\u00e0meres digitals tot el dia a la butxaca amb el format de tel\u00e8fon intel\u00b7ligent, produ\u00efm tantes fotos que \u00e9s complex emmagatzemar-les i els nostres discos durs acaben carregats fins al l\u00edmit. Una alternativa \u00e9s emmagatzemar-les en el n\u00favol. Una de les maneres m\u00e9s senzilles de fer-ho \u00e9s utilitzar Google Fotos. Amb un parell de clics, els tel\u00e8fons amb sistema operatiu Android poden fer c\u00f2pies autom\u00e0tiques de totes les fotos que fem amb el tel\u00e8fon intel\u00b7ligent en el n\u00favol de Google, i hi ha un programari equivalent per a iOS.<\/p>\n<p>Com que \u00e9s un producte de Google, \u00e9s simple d\u2019usar, t\u00e9 tot tipus d\u2019avantatges \u2014crear \u00e0lbums i compartir-los via correu electr\u00f2nic, fer cerques per lloc, data, etc.\u2014, i ofereix algunes de les caracter\u00edstiques de Google Vision per a buscar imatges pel contingut.<\/p>\n<p>\u00c9s dif\u00edcil no sentir de vegades una mica d\u2019inquietud per la manera en qu\u00e8 Google pot extreure informaci\u00f3 de la nostra vida mitjan\u00e7ant les nostres fotografies.<\/td>\n<\/tr>\n<tr>\n<th><a href=\"http:\/\/piwigo.org\/\" target=\"_blank\" rel=\"noopener\"><strong>Piwigo<\/strong><\/a><\/th>\n<td>\u00c9s l\u2019alternativa en codi obert, lliure, per a tenir el nostre repositori de fotos a la xarxa. Podem instal\u00b7lar aquest programari en el nostre servidor i pujar amb tota tranquil\u00b7litat les nostres fotos a la web per a poder accedir-hi des de qualsevol lloc. Permet etiquetar al nostre gust les fotos, crear arbres de classificaci\u00f3 sense l\u00edmit de profunditat, i ofereix controls de privadesa per a decidir qui pot veure les nostres fotos i qui no. Si no voleu complicar-vos la vida instal\u00b7lant programari, Piwigo ofereix el seu servei d\u2019allotjament per a un nombre il\u00b7limitat de fotografies per uns 3 \u20ac al mes, i podeu provar-lo gratu\u00eftament durant un mes.<\/td>\n<\/tr>\n<\/tbody>\n<\/table>\n","protected":false},"excerpt":{"rendered":"<p>Flickr Un dels m\u00e9s venerables repositoris de fotografies, amb milions d\u2019imatges de tot tipus de temes, classificades en un sistema de folksonomia que permet trobar coses tan detallades com fotografies de sortides de sol al mar en alta resoluci\u00f3 el color principal de les quals sigui el blau, entre altres milers de coses. Flickr va [&hellip;]<\/p>\n","protected":false},"author":1,"featured_media":0,"parent":0,"menu_order":0,"comment_status":"closed","ping_status":"closed","template":"","meta":{"inline_featured_image":false},"acf":[],"_links":{"self":[{"href":"http:\/\/disseny-test.uoc.edu\/materials\/prod-digital\/wp-json\/wp\/v2\/pages\/248"}],"collection":[{"href":"http:\/\/disseny-test.uoc.edu\/materials\/prod-digital\/wp-json\/wp\/v2\/pages"}],"about":[{"href":"http:\/\/disseny-test.uoc.edu\/materials\/prod-digital\/wp-json\/wp\/v2\/types\/page"}],"author":[{"embeddable":true,"href":"http:\/\/disseny-test.uoc.edu\/materials\/prod-digital\/wp-json\/wp\/v2\/users\/1"}],"replies":[{"embeddable":true,"href":"http:\/\/disseny-test.uoc.edu\/materials\/prod-digital\/wp-json\/wp\/v2\/comments?post=248"}],"version-history":[{"count":5,"href":"http:\/\/disseny-test.uoc.edu\/materials\/prod-digital\/wp-json\/wp\/v2\/pages\/248\/revisions"}],"predecessor-version":[{"id":926,"href":"http:\/\/disseny-test.uoc.edu\/materials\/prod-digital\/wp-json\/wp\/v2\/pages\/248\/revisions\/926"}],"wp:attachment":[{"href":"http:\/\/disseny-test.uoc.edu\/materials\/prod-digital\/wp-json\/wp\/v2\/media?parent=248"}],"curies":[{"name":"wp","href":"https:\/\/api.w.org\/{rel}","templated":true}]}}