{"id":252,"date":"2018-01-19T12:55:11","date_gmt":"2018-01-19T12:55:11","guid":{"rendered":"http:\/\/disseny-test.uoc.edu\/materials\/prod-digital\/?page_id=252"},"modified":"2018-01-19T12:55:11","modified_gmt":"2018-01-19T12:55:11","slug":"4-7-2-questions-argumentatives","status":"publish","type":"page","link":"http:\/\/disseny-test.uoc.edu\/materials\/prod-digital\/4-7-2-questions-argumentatives\/","title":{"rendered":"4.7.2. Q\u00fcestions argumentatives"},"content":{"rendered":"<div class=\"featured featured-blue\"><p>Si volem transmetre alguna dada per a conv\u00e8ncer el nostre p\u00fablic d\u2019una determinada posici\u00f3 (cient\u00edfica, filos\u00f2fica, social, pol\u00edtica, etc.), els gr\u00e0fics, diagrames i infografies s\u00f3n les millors eines per a aconseguir-ho.<\/p>\n<\/div>\n<ul>\n<li>Tal com expliquem en la secci\u00f3 de formats, l\u2019ideal \u00e9s presentar els nostres gr\u00e0fics en format PNG, ja que amb 256 colors en tenim prou i massa per a crear un gr\u00e0fic. De fet, m\u00e9s colors podrien portar a confusi\u00f3.<\/li>\n<li>Si aquest gr\u00e0fic ha d\u2019incloure algun tipus de moviment o animaci\u00f3, ser\u00e0 millor utilitzar un GIF, ja que les animacions via GIF s\u00f3n m\u00e9s compatibles.<\/li>\n<li>Si es tracta d\u2019un diagrama o esquema molt complex, que requereix anar fent zooms per a examinar una part concreta del diagrama, l\u2019ideal \u00e9s utilitzar SVG, que permet fer aquest tipus de maniobres sense perdre qualitat en la imatge.<\/li>\n<\/ul>\n<p>La quantitat de tipus de gr\u00e0fics, diagrames i infografies \u00e9s pr\u00e0cticament infinita, i hi ha excel\u00b7lents recursos a internet per a endinsar-nos-hi. A manera d\u2019exemple, considerem els gr\u00e0fics m\u00e9s est\u00e0ndards per a representar i comparar magnituds num\u00e8riques: el gr\u00e0fic circular, el gr\u00e0fic lineal, el gr\u00e0fic de barres i el gr\u00e0fic de dispersi\u00f3.<\/p>\n<p>Usarem un <strong>gr\u00e0fic circular<\/strong> quan vulguem mostrar quantitats relatives, amb difer\u00e8ncies importants, que en total sumin 100%, com la distribuci\u00f3 de vots en unes eleccions o una enquesta.<\/p>\n<figure id=\"attachment_44\" aria-describedby=\"caption-attachment-44\" style=\"width: 747px\" class=\"wp-caption aligncenter\"><img loading=\"lazy\" class=\"alignnone size-full wp-image-44\" src=\"http:\/\/disseny-test.uoc.edu\/materials\/prod-digital\/wp-content\/uploads\/sites\/6\/2018\/01\/20015_025.jpg\" alt=\"Distribuci\u00f3 de la poblaci\u00f3 mundial\" width=\"747\" height=\"719\" srcset=\"http:\/\/disseny-test.uoc.edu\/materials\/prod-digital\/wp-content\/uploads\/sites\/6\/2018\/01\/20015_025.jpg 747w, http:\/\/disseny-test.uoc.edu\/materials\/prod-digital\/wp-content\/uploads\/sites\/6\/2018\/01\/20015_025-300x289.jpg 300w\" sizes=\"(max-width: 747px) 100vw, 747px\" \/><figcaption id=\"caption-attachment-44\" class=\"wp-caption-text\"><strong>Figura 25.<\/strong> Distribuci\u00f3 de la poblaci\u00f3 mundial<br \/>Font: Wikimedia Commons<\/figcaption><\/figure>\n<p>Un <strong>gr\u00e0fic lineal<\/strong> \u00e9s l\u2019eina perfecta quan volem presentar com dues magnituds es relacionen entre elles, com la velocitat d\u2019un objecte en caiguda lliure en funci\u00f3 del temps. En un gr\u00e0fic lineal la magnitud en l\u2019eix de les <em>X<\/em> ha de ser cont\u00ednua (el temps en el nostre exemple) perqu\u00e8 el gr\u00e0fic tingui sentit.<\/p>\n<figure id=\"attachment_45\" aria-describedby=\"caption-attachment-45\" style=\"width: 611px\" class=\"wp-caption aligncenter\"><img loading=\"lazy\" class=\"alignnone size-full wp-image-45\" src=\"http:\/\/disseny-test.uoc.edu\/materials\/prod-digital\/wp-content\/uploads\/sites\/6\/2018\/01\/20015_026.jpg\" alt=\"Com canvien els ingressos i les despeses del Govern federal dels Estats Units d'Am\u00e8rica en el temps\" width=\"611\" height=\"359\" srcset=\"http:\/\/disseny-test.uoc.edu\/materials\/prod-digital\/wp-content\/uploads\/sites\/6\/2018\/01\/20015_026.jpg 611w, http:\/\/disseny-test.uoc.edu\/materials\/prod-digital\/wp-content\/uploads\/sites\/6\/2018\/01\/20015_026-300x176.jpg 300w\" sizes=\"(max-width: 611px) 100vw, 611px\" \/><figcaption id=\"caption-attachment-45\" class=\"wp-caption-text\"><strong>Figura 26.<\/strong> Com canvien els ingressos i les despeses del Govern federal dels Estats Units d&#8217;Am\u00e8rica en el temps<br \/>Font: Wikimedia Commons<\/figcaption><\/figure>\n<p>Un <strong>gr\u00e0fic de barres<\/strong> vol mostrar difer\u00e8ncies entre punts i valors espec\u00edfics i no hi ha magnituds cont\u00ednues. Un gr\u00e0fic de barres ens ajuda, per exemple, a veure com ha canviat el suport a un partit electoral en diferents eleccions.<\/p>\n<figure id=\"attachment_46\" aria-describedby=\"caption-attachment-46\" style=\"width: 576px\" class=\"wp-caption aligncenter\"><img loading=\"lazy\" class=\"alignnone size-full wp-image-46\" src=\"http:\/\/disseny-test.uoc.edu\/materials\/prod-digital\/wp-content\/uploads\/sites\/6\/2018\/01\/20015_027.jpg\" alt=\"Comparativa dels resultats de les eleccions europees en 1999 i en 2004\" width=\"576\" height=\"399\" srcset=\"http:\/\/disseny-test.uoc.edu\/materials\/prod-digital\/wp-content\/uploads\/sites\/6\/2018\/01\/20015_027.jpg 576w, http:\/\/disseny-test.uoc.edu\/materials\/prod-digital\/wp-content\/uploads\/sites\/6\/2018\/01\/20015_027-300x208.jpg 300w\" sizes=\"(max-width: 576px) 100vw, 576px\" \/><figcaption id=\"caption-attachment-46\" class=\"wp-caption-text\"><strong>Figura 27.<\/strong> Comparativa dels resultats de les eleccions europees en 1999 i en 2004<br \/>Font: Wikimedia Commons<\/figcaption><\/figure>\n<p>Un <strong>gr\u00e0fic de dispersi\u00f3<\/strong> ens permet donar una impressi\u00f3 general de la relaci\u00f3 entre dues variables quan cap de les dues magnituds no \u00e9s cont\u00ednua o b\u00e9 la relaci\u00f3 no \u00e9s lineal. Encara que un pot generar gr\u00e0fics de dispersi\u00f3 per a moltes variables, no recomanar\u00edem usar-lo per a m\u00e9s de dues variables si ens dirigim a un p\u00fablic general.<\/p>\n<figure id=\"attachment_47\" aria-describedby=\"caption-attachment-47\" style=\"width: 513px\" class=\"wp-caption aligncenter\"><img loading=\"lazy\" class=\"alignnone size-full wp-image-47\" src=\"http:\/\/disseny-test.uoc.edu\/materials\/prod-digital\/wp-content\/uploads\/sites\/6\/2018\/01\/20015_028.jpg\" alt=\"El temps d'espera entre les erupcions i la durada de l'erupci\u00f3 del gu\u00e8iser Old Faithful al Parc Nacional de Yellowstone\" width=\"513\" height=\"493\" srcset=\"http:\/\/disseny-test.uoc.edu\/materials\/prod-digital\/wp-content\/uploads\/sites\/6\/2018\/01\/20015_028.jpg 513w, http:\/\/disseny-test.uoc.edu\/materials\/prod-digital\/wp-content\/uploads\/sites\/6\/2018\/01\/20015_028-300x288.jpg 300w\" sizes=\"(max-width: 513px) 100vw, 513px\" \/><figcaption id=\"caption-attachment-47\" class=\"wp-caption-text\"><strong>Figura 28.<\/strong> El temps d&#8217;espera entre les erupcions i la durada de l&#8217;erupci\u00f3 del gu\u00e8iser Old Faithful al Parc Nacional de Yellowstone. Aquest gr\u00e0fic suggereix que en general hi ha dos tipus d&#8217;erupcions: una de curta espera i curta durada i una altra de llarga espera i llarga durada<br \/>Font: Wikimedia Commons<\/figcaption><\/figure>\n","protected":false},"excerpt":{"rendered":"<p>Tal com expliquem en la secci\u00f3 de formats, l\u2019ideal \u00e9s presentar els nostres gr\u00e0fics en format PNG, ja que amb 256 colors en tenim prou i massa per a crear un gr\u00e0fic. De fet, m\u00e9s colors podrien portar a confusi\u00f3. Si aquest gr\u00e0fic ha d\u2019incloure algun tipus de moviment o animaci\u00f3, ser\u00e0 millor utilitzar un [&hellip;]<\/p>\n","protected":false},"author":1,"featured_media":0,"parent":0,"menu_order":0,"comment_status":"closed","ping_status":"closed","template":"","meta":{"inline_featured_image":false},"acf":[],"_links":{"self":[{"href":"http:\/\/disseny-test.uoc.edu\/materials\/prod-digital\/wp-json\/wp\/v2\/pages\/252"}],"collection":[{"href":"http:\/\/disseny-test.uoc.edu\/materials\/prod-digital\/wp-json\/wp\/v2\/pages"}],"about":[{"href":"http:\/\/disseny-test.uoc.edu\/materials\/prod-digital\/wp-json\/wp\/v2\/types\/page"}],"author":[{"embeddable":true,"href":"http:\/\/disseny-test.uoc.edu\/materials\/prod-digital\/wp-json\/wp\/v2\/users\/1"}],"replies":[{"embeddable":true,"href":"http:\/\/disseny-test.uoc.edu\/materials\/prod-digital\/wp-json\/wp\/v2\/comments?post=252"}],"version-history":[{"count":1,"href":"http:\/\/disseny-test.uoc.edu\/materials\/prod-digital\/wp-json\/wp\/v2\/pages\/252\/revisions"}],"predecessor-version":[{"id":253,"href":"http:\/\/disseny-test.uoc.edu\/materials\/prod-digital\/wp-json\/wp\/v2\/pages\/252\/revisions\/253"}],"wp:attachment":[{"href":"http:\/\/disseny-test.uoc.edu\/materials\/prod-digital\/wp-json\/wp\/v2\/media?parent=252"}],"curies":[{"name":"wp","href":"https:\/\/api.w.org\/{rel}","templated":true}]}}