{"id":256,"date":"2018-01-19T12:57:44","date_gmt":"2018-01-19T12:57:44","guid":{"rendered":"http:\/\/disseny-test.uoc.edu\/materials\/prod-digital\/?page_id=256"},"modified":"2018-01-22T18:54:42","modified_gmt":"2018-01-22T18:54:42","slug":"4-7-4-questions-estetiques","status":"publish","type":"page","link":"http:\/\/disseny-test.uoc.edu\/materials\/prod-digital\/4-7-4-questions-estetiques\/","title":{"rendered":"4.7.4. Q\u00fcestions est\u00e8tiques"},"content":{"rendered":"<p>Amb quina freq\u00fc\u00e8ncia i en quins llocs col\u00b7loquem les imatges \u00e9s tamb\u00e9 una q\u00fcesti\u00f3 rellevant. De nou, no \u00e9s aqu\u00ed el lloc per a fer un curs de disseny gr\u00e0fic, per\u00f2 ens agradaria apuntar simplement la import\u00e0ncia d\u2019all\u00f2 que els psic\u00f2legs denominen <strong>rep\u00f2s cognitiu<\/strong>, \u00e9s a dir, la necessitat de detenir una exposici\u00f3 textual o conceptual amb una imatge perqu\u00e8 el lector pugui descansar breument, processar el que ja ha llegit i despr\u00e9s continuar avan\u00e7ant.<\/p>\n<p>Els formats s\u00f3n molt rellevants a l\u2019hora d\u2019establir l\u2019efecte est\u00e8tic final del nostre projecte transm\u00e8dia. Encara que la nostra selecci\u00f3 d\u2019imatges hagi estat impecable i la connexi\u00f3 entre conceptes i imatges merit\u00f2ria, si despr\u00e9s les imatges apareixen distorsionades, amb artefactes creats per l\u2019algorisme que impedeixen fer-se una idea coherent de qu\u00e8 va la imatge o amb colors falsos que li donen un aspecte rid\u00edcul, haurem fallat en el nostre proc\u00e9s de comunicaci\u00f3.<\/p>\n<p>D\u2019aqu\u00ed la import\u00e0ncia, una vegada seleccionada la imatge i decidit en quin mitj\u00e0 apareixer\u00e0, d\u2019escollir el format correcte seguint les indicacions que hem desenvolupat en l\u2019apartat\u00a0 <a href=\"http:\/\/disseny-test.uoc.edu\/materials\/prod-digital\/4-3-1-tipus-dimatge-en-un-entorn-digital\/\" target=\"_blank\" rel=\"noopener\">4.3 \u00abFormats d\u2019imatge\u00bb<\/a>.<\/p>\n","protected":false},"excerpt":{"rendered":"<p>Amb quina freq\u00fc\u00e8ncia i en quins llocs col\u00b7loquem les imatges \u00e9s tamb\u00e9 una q\u00fcesti\u00f3 rellevant. De nou, no \u00e9s aqu\u00ed el lloc per a fer un curs de disseny gr\u00e0fic, per\u00f2 ens agradaria apuntar simplement la import\u00e0ncia d\u2019all\u00f2 que els psic\u00f2legs denominen rep\u00f2s cognitiu, \u00e9s a dir, la necessitat de detenir una exposici\u00f3 textual o [&hellip;]<\/p>\n","protected":false},"author":1,"featured_media":0,"parent":0,"menu_order":0,"comment_status":"closed","ping_status":"closed","template":"","meta":{"inline_featured_image":false},"acf":[],"_links":{"self":[{"href":"http:\/\/disseny-test.uoc.edu\/materials\/prod-digital\/wp-json\/wp\/v2\/pages\/256"}],"collection":[{"href":"http:\/\/disseny-test.uoc.edu\/materials\/prod-digital\/wp-json\/wp\/v2\/pages"}],"about":[{"href":"http:\/\/disseny-test.uoc.edu\/materials\/prod-digital\/wp-json\/wp\/v2\/types\/page"}],"author":[{"embeddable":true,"href":"http:\/\/disseny-test.uoc.edu\/materials\/prod-digital\/wp-json\/wp\/v2\/users\/1"}],"replies":[{"embeddable":true,"href":"http:\/\/disseny-test.uoc.edu\/materials\/prod-digital\/wp-json\/wp\/v2\/comments?post=256"}],"version-history":[{"count":2,"href":"http:\/\/disseny-test.uoc.edu\/materials\/prod-digital\/wp-json\/wp\/v2\/pages\/256\/revisions"}],"predecessor-version":[{"id":573,"href":"http:\/\/disseny-test.uoc.edu\/materials\/prod-digital\/wp-json\/wp\/v2\/pages\/256\/revisions\/573"}],"wp:attachment":[{"href":"http:\/\/disseny-test.uoc.edu\/materials\/prod-digital\/wp-json\/wp\/v2\/media?parent=256"}],"curies":[{"name":"wp","href":"https:\/\/api.w.org\/{rel}","templated":true}]}}