{"id":308,"date":"2018-01-19T13:30:44","date_gmt":"2018-01-19T13:30:44","guid":{"rendered":"http:\/\/disseny-test.uoc.edu\/materials\/prod-digital\/?page_id=308"},"modified":"2018-01-22T18:57:19","modified_gmt":"2018-01-22T18:57:19","slug":"5-2-1-introduccio","status":"publish","type":"page","link":"http:\/\/disseny-test.uoc.edu\/materials\/prod-digital\/5-2-1-introduccio\/","title":{"rendered":"5.2.1. Introducci\u00f3"},"content":{"rendered":"<p>Tal com explic\u00e0vem en parlar dels formats d\u2019imatge, podem trobar \u00e0udio sense comprimir i comprimit. L\u2019\u00e0udio comprimit pot apar\u00e8ixer tamb\u00e9 sense p\u00e8rdua \u2014la qualitat de l\u2019\u00e0udio original no desapareix\u2014 o amb p\u00e8rdua \u2014se sacrifiquen freq\u00fc\u00e8ncies o dades per disposar d\u2019un fitxer m\u00e9s lleuger i m\u00e9s f\u00e0cil de carregar. No hi ha un equivalent a la paleta de colors, per\u00f2 s\u00ed trobem recursos obtinguts des de la psicologia de la percepci\u00f3 i l\u2019enginyeria per a eliminar els tons i freq\u00fc\u00e8ncies que no s\u00f3n perceptibles per l\u2019o\u00efda humana i, per tant, poden sacrificar-se sense perdre informaci\u00f3 rellevant de l\u2019\u00e0udio original, encara que, \u00e9s clar, hi ha tot un debat de mel\u00f2mans i audi\u00f2fils sobre si realment aquestes t\u00e8cniques de compressi\u00f3 no redueixen la qualitat de l\u2019\u00e0udio original.<\/p>\n<p>Una bona part dels formats que apareixen a continuaci\u00f3 es descriuen com c\u00f2decs.<\/p>\n<div class=\"featured featured-blue\"><p>Un <strong>c\u00f2dec<\/strong> \u00e9s un fragment de programari que indica com cal codificar un senyal d\u2019\u00e0udio o v\u00eddeo i com descodificar-la perqu\u00e8 l\u2019ordinador la pugui mostrar a l\u2019usuari.<\/p>\n<\/div>\n<p>Per a m\u00e9s informaci\u00f3 sobre c\u00f2decs: <a href=\"http:\/\/disseny-test.uoc.edu\/materials\/prod-digital\/6-3-3-codecs-de-video-mes-comuns\/\" target=\"_blank\" rel=\"noopener\">6.3.3 \u00abC\u00f2decs de v\u00eddeo m\u00e9s comuns\u00bb<\/a><\/p>\n","protected":false},"excerpt":{"rendered":"<p>Tal com explic\u00e0vem en parlar dels formats d\u2019imatge, podem trobar \u00e0udio sense comprimir i comprimit. L\u2019\u00e0udio comprimit pot apar\u00e8ixer tamb\u00e9 sense p\u00e8rdua \u2014la qualitat de l\u2019\u00e0udio original no desapareix\u2014 o amb p\u00e8rdua \u2014se sacrifiquen freq\u00fc\u00e8ncies o dades per disposar d\u2019un fitxer m\u00e9s lleuger i m\u00e9s f\u00e0cil de carregar. No hi ha un equivalent a la [&hellip;]<\/p>\n","protected":false},"author":1,"featured_media":0,"parent":0,"menu_order":0,"comment_status":"closed","ping_status":"closed","template":"","meta":{"inline_featured_image":false},"acf":[],"_links":{"self":[{"href":"http:\/\/disseny-test.uoc.edu\/materials\/prod-digital\/wp-json\/wp\/v2\/pages\/308"}],"collection":[{"href":"http:\/\/disseny-test.uoc.edu\/materials\/prod-digital\/wp-json\/wp\/v2\/pages"}],"about":[{"href":"http:\/\/disseny-test.uoc.edu\/materials\/prod-digital\/wp-json\/wp\/v2\/types\/page"}],"author":[{"embeddable":true,"href":"http:\/\/disseny-test.uoc.edu\/materials\/prod-digital\/wp-json\/wp\/v2\/users\/1"}],"replies":[{"embeddable":true,"href":"http:\/\/disseny-test.uoc.edu\/materials\/prod-digital\/wp-json\/wp\/v2\/comments?post=308"}],"version-history":[{"count":2,"href":"http:\/\/disseny-test.uoc.edu\/materials\/prod-digital\/wp-json\/wp\/v2\/pages\/308\/revisions"}],"predecessor-version":[{"id":574,"href":"http:\/\/disseny-test.uoc.edu\/materials\/prod-digital\/wp-json\/wp\/v2\/pages\/308\/revisions\/574"}],"wp:attachment":[{"href":"http:\/\/disseny-test.uoc.edu\/materials\/prod-digital\/wp-json\/wp\/v2\/media?parent=308"}],"curies":[{"name":"wp","href":"https:\/\/api.w.org\/{rel}","templated":true}]}}