{"id":331,"date":"2018-01-19T13:52:56","date_gmt":"2018-01-19T13:52:56","guid":{"rendered":"http:\/\/disseny-test.uoc.edu\/materials\/prod-digital\/?page_id=331"},"modified":"2018-01-19T13:52:56","modified_gmt":"2018-01-19T13:52:56","slug":"5-3-1-recursos-sobre-enregistrament-i-edicio-digital","status":"publish","type":"page","link":"http:\/\/disseny-test.uoc.edu\/materials\/prod-digital\/5-3-1-recursos-sobre-enregistrament-i-edicio-digital\/","title":{"rendered":"5.3.1. Recursos sobre enregistrament i edici\u00f3 digital"},"content":{"rendered":"<p>Gravar una can\u00e7\u00f3 o aconseguir una representaci\u00f3 realista de sons de la naturalesa \u00e9s una tasca professional que requereix una bona dosi\u00a0 de pr\u00e0ctica i est\u00e0 fora dels objectius d\u2019aquest curs. Aix\u00f2 no significa que no pugueu generar el vostre propi \u00e0udio amb objectius concrets, i hi ha excel\u00b7lents recursos en la web.<\/p>\n<p>La nostra recomanaci\u00f3 \u00e9s el programa <a href=\"http:\/\/audacity.es\/\" target=\"_blank\" rel=\"noopener\"><strong>Audacity<\/strong><\/a>, que permet tant gravar com editar \u00e0udio. \u00c9s gratu\u00eft, molt f\u00e0cil d\u2019usar i intu\u00eftiu i funciona en totes les plataformes. Hi ha una multitud de tutorials per a utilitzar Audacity. Aqu\u00ed us n\u2019hem seleccionat un parell:<\/p>\n<ul>\n<li><a href=\"http:\/\/mosaic.uoc.edu\/2010\/03\/04\/guia-de-aprendizaje-de-audacity\/\" target=\"_blank\" rel=\"noopener\"><strong>Tutorial Audacity en pdf<\/strong><\/a>. Aquest tutorial de Carles Ca\u00f1o permet con\u00e8ixer les caracter\u00edstiques principals d&#8217;Audacity a trav\u00e9s d&#8217;un conjunt d&#8217;activitats curtes especificades en format pdf.<\/li>\n<li><a href=\"https:\/\/www.lifestylealcuadrado.com\/tutorial-de-audacity-en-espanol-el-programa-edicion-audio\/\" target=\"_blank\" rel=\"noopener\"><strong>Tutorial Audacity<\/strong><\/a>. Aquest tutorial de Frank Scipion (en castell\u00e0) explica de manera senzilla per\u00f2 molt pr\u00e0ctica com utilitzar Audacity per a crear el nostre propi podcast.<\/li>\n<li><a href=\"https:\/\/www.youtube.com\/watch?v=iltsahkg0s8\" target=\"_blank\" rel=\"noopener\"><strong>Tutorial Audacity en v\u00eddeo. Curs intensiu d\u2019edici\u00f3 en \u00e0udio<\/strong><\/a>. Aquest tutorial en v\u00eddeo combina diverses lli\u00e7ons del professor Saafigueroa, en qu\u00e8 explica amb detall tots els passos de l\u2019edici\u00f3 en \u00e0udio utilitzant el programa Audacity.<\/li>\n<li><a href=\"https:\/\/www.thepodcasthost.com\/academy\/courses\/\" target=\"_blank\" rel=\"noopener\"><strong>Podcast Host Academy<\/strong><\/a>. En aquesta web (en angl\u00e8s) trobareu una s\u00e8rie de tutorials molt detallats sobre com gravar podcasts utilitzant Audacity. Detalla tamb\u00e9 com combinar-lo amb diferents tipus de maquinari, inclou una guia sobre com fer una entrevista, etc.<\/li>\n<li><a href=\"https:\/\/www.youtube.com\/playlist?list=ply3kijohvdl1epxruzeqqjqu1v9szwqnl\" target=\"_blank\" rel=\"noopener\"><strong>Using Audacity to create amazing podcasts &amp; audio recordings<\/strong><\/a>. Aquest canal de YouTube ofereix set v\u00eddeos detallats amb tot el proc\u00e9s de gravar i editar \u00e0udio amb Audacity. Est\u00e0 orientat al desenvolupament de podcasts, per\u00f2 serveix tamb\u00e9 per a qualsevol altre tipus de projecte d\u2019\u00e0udio.<\/li>\n<\/ul>\n","protected":false},"excerpt":{"rendered":"<p>Gravar una can\u00e7\u00f3 o aconseguir una representaci\u00f3 realista de sons de la naturalesa \u00e9s una tasca professional que requereix una bona dosi\u00a0 de pr\u00e0ctica i est\u00e0 fora dels objectius d\u2019aquest curs. Aix\u00f2 no significa que no pugueu generar el vostre propi \u00e0udio amb objectius concrets, i hi ha excel\u00b7lents recursos en la web. La nostra [&hellip;]<\/p>\n","protected":false},"author":1,"featured_media":0,"parent":0,"menu_order":0,"comment_status":"closed","ping_status":"closed","template":"","meta":{"inline_featured_image":false},"acf":[],"_links":{"self":[{"href":"http:\/\/disseny-test.uoc.edu\/materials\/prod-digital\/wp-json\/wp\/v2\/pages\/331"}],"collection":[{"href":"http:\/\/disseny-test.uoc.edu\/materials\/prod-digital\/wp-json\/wp\/v2\/pages"}],"about":[{"href":"http:\/\/disseny-test.uoc.edu\/materials\/prod-digital\/wp-json\/wp\/v2\/types\/page"}],"author":[{"embeddable":true,"href":"http:\/\/disseny-test.uoc.edu\/materials\/prod-digital\/wp-json\/wp\/v2\/users\/1"}],"replies":[{"embeddable":true,"href":"http:\/\/disseny-test.uoc.edu\/materials\/prod-digital\/wp-json\/wp\/v2\/comments?post=331"}],"version-history":[{"count":1,"href":"http:\/\/disseny-test.uoc.edu\/materials\/prod-digital\/wp-json\/wp\/v2\/pages\/331\/revisions"}],"predecessor-version":[{"id":332,"href":"http:\/\/disseny-test.uoc.edu\/materials\/prod-digital\/wp-json\/wp\/v2\/pages\/331\/revisions\/332"}],"wp:attachment":[{"href":"http:\/\/disseny-test.uoc.edu\/materials\/prod-digital\/wp-json\/wp\/v2\/media?parent=331"}],"curies":[{"name":"wp","href":"https:\/\/api.w.org\/{rel}","templated":true}]}}