{"id":357,"date":"2018-01-19T14:18:31","date_gmt":"2018-01-19T14:18:31","guid":{"rendered":"http:\/\/disseny-test.uoc.edu\/materials\/prod-digital\/?page_id=357"},"modified":"2018-01-19T14:18:31","modified_gmt":"2018-01-19T14:18:31","slug":"5-5-6-quant-hauria-de-durar-un-podcast","status":"publish","type":"page","link":"http:\/\/disseny-test.uoc.edu\/materials\/prod-digital\/5-5-6-quant-hauria-de-durar-un-podcast\/","title":{"rendered":"5.5.6. Quant hauria de durar un podcast?"},"content":{"rendered":"<p>Evidentment, no hi ha regles matem\u00e0tiques per a calcular la durada d\u2019un podcast, per\u00f2 hi ha unes quantes recomanacions que val la pena tenir en compte.<\/p>\n<p>Escoltar un podcast \u00e9s una acci\u00f3 deliberada, diferent de l\u2019<em>scroll<\/em> malalt\u00eds que es fa a Facebook i Twitter per buscar alguna cosa \u00abnova\u00bb. Un decideix escoltar un podcast perqu\u00e8 t\u00e9 temps o perqu\u00e8 est\u00e0 en un per\u00edode d\u2019activitat for\u00e7osa \u2014conduint o en transport p\u00fablic o estirat a la platja sense ganes de banyar-se\u2014 i ha decidit dedicar aquest temps a escoltar el vostre podcast.<\/p>\n<p>Aix\u00ed, no t\u00e9 sentit generar podcasts de dos minuts. Els podcasts que s\u2019anuncien com a \u00abcurts\u00bb no duren normalment menys de quinze minuts, i una bona part dels podcasts d\u2019\u00e8xit que un troba a iTunes poden durar una hora.<\/p>\n<div class=\"featured featured-blue\"><p>Els experts diuen que, en general, una durada entre 20 i 45 minuts \u00e9s ideal per a un podcast, per\u00f2, com sempre, haureu de pensar qu\u00e8 voleu transmetre, quin \u00e9s el vostre p\u00fablic i en quin mitj\u00e0 us moureu.<\/p>\n<\/div>\n<p>Ja que parlem de temps, una altra q\u00fcesti\u00f3 t\u00edpica \u00e9s cada quan hauria de publicar un episodi. Si examinem amb detall el m\u00f3n dels podcasts veurem que la norma \u00e9s una actualitzaci\u00f3 setmanal. Si publiquem un podcast cada dia, ens arrisquem a saturar a la nostra audi\u00e8ncia \u2014recordem el que hem dit abans, que escoltar un podcast \u00e9s una acci\u00f3 deliberada, no un acte compulsiu com mirar v\u00eddeos de gats a YouTube. Si solament publiquem un podcast al mes, el m\u00e9s f\u00e0cil \u00e9s que la nostra audi\u00e8ncia s\u2019oblidi de nosaltres i es dirigeixin a altres propostes m\u00e9s estables.<\/p>\n<p>No obstant aix\u00f2, una proposta que est\u00e0 guanyant popularitat \u00faltimament i que funciona com a alternativa al podcast setmanal \u00e9s el de la <strong>temporada<\/strong>. Segons aquest concepte, el que fem \u00e9s pensar 4, 6, 10 podcasts sobre un tema com\u00fa i pujar-los alhora o en intervals molt seguits, com si fossin una temporada d\u2019una s\u00e8rie de Netflix o HBO. Despr\u00e9s podem descansar un parell de mesos perqu\u00e8 la nostra audi\u00e8ncia vagi escoltant els podcasts al seu ritme, i passats aquests dos mesos en publiquem una nova temporada. Triar entre una mec\u00e0nica i una altra dependr\u00e0 del tipus de contingut que vulgueu generar \u2014certes tem\u00e0tiques s\u00f3n m\u00e9s \u00abserialitzables\u00bb que d\u2019altres\u2014 i la vostra disponibilitat.<\/p>\n","protected":false},"excerpt":{"rendered":"<p>Evidentment, no hi ha regles matem\u00e0tiques per a calcular la durada d\u2019un podcast, per\u00f2 hi ha unes quantes recomanacions que val la pena tenir en compte. Escoltar un podcast \u00e9s una acci\u00f3 deliberada, diferent de l\u2019scroll malalt\u00eds que es fa a Facebook i Twitter per buscar alguna cosa \u00abnova\u00bb. Un decideix escoltar un podcast perqu\u00e8 [&hellip;]<\/p>\n","protected":false},"author":1,"featured_media":0,"parent":0,"menu_order":0,"comment_status":"closed","ping_status":"closed","template":"","meta":{"inline_featured_image":false},"acf":[],"_links":{"self":[{"href":"http:\/\/disseny-test.uoc.edu\/materials\/prod-digital\/wp-json\/wp\/v2\/pages\/357"}],"collection":[{"href":"http:\/\/disseny-test.uoc.edu\/materials\/prod-digital\/wp-json\/wp\/v2\/pages"}],"about":[{"href":"http:\/\/disseny-test.uoc.edu\/materials\/prod-digital\/wp-json\/wp\/v2\/types\/page"}],"author":[{"embeddable":true,"href":"http:\/\/disseny-test.uoc.edu\/materials\/prod-digital\/wp-json\/wp\/v2\/users\/1"}],"replies":[{"embeddable":true,"href":"http:\/\/disseny-test.uoc.edu\/materials\/prod-digital\/wp-json\/wp\/v2\/comments?post=357"}],"version-history":[{"count":1,"href":"http:\/\/disseny-test.uoc.edu\/materials\/prod-digital\/wp-json\/wp\/v2\/pages\/357\/revisions"}],"predecessor-version":[{"id":358,"href":"http:\/\/disseny-test.uoc.edu\/materials\/prod-digital\/wp-json\/wp\/v2\/pages\/357\/revisions\/358"}],"wp:attachment":[{"href":"http:\/\/disseny-test.uoc.edu\/materials\/prod-digital\/wp-json\/wp\/v2\/media?parent=357"}],"curies":[{"name":"wp","href":"https:\/\/api.w.org\/{rel}","templated":true}]}}