{"id":406,"date":"2018-01-19T20:19:51","date_gmt":"2018-01-19T20:19:51","guid":{"rendered":"http:\/\/disseny-test.uoc.edu\/materials\/prod-digital\/?page_id=406"},"modified":"2018-01-30T14:01:34","modified_gmt":"2018-01-30T14:01:34","slug":"6-2-4-el-financament-collectiu-pas-a-pas","status":"publish","type":"page","link":"http:\/\/disseny-test.uoc.edu\/materials\/prod-digital\/6-2-4-el-financament-collectiu-pas-a-pas\/","title":{"rendered":"6.2.4. El finan\u00e7ament col\u00b7lectiu pas a pas"},"content":{"rendered":"<p>En primer lloc, hem de dur a terme un acurat proc\u00e9s de planificaci\u00f3. Hem de pensar b\u00e9 en el tipus de projecte transm\u00e8dia que volem dur a terme, revisant tots els aspectes que hem esmentat en l\u2019apartat anterior: assegurar-nos que l\u2019equip seleccionat disposa de tots els coneixements i recursos necessaris, decidir a quina comunitat ens dirigirem, etc.<\/p>\n<div class=\"featured featured-blue\"><p>A l\u2019hora d\u2019escollir el nostre projecte, b\u00e0sicament necessitem trobar una intersecci\u00f3 entre nosaltres i la comunitat a qui ens dirigim.<\/p>\n<\/div>\n<p>D\u2019una banda, hem de <strong>trobar un tema, q\u00fcesti\u00f3, problema que apassioni una comunitat determinada<\/strong>. Si no hi ha un p\u00fablic interessat, el nostre projecte de finan\u00e7ament col\u00b7lectiu fracassar\u00e0. Per\u00f2, tret que sigueu uns professionals altament disciplinats, \u00e9s important que escolliu un projecte que us il\u00b7lusioni, que us faci goig. En cas contrari, l\u2019acabareu abandonant.<\/p>\n<div class=\"featured featured-grey\"><p>Un pot descobrir una comunitat de bojos per les orqu\u00eddies, disposats a pagar una bona quantitat per un interactiu sobre diferents esp\u00e8cies d\u2019orqu\u00eddies, el temps de floraci\u00f3, etc. Per\u00f2 si les orqu\u00eddies avorreixen mortalment aquesta persona, el m\u00e9s normal \u00e9s que abandoni el projecte despr\u00e9s de la fotografia n\u00famero 23.<\/p>\n<\/div>\n<p>Seguidament passem a definir les caracter\u00edstiques del nostre finan\u00e7ament col\u00b7lectiu: b\u00e0sicament, quants diners volem aconseguir?, quant temps estar\u00e0 activa la campanya?, i quins incentius oferirem al nostre p\u00fablic?<\/p>\n<h4><strong>Quants diners volem aconseguir?<\/strong><\/h4>\n<p>Aquesta pregunta \u00e9s diferent de quants diners necessitem, encara que sens dubte estan relacionades. Hem de fer una primera estimaci\u00f3 dels aspectes seg\u00fcents:<\/p>\n<ul>\n<li>A qui ens dirigim.<\/li>\n<li>Quin \u00e9s l\u2019inter\u00e8s que generar\u00e0 el nostre projecte.<\/li>\n<li>Quant estarien disposats a pagar en principi pel nostre projecte.<\/li>\n<li>A quantes persones podria interessar.<\/li>\n<\/ul>\n<div class=\"featured featured-blue\"><p>No oblideu incloure tots els costos del projecte.<\/p>\n<\/div>\n<p>Una bona manera d\u2019assegurar-se que no apareix una despesa sorpresa \u00e9s planificar cap enrere. \u00c9s a dir, situeu-vos en el moment final del projecte, en el qual l\u2019usuari encantat us envia un correu en qu\u00e8 us felicita, i reconstru\u00efu. Qu\u00e8 va passar abans? El client va rebre el projecte. Com el va rebre? Li devia haver arribat un paquet. Ooops! Em vaig oblidar d\u2019incloure les despeses d\u2019enviament\u2026 Seguiu aix\u00ed, reconstruint el proc\u00e9s cap enrere fins a arribar a la fase actual. Aix\u00ed podreu veure tots els passos que encara us falten i quins tenen un cost associat.<\/p>\n<p>I, insistim, no planifiqueu el projecte pensant que en cobrireu tots els costos. Considereu la vostra campanya de finan\u00e7ament col\u00b7lectiu com una subvenci\u00f3 parcial per a aconseguir el projecte que voleu. Si acaba essent un bon projecte que inspira la gent recuperareu amb escreix la vostra inversi\u00f3.<\/p>\n<p>En el seu llibre <em>Bold<\/em> Peter Diamandis i Steven Kotler proposen la f\u00f3rmula seg\u00fcent per a calcular l\u2019objectiu financer de la nostra campanya de finan\u00e7ament col\u00b7lectiu:<\/p>\n<blockquote><p>El m\u00ednim de diners necessaris per a poder engegar el projecte\u00a0 +<\/p>\n<p>un marge del 10% per a cobrir costos de plataforma i tarifes per a \u00fas de targetes de cr\u00e8dit\u00a0 +<\/p>\n<p>el cost de tots els incentius que produireu per a premiar els contribuents de la campanya<\/p><\/blockquote>\n<div class=\"blockquote-author\"><p>Peter Diamandis i Steven Kotler. <em>Bold<\/em><\/p>\n<\/div>\n<p>I aix\u00f2 us dona una primera estimaci\u00f3 b\u00e0sica del m\u00ednim necessari per a engegar el projecte.<\/p>\n<h4><strong>Quant temps estar\u00e0 activa la campanya?<\/strong><\/h4>\n<div class=\"featured featured-blue\"><p>El temps t\u00edpic d\u2019una campanya oscil\u00b7la entre 30 i 120 dies.<\/p>\n<\/div>\n<p>Segons la plataforma de finan\u00e7ament col\u00b7lectiu Indiegogo, les campanyes amb m\u00e9s \u00e8xit estan en la franja de 30-40 dies, per\u00f2 tampoc no es tracta de convertir aquest tema en matem\u00e0tica: fixem un temps raonable que ens permeti acabar el nostre projecte amb \u00e8xit i recaptar els diners necessaris i que al mateix temps sigui prou breu perqu\u00e8 el p\u00fablic interessat no s\u2019avorreixi esperant. Aquesta \u00e9s una altra de les raons per les quals tenir una mica avan\u00e7at un projecte de finan\u00e7ament col\u00b7lectiu \u00e9s tan important.<\/p>\n<h4><strong>Quins incentius oferirem al nostre p\u00fablic?<\/strong><\/h4>\n<p>Tret que el nostre objectiu sigui gorrejar la fam\u00edlia i els amics perqu\u00e8 financin el nostre projecte, el client ha d\u2019obtenir alguna cosa a canvi, i ha de ser alguna cosa que li interessi prou per a animar-se a pagar per endavant. Aqu\u00ed \u00e9s on els incentius tenen import\u00e0ncia.<\/p>\n<div class=\"featured featured-blue\"><p>Genereu diversos incentius amb diversos preus, i intenteu crear objectes i experi\u00e8ncies diferenciades, que facin sentir el vostre client especial.<\/p>\n<\/div>\n<p>Genereu algun tipus de jerarquia i feu que les difer\u00e8ncies de preu es corresponguin amb veritables valors afegits i no amb un simple \u00aba veure si piquen\u00bb. Hem d\u2019oferir alguna cosa aut\u00e8ntica, exclusiva, \u00fanica.<\/p>\n<p>Recordeu que a la gent en general li costa pagar molt per alguna cosa purament digital, aix\u00ed que assegureu-vos que les peticions m\u00e9s grans de finan\u00e7ament incloguin tamb\u00e9 algun objecte f\u00edsic o experi\u00e8ncia exclusiva que li faci sentir especial.<\/p>\n<p>Si teniu coneixements valuosos a oferir, una alternativa interessant \u00e9s incloure en els incentius trobades personalitzades en qu\u00e8 oferireu aquest coneixement expert i contestareu les preguntes concretes de qui ha sol\u00b7licitat aquest incentiu.<\/p>\n<p>Aix\u00ed, podem organitzar la nostra llista d\u2019incentius de manera progressiva, i en un extrem tindrem uns incentius purament digitals, que puguem produir de manera senzilla i sense costos de producci\u00f3 associats, pels quals puguem demanar molt poc, simplement per a atreure gent a la nostra comunitat i que donin a con\u00e8ixer el projecte. Kickstarter permet contribucions de fins i tot 1 $.<\/p>\n<p>En l\u2019altre extrem posarem all\u00f2 que cridi m\u00e9s l\u2019atenci\u00f3, alguna cosa realment especial, alguna cosa que sapiguem que per als veritables fans sigui especial. Un incentiu que funciona molt b\u00e9 \u00e9s una edici\u00f3 limitada del nostre producte en forma f\u00edsica. La gradaci\u00f3 de preus ha de tenir sentit: segons anem pujant oferirem coses m\u00e9s interessants i la pujada de preus hauria d\u2019anar associada a augmentar l\u2019inter\u00e8s, encara que, \u00e9s clar, \u00e9s una cosa molt subjectiva.<\/p>\n<p>\u00c9s important que els incentius m\u00e9s valuosos siguin presents en un nombre limitat. Si demanarem 500 \u20ac per un \u00edtem hi ha d\u2019haver molt pocs \u00edtems com aquest. Cal crear la sensaci\u00f3 d\u2019escassetat: hi ha molt pocs \u00edtems tan especials com aquest, i si us despisteu potser l\u2019adquirir\u00e0 alg\u00fa abans que vosaltres.<\/p>\n<p>Finalment, res no impedeix que hi afegiu noves recompenses segons es van acabant les que hav\u00edeu ofert al principi.<\/p>\n","protected":false},"excerpt":{"rendered":"<p>En primer lloc, hem de dur a terme un acurat proc\u00e9s de planificaci\u00f3. Hem de pensar b\u00e9 en el tipus de projecte transm\u00e8dia que volem dur a terme, revisant tots els aspectes que hem esmentat en l\u2019apartat anterior: assegurar-nos que l\u2019equip seleccionat disposa de tots els coneixements i recursos necessaris, decidir a quina comunitat ens [&hellip;]<\/p>\n","protected":false},"author":1,"featured_media":0,"parent":0,"menu_order":0,"comment_status":"closed","ping_status":"closed","template":"","meta":{"inline_featured_image":false},"acf":[],"_links":{"self":[{"href":"http:\/\/disseny-test.uoc.edu\/materials\/prod-digital\/wp-json\/wp\/v2\/pages\/406"}],"collection":[{"href":"http:\/\/disseny-test.uoc.edu\/materials\/prod-digital\/wp-json\/wp\/v2\/pages"}],"about":[{"href":"http:\/\/disseny-test.uoc.edu\/materials\/prod-digital\/wp-json\/wp\/v2\/types\/page"}],"author":[{"embeddable":true,"href":"http:\/\/disseny-test.uoc.edu\/materials\/prod-digital\/wp-json\/wp\/v2\/users\/1"}],"replies":[{"embeddable":true,"href":"http:\/\/disseny-test.uoc.edu\/materials\/prod-digital\/wp-json\/wp\/v2\/comments?post=406"}],"version-history":[{"count":2,"href":"http:\/\/disseny-test.uoc.edu\/materials\/prod-digital\/wp-json\/wp\/v2\/pages\/406\/revisions"}],"predecessor-version":[{"id":910,"href":"http:\/\/disseny-test.uoc.edu\/materials\/prod-digital\/wp-json\/wp\/v2\/pages\/406\/revisions\/910"}],"wp:attachment":[{"href":"http:\/\/disseny-test.uoc.edu\/materials\/prod-digital\/wp-json\/wp\/v2\/media?parent=406"}],"curies":[{"name":"wp","href":"https:\/\/api.w.org\/{rel}","templated":true}]}}