{"id":418,"date":"2018-01-19T20:52:42","date_gmt":"2018-01-19T20:52:42","guid":{"rendered":"http:\/\/disseny-test.uoc.edu\/materials\/prod-digital\/?page_id=418"},"modified":"2018-01-19T20:52:42","modified_gmt":"2018-01-19T20:52:42","slug":"6-3-4-resum-quin-format-hauria-dusar","status":"publish","type":"page","link":"http:\/\/disseny-test.uoc.edu\/materials\/prod-digital\/6-3-4-resum-quin-format-hauria-dusar\/","title":{"rendered":"6.3.4. Resum: quin format hauria d&#8217;usar?"},"content":{"rendered":"<p>A difer\u00e8ncia del que s\u2019ha explicat fins ara, aquesta vegada hem de dur a terme dues seleccions: de contenidor i de c\u00f2dec.<\/p>\n<p>Pel que fa al contenidor, podr\u00edem dir que les opcions m\u00e9s rellevants s\u00f3n MP4 i MKV. MKV \u00e9s obert mentre que MP4 \u00e9s propietari, per\u00f2 MP4 \u00e9s una plataforma m\u00e9s universal que MKV, encara que cada vegada m\u00e9s usuaris, per raons diverses, tenen els seus ordinadors preparats per a rebre\u2019l.<\/p>\n<p>D\u2019altra banda, visualitzar MKV esdev\u00e9 molt complex en maquinari dissenyat per evitar productes pirates, com l\u2019iPad, Apple TV o l\u2019Xbox 360, aix\u00ed que si pensem que el nostre material hauria de ser visualizable aqu\u00ed \u00e9s millor utilitzar MP4.<\/p>\n<p>Si teniu en el cap una distribuci\u00f3 comercial i us preocupa que la vostra obra caigui en mans de pirates, podeu optar per M4V (usuaris d\u2019Apple) o ASF (de Windows) per a poder incloure aix\u00ed algun tipus de DRM, encara que recordeu que totes aquestes proteccions poden ser desactivades finalment.<\/p>\n<p>Pel que fa al c\u00f2dec, l\u2019opci\u00f3 m\u00e9s segura \u00e9s H.264: ofereix una molt bona qualitat, una gran capacitat de compressi\u00f3, i la immensa majoria de maquinari est\u00e0 preparat per a llegir-lo. Si voleu treballar amb una qualitat superior, H.265 ser\u00e0 la vostra millor opci\u00f3, encara que podeu perdre usuaris que encara no disposin del c\u00f2dec. Les alternatives obertes X264 i X265, encara que no tan esteses, s\u00f3n la vostra alternativa en obert.<\/p>\n<p>Si esteu creant v\u00eddeo per a ser incl\u00f2s en una p\u00e0gina web en HTML 5, MP4 \u00e9s l\u2019\u00fanica opci\u00f3 que tots els navegadors accepten per defecte. WebM i Ogg s\u00f3n natius en Chrome, Firefox i Opera, per\u00f2 segurament necessitareu algun tipus de connector per a utilitzar-los en Safari o Internet Explorer.<\/p>\n","protected":false},"excerpt":{"rendered":"<p>A difer\u00e8ncia del que s\u2019ha explicat fins ara, aquesta vegada hem de dur a terme dues seleccions: de contenidor i de c\u00f2dec. Pel que fa al contenidor, podr\u00edem dir que les opcions m\u00e9s rellevants s\u00f3n MP4 i MKV. MKV \u00e9s obert mentre que MP4 \u00e9s propietari, per\u00f2 MP4 \u00e9s una plataforma m\u00e9s universal que MKV, [&hellip;]<\/p>\n","protected":false},"author":1,"featured_media":0,"parent":0,"menu_order":0,"comment_status":"closed","ping_status":"closed","template":"","meta":{"inline_featured_image":false},"acf":[],"_links":{"self":[{"href":"http:\/\/disseny-test.uoc.edu\/materials\/prod-digital\/wp-json\/wp\/v2\/pages\/418"}],"collection":[{"href":"http:\/\/disseny-test.uoc.edu\/materials\/prod-digital\/wp-json\/wp\/v2\/pages"}],"about":[{"href":"http:\/\/disseny-test.uoc.edu\/materials\/prod-digital\/wp-json\/wp\/v2\/types\/page"}],"author":[{"embeddable":true,"href":"http:\/\/disseny-test.uoc.edu\/materials\/prod-digital\/wp-json\/wp\/v2\/users\/1"}],"replies":[{"embeddable":true,"href":"http:\/\/disseny-test.uoc.edu\/materials\/prod-digital\/wp-json\/wp\/v2\/comments?post=418"}],"version-history":[{"count":1,"href":"http:\/\/disseny-test.uoc.edu\/materials\/prod-digital\/wp-json\/wp\/v2\/pages\/418\/revisions"}],"predecessor-version":[{"id":419,"href":"http:\/\/disseny-test.uoc.edu\/materials\/prod-digital\/wp-json\/wp\/v2\/pages\/418\/revisions\/419"}],"wp:attachment":[{"href":"http:\/\/disseny-test.uoc.edu\/materials\/prod-digital\/wp-json\/wp\/v2\/media?parent=418"}],"curies":[{"name":"wp","href":"https:\/\/api.w.org\/{rel}","templated":true}]}}