{"id":434,"date":"2018-01-19T21:06:59","date_gmt":"2018-01-19T21:06:59","guid":{"rendered":"http:\/\/disseny-test.uoc.edu\/materials\/prod-digital\/?page_id=434"},"modified":"2018-01-19T21:06:59","modified_gmt":"2018-01-19T21:06:59","slug":"6-7-1-introduccio","status":"publish","type":"page","link":"http:\/\/disseny-test.uoc.edu\/materials\/prod-digital\/6-7-1-introduccio\/","title":{"rendered":"6.7.1. Introducci\u00f3"},"content":{"rendered":"<p>La manera m\u00e9s comuna d\u2019utilitzar actualment un v\u00eddeo en un projecte transm\u00e8dia \u00e9s incrustant-lo en un altre mitj\u00e0, com un llibre electr\u00f2nic, un PDF o una presentaci\u00f3 PowerPoint, de manera que dedicarem les p\u00e0gines seg\u00fcents a donar alguns detalls t\u00e8cnics sobre com fer-ho en diferents plataformes.<\/p>\n","protected":false},"excerpt":{"rendered":"<p>La manera m\u00e9s comuna d\u2019utilitzar actualment un v\u00eddeo en un projecte transm\u00e8dia \u00e9s incrustant-lo en un altre mitj\u00e0, com un llibre electr\u00f2nic, un PDF o una presentaci\u00f3 PowerPoint, de manera que dedicarem les p\u00e0gines seg\u00fcents a donar alguns detalls t\u00e8cnics sobre com fer-ho en diferents plataformes.<\/p>\n","protected":false},"author":1,"featured_media":0,"parent":0,"menu_order":0,"comment_status":"closed","ping_status":"closed","template":"","meta":{"inline_featured_image":false},"acf":[],"_links":{"self":[{"href":"http:\/\/disseny-test.uoc.edu\/materials\/prod-digital\/wp-json\/wp\/v2\/pages\/434"}],"collection":[{"href":"http:\/\/disseny-test.uoc.edu\/materials\/prod-digital\/wp-json\/wp\/v2\/pages"}],"about":[{"href":"http:\/\/disseny-test.uoc.edu\/materials\/prod-digital\/wp-json\/wp\/v2\/types\/page"}],"author":[{"embeddable":true,"href":"http:\/\/disseny-test.uoc.edu\/materials\/prod-digital\/wp-json\/wp\/v2\/users\/1"}],"replies":[{"embeddable":true,"href":"http:\/\/disseny-test.uoc.edu\/materials\/prod-digital\/wp-json\/wp\/v2\/comments?post=434"}],"version-history":[{"count":1,"href":"http:\/\/disseny-test.uoc.edu\/materials\/prod-digital\/wp-json\/wp\/v2\/pages\/434\/revisions"}],"predecessor-version":[{"id":435,"href":"http:\/\/disseny-test.uoc.edu\/materials\/prod-digital\/wp-json\/wp\/v2\/pages\/434\/revisions\/435"}],"wp:attachment":[{"href":"http:\/\/disseny-test.uoc.edu\/materials\/prod-digital\/wp-json\/wp\/v2\/media?parent=434"}],"curies":[{"name":"wp","href":"https:\/\/api.w.org\/{rel}","templated":true}]}}