{"id":450,"date":"2018-01-19T21:21:06","date_gmt":"2018-01-19T21:21:06","guid":{"rendered":"http:\/\/disseny-test.uoc.edu\/materials\/prod-digital\/?page_id=450"},"modified":"2018-01-30T19:11:23","modified_gmt":"2018-01-30T19:11:23","slug":"6-8-3-les-llicencies-creative-commons","status":"publish","type":"page","link":"http:\/\/disseny-test.uoc.edu\/materials\/prod-digital\/6-8-3-les-llicencies-creative-commons\/","title":{"rendered":"6.8.3. Les llic\u00e8ncies Creative Commons"},"content":{"rendered":"<div class=\"featured featured-blue\"><p>Les llic\u00e8ncies Creative Commons s\u00f3n una alternativa al sistema de propietat tradicional dels mitjans de comunicaci\u00f3 comercials i donen molta m\u00e9s llibertat a l\u2019autor dels continguts a l\u2019hora de decidir qui pot descarregar el material i qu\u00e8 en pot fer una vegada descarregat.<\/p>\n<\/div>\n<p>No \u00e9s necessari fer cap acord especial amb Creative Commons per incloure alguna de les seves llic\u00e8ncies en els projectes. Simplement, associem el tipus de llic\u00e8ncia al nostre producte i l\u2019enviem a distribuci\u00f3.<\/p>\n<p>Aquestes s\u00f3n les llic\u00e8ncies t\u00edpiques de Creative Commons:<\/p>\n<table>\n<tbody>\n<tr>\n<th width=\"20%\">No copyright (CC0)<\/th>\n<td width=\"80%\">L\u2019autor ofereix el seu v\u00eddeo de manera lliure a qui el vulgui, sense cap cost, amb la possibilitat de modificar-lo i editar-lo sense problemes. No hi ha tampoc necessitat de citar l\u2019autor original. \u00c9s la llic\u00e8ncia d\u2019alg\u00fa molt gener\u00f3s, sens dubte.<\/td>\n<\/tr>\n<tr>\n<th>\u00a0Atribuci\u00f3 (CC BY)<\/th>\n<td>\u00a0L\u2019autor ofereix el seu v\u00eddeo de manera lliure per a ser distribu\u00eft, copiat, editat, etc., per\u00f2 cal incloure el nom de l\u2019autor originari en el resultat final. Si alg\u00fa en crea una nova versi\u00f3, si vol pot llicenciar el seu nou projecte de manera diferent (fins i tot des d\u2019un esquema cl\u00e0ssic de propietat intel\u00b7lectual), per\u00f2 sempre que citi l\u2019autor originari.<\/td>\n<\/tr>\n<tr>\n<th>Atribuci\u00f3 &#8211; Compartir<br \/>\nde la mateixa manera<br \/>\n(CC BY-SA)<\/th>\n<td>\u00a0Com en el cas anterior, podem copiar, distribuir i modificar el v\u00eddeo originari, per\u00f2 hem de respectar la llic\u00e8ncia original. \u00c9s a dir, el projecte que desenvolupem a partir del v\u00eddeo originari haur\u00e0 de ser tamb\u00e9 copiable, distribu\u00efble, modificable, etc. o el que h\u00e0gim especificat en la llic\u00e8ncia.<\/td>\n<\/tr>\n<tr>\n<th>\u00a0Atribuci\u00f3 &#8211; No derivs<br \/>\n(CC BY-ND)<\/th>\n<td><em>No-derivs<\/em> aqu\u00ed significa que no \u00e9s permesa obra derivada. Aix\u00ed, podem copiar i distribuir el material per\u00f2 no podem crear nova obra a partir d\u2019ell. Per exemple, si fos m\u00fasica, no podr\u00edem posar-la de fons en el v\u00eddeo que estem creant.<\/td>\n<\/tr>\n<tr>\n<th>\u00a0Atribuci\u00f3 &#8211; No comercial (CC BY-NC)<\/th>\n<td>\u00a0Podem crear nova obra a partir de l\u2019element originari sempre que citem a l\u2019autor i que els resultats siguin per a un \u00fas comercial. Aix\u00ed, podem incloure el fitxer de m\u00fasica en el nostre v\u00eddeo sempre que no pensem cobrar per ell.<\/td>\n<\/tr>\n<tr>\n<th>Atribuci\u00f3 &#8211; No comercial &#8211; Compartir de la mateixa manera (CC BY-NC-SA)<\/th>\n<td>\u00a0Podem crear nova obra sempre que citem l\u2019autor originari, sia amb finalitats no comercials, i el resultat final es distribueixi en les mateixes condicions que hem indicat en la llic\u00e8ncia original.<\/td>\n<\/tr>\n<tr>\n<th>Atribuci\u00f3 &#8211; No comercial &#8211; No derivs (CC BY-NC-ND)<\/th>\n<td>\u00c9s la llic\u00e8ncia m\u00e9s restrictiva de Creative Commons. No podem usar el material per a crear nova obra (cal esmentar-ne l\u2019autor), i no es poden crear projectes comercials amb ell.<\/td>\n<\/tr>\n<\/tbody>\n<\/table>\n<p class=\"Normalesp\"><span lang=\"CA\">Llicenciar la nostra proposta amb Creative Commons no \u00e9s una garantia que alg\u00fa no s\u2019apropi\u00ef del material que hem distribu\u00eft. Per\u00f2 \u00e9s una manera efica\u00e7 d\u2019especificar legalment en quines condicions estem oferint un producte. Reviseu els vostres objectius i quina \u00e9s la vostra visi\u00f3 de la propietat intel\u00b7lectual, i assegureu-vos d\u2019alliberar les vostres propostes i projectes en alguna d\u2019aquestes llic\u00e8ncies.<\/span><\/p>\n","protected":false},"excerpt":{"rendered":"<p>No \u00e9s necessari fer cap acord especial amb Creative Commons per incloure alguna de les seves llic\u00e8ncies en els projectes. Simplement, associem el tipus de llic\u00e8ncia al nostre producte i l\u2019enviem a distribuci\u00f3. Aquestes s\u00f3n les llic\u00e8ncies t\u00edpiques de Creative Commons: No copyright (CC0) L\u2019autor ofereix el seu v\u00eddeo de manera lliure a qui el [&hellip;]<\/p>\n","protected":false},"author":1,"featured_media":0,"parent":0,"menu_order":0,"comment_status":"closed","ping_status":"closed","template":"","meta":{"inline_featured_image":false},"acf":[],"_links":{"self":[{"href":"http:\/\/disseny-test.uoc.edu\/materials\/prod-digital\/wp-json\/wp\/v2\/pages\/450"}],"collection":[{"href":"http:\/\/disseny-test.uoc.edu\/materials\/prod-digital\/wp-json\/wp\/v2\/pages"}],"about":[{"href":"http:\/\/disseny-test.uoc.edu\/materials\/prod-digital\/wp-json\/wp\/v2\/types\/page"}],"author":[{"embeddable":true,"href":"http:\/\/disseny-test.uoc.edu\/materials\/prod-digital\/wp-json\/wp\/v2\/users\/1"}],"replies":[{"embeddable":true,"href":"http:\/\/disseny-test.uoc.edu\/materials\/prod-digital\/wp-json\/wp\/v2\/comments?post=450"}],"version-history":[{"count":2,"href":"http:\/\/disseny-test.uoc.edu\/materials\/prod-digital\/wp-json\/wp\/v2\/pages\/450\/revisions"}],"predecessor-version":[{"id":1131,"href":"http:\/\/disseny-test.uoc.edu\/materials\/prod-digital\/wp-json\/wp\/v2\/pages\/450\/revisions\/1131"}],"wp:attachment":[{"href":"http:\/\/disseny-test.uoc.edu\/materials\/prod-digital\/wp-json\/wp\/v2\/media?parent=450"}],"curies":[{"name":"wp","href":"https:\/\/api.w.org\/{rel}","templated":true}]}}