{"id":499,"date":"2018-01-22T12:40:36","date_gmt":"2018-01-22T12:40:36","guid":{"rendered":"http:\/\/disseny-test.uoc.edu\/materials\/prod-digital\/?page_id=499"},"modified":"2018-01-22T12:40:36","modified_gmt":"2018-01-22T12:40:36","slug":"7-2-1-introduccio","status":"publish","type":"page","link":"http:\/\/disseny-test.uoc.edu\/materials\/prod-digital\/7-2-1-introduccio\/","title":{"rendered":"7.2.1. Introducci\u00f3"},"content":{"rendered":"<p>Els models cl\u00e0ssics s\u00f3n els primers que s\u2019esdevenen en els nous entorns. \u00c9s a dir, si analitzem l\u2019origen de l\u2019entorn digital ens adonarem que les primeres accions comercials que s\u2019hi van fer foren reproduccions dels models cl\u00e0ssics adaptats a les eines digitals. Des de la compra de menjar a domicili fins a la venda de productes f\u00edsics via internet, l\u2019origen del comer\u00e7 digital gir\u00e0 a l\u2019entorn de la reinterpretaci\u00f3 dels models cl\u00e0ssics tenint en compte les noves eines digitals. En el cas del menjar a domicili es canvi\u00e0 el tel\u00e8fon per la p\u00e0gina web; en el cas de la venda de productes, la botiga f\u00edsica per la p\u00e0gina web i el transport a domicili, etc.<\/p>\n<div class=\"featured featured-blue\"><p>Els models cl\u00e0ssics de venda es digitalitzaren oferint els mateixos productes per\u00f2 amb canals de promoci\u00f3 i venda diferents.<\/p>\n<\/div>\n<p class=\"Normalesp\"><span lang=\"CA\">En el cas de la producci\u00f3 editorial digital, va passar exactament el mateix. En els primers estadis del comer\u00e7 digital, amb la creaci\u00f3 d\u2019Amazon al final dels anys noranta, per exemple, la venda de llibres en paper es despla\u00e7\u00e0 a poc a poc cap als mitjans digitals, que tot i que venien productes f\u00edsics ho feien en entorns diferents. \u00c9s quan apareixen nous objectes digitals, noves relectures dels models cl\u00e0ssics, que \u00e9s possible implementar nous models de negoci basats en caracter\u00edstiques i potencialitats t\u00e8cniques abans inexistents.<\/span><\/p>\n","protected":false},"excerpt":{"rendered":"<p>Els models cl\u00e0ssics s\u00f3n els primers que s\u2019esdevenen en els nous entorns. \u00c9s a dir, si analitzem l\u2019origen de l\u2019entorn digital ens adonarem que les primeres accions comercials que s\u2019hi van fer foren reproduccions dels models cl\u00e0ssics adaptats a les eines digitals. Des de la compra de menjar a domicili fins a la venda de [&hellip;]<\/p>\n","protected":false},"author":1,"featured_media":0,"parent":0,"menu_order":0,"comment_status":"closed","ping_status":"closed","template":"","meta":{"inline_featured_image":false},"acf":[],"_links":{"self":[{"href":"http:\/\/disseny-test.uoc.edu\/materials\/prod-digital\/wp-json\/wp\/v2\/pages\/499"}],"collection":[{"href":"http:\/\/disseny-test.uoc.edu\/materials\/prod-digital\/wp-json\/wp\/v2\/pages"}],"about":[{"href":"http:\/\/disseny-test.uoc.edu\/materials\/prod-digital\/wp-json\/wp\/v2\/types\/page"}],"author":[{"embeddable":true,"href":"http:\/\/disseny-test.uoc.edu\/materials\/prod-digital\/wp-json\/wp\/v2\/users\/1"}],"replies":[{"embeddable":true,"href":"http:\/\/disseny-test.uoc.edu\/materials\/prod-digital\/wp-json\/wp\/v2\/comments?post=499"}],"version-history":[{"count":1,"href":"http:\/\/disseny-test.uoc.edu\/materials\/prod-digital\/wp-json\/wp\/v2\/pages\/499\/revisions"}],"predecessor-version":[{"id":500,"href":"http:\/\/disseny-test.uoc.edu\/materials\/prod-digital\/wp-json\/wp\/v2\/pages\/499\/revisions\/500"}],"wp:attachment":[{"href":"http:\/\/disseny-test.uoc.edu\/materials\/prod-digital\/wp-json\/wp\/v2\/media?parent=499"}],"curies":[{"name":"wp","href":"https:\/\/api.w.org\/{rel}","templated":true}]}}