{"id":501,"date":"2018-01-22T12:47:10","date_gmt":"2018-01-22T12:47:10","guid":{"rendered":"http:\/\/disseny-test.uoc.edu\/materials\/prod-digital\/?page_id=501"},"modified":"2018-01-22T12:47:10","modified_gmt":"2018-01-22T12:47:10","slug":"7-2-2-venda-directa-dexemplars-individuals","status":"publish","type":"page","link":"http:\/\/disseny-test.uoc.edu\/materials\/prod-digital\/7-2-2-venda-directa-dexemplars-individuals\/","title":{"rendered":"7.2.2. Venda directa d&#8217;exemplars individuals"},"content":{"rendered":"<p>La venda directa d\u2019exemplars individuals \u00e9s encara el model protagonista per a les publicacions editorials digitals. Tot i l\u2019aparici\u00f3 de nous objectes com els llibres i les revistes digitals, aquests mantenen una gran part de les caracter\u00edstiques formals anal\u00f2giques, de manera que mantenen viu el model de venda per exemplar.<\/p>\n<div class=\"featured featured-blue\"><p>L\u2019<strong>exemplar<\/strong> continua essent una refer\u00e8ncia per a produir continguts i, si b\u00e9 en alguns sectors o \u00e0mbits \u00e9s f\u00e0cil que evolucioni cap a un nou mitj\u00e0, sembla molt dif\u00edcil imaginar la desaparici\u00f3 del concepte exemplar del panorama editorial.<\/p>\n<\/div>\n<p>Aix\u00f2 \u00e9s aix\u00ed perqu\u00e8, per definici\u00f3, la majoria de g\u00e8neres literaris, per exemple, necessiten el format exemplar per a mantenir el seu sentit. Una altra cosa s\u00f3n els models de venda o d\u2019acc\u00e9s a aquests exemplars que, de ben segur, evolucionaran.<\/p>\n<p>Aquest model \u00e9s una reproducci\u00f3 digital del proc\u00e9s comercial de compra d\u2019un producte en una botiga, un model que \u00e9s est\u00e0ndard per a tot tipus de productes, no solament els editorials. Accedim a un portal que ens ofereix un cat\u00e0leg digital dels seus productes, fem una selecci\u00f3 virtual i paguem tot seguit amb algun mitj\u00e0 de pagament digital (PayPal, etc.). En el cas dels llibres, per exemple, comprem un exemplar a un preu concret, que obtindrem immediatament en el cas dels exemplars digitals o rebrem a casa via missatgeria en el cas dels llibres en paper.<\/p>\n<figure id=\"attachment_48\" aria-describedby=\"caption-attachment-48\" style=\"width: 446px\" class=\"wp-caption aligncenter\"><img loading=\"lazy\" class=\"alignnone size-full wp-image-48\" src=\"http:\/\/disseny-test.uoc.edu\/materials\/prod-digital\/wp-content\/uploads\/sites\/6\/2018\/01\/20015_029.jpg\" alt=\"Circuit de venda d'exemplars\" width=\"446\" height=\"321\" srcset=\"http:\/\/disseny-test.uoc.edu\/materials\/prod-digital\/wp-content\/uploads\/sites\/6\/2018\/01\/20015_029.jpg 446w, http:\/\/disseny-test.uoc.edu\/materials\/prod-digital\/wp-content\/uploads\/sites\/6\/2018\/01\/20015_029-300x216.jpg 300w\" sizes=\"(max-width: 446px) 100vw, 446px\" \/><figcaption id=\"caption-attachment-48\" class=\"wp-caption-text\"><strong>Figura 29.<\/strong> Circuit de venda d&#8217;exemplars<\/figcaption><\/figure>\n<div class=\"featured featured-blue\"><p>En la <strong>venda per exemplar <\/strong>el model digital \u00e9s una reproducci\u00f3 directe del model comercial habitual de l\u2019entorn anal\u00f2gic usat encara en tot el teixit comercial (f\u00edsic).<\/p>\n<\/div>\n<p class=\"Normalesp\"><span lang=\"CA\">L\u2019exemple per excel\u00b7l\u00e8ncia d\u2019aquest model \u00e9s el portal Amazon, que encap\u00e7ala les vendes a escala internacional i que ofereix productes amb el model \u00abvenda per exemplar\u00bb. eBay o Ali Express s\u00f3n altres exemples de macroportals que usen aquest model de negoci per a distribuir productes de tot tipus; i, en el cas dels llibres digitals o les revistes, les alternatives de Google (Google Books i Google Quiosc) o d\u2019Apple (iBooks) s\u00f3n les m\u00e9s habituals. Ho veurem amb m\u00e9s detall en l\u2019apartat sobre plataformes de publicaci\u00f3 digitals.<\/span><\/p>\n","protected":false},"excerpt":{"rendered":"<p>La venda directa d\u2019exemplars individuals \u00e9s encara el model protagonista per a les publicacions editorials digitals. Tot i l\u2019aparici\u00f3 de nous objectes com els llibres i les revistes digitals, aquests mantenen una gran part de les caracter\u00edstiques formals anal\u00f2giques, de manera que mantenen viu el model de venda per exemplar. Aix\u00f2 \u00e9s aix\u00ed perqu\u00e8, per [&hellip;]<\/p>\n","protected":false},"author":1,"featured_media":0,"parent":0,"menu_order":0,"comment_status":"closed","ping_status":"closed","template":"","meta":{"inline_featured_image":false},"acf":[],"_links":{"self":[{"href":"http:\/\/disseny-test.uoc.edu\/materials\/prod-digital\/wp-json\/wp\/v2\/pages\/501"}],"collection":[{"href":"http:\/\/disseny-test.uoc.edu\/materials\/prod-digital\/wp-json\/wp\/v2\/pages"}],"about":[{"href":"http:\/\/disseny-test.uoc.edu\/materials\/prod-digital\/wp-json\/wp\/v2\/types\/page"}],"author":[{"embeddable":true,"href":"http:\/\/disseny-test.uoc.edu\/materials\/prod-digital\/wp-json\/wp\/v2\/users\/1"}],"replies":[{"embeddable":true,"href":"http:\/\/disseny-test.uoc.edu\/materials\/prod-digital\/wp-json\/wp\/v2\/comments?post=501"}],"version-history":[{"count":1,"href":"http:\/\/disseny-test.uoc.edu\/materials\/prod-digital\/wp-json\/wp\/v2\/pages\/501\/revisions"}],"predecessor-version":[{"id":502,"href":"http:\/\/disseny-test.uoc.edu\/materials\/prod-digital\/wp-json\/wp\/v2\/pages\/501\/revisions\/502"}],"wp:attachment":[{"href":"http:\/\/disseny-test.uoc.edu\/materials\/prod-digital\/wp-json\/wp\/v2\/media?parent=501"}],"curies":[{"name":"wp","href":"https:\/\/api.w.org\/{rel}","templated":true}]}}