{"id":507,"date":"2018-01-22T12:53:25","date_gmt":"2018-01-22T12:53:25","guid":{"rendered":"http:\/\/disseny-test.uoc.edu\/materials\/prod-digital\/?page_id=507"},"modified":"2018-01-22T12:53:25","modified_gmt":"2018-01-22T12:53:25","slug":"7-3-1-introduccio","status":"publish","type":"page","link":"http:\/\/disseny-test.uoc.edu\/materials\/prod-digital\/7-3-1-introduccio\/","title":{"rendered":"7.3.1. Introducci\u00f3"},"content":{"rendered":"<p>Pel que fa a aquest segon gran grup, els <strong>nous models digitals<\/strong>, hem de comentar que si b\u00e9 usem el terme <em>nou<\/em> aquest no implica que en molts casos les noves propostes tamb\u00e9 siguin relectures de models de negoci antics.<\/p>\n<p>El que passa en aquest cas \u00e9s que la transformaci\u00f3 \u00e9s m\u00e9s profunda i les noves propostes es creen en funci\u00f3 d\u2019unes condicions de possibilitat digitals, unes capacitats tecnol\u00f2giques, abans inexistents, i donen lloc a nous models en qu\u00e8 entren en joc conceptes digitals d\u2019implantaci\u00f3 recent.<\/p>\n","protected":false},"excerpt":{"rendered":"<p>Pel que fa a aquest segon gran grup, els nous models digitals, hem de comentar que si b\u00e9 usem el terme nou aquest no implica que en molts casos les noves propostes tamb\u00e9 siguin relectures de models de negoci antics. El que passa en aquest cas \u00e9s que la transformaci\u00f3 \u00e9s m\u00e9s profunda i les [&hellip;]<\/p>\n","protected":false},"author":1,"featured_media":0,"parent":0,"menu_order":0,"comment_status":"closed","ping_status":"closed","template":"","meta":{"inline_featured_image":false},"acf":[],"_links":{"self":[{"href":"http:\/\/disseny-test.uoc.edu\/materials\/prod-digital\/wp-json\/wp\/v2\/pages\/507"}],"collection":[{"href":"http:\/\/disseny-test.uoc.edu\/materials\/prod-digital\/wp-json\/wp\/v2\/pages"}],"about":[{"href":"http:\/\/disseny-test.uoc.edu\/materials\/prod-digital\/wp-json\/wp\/v2\/types\/page"}],"author":[{"embeddable":true,"href":"http:\/\/disseny-test.uoc.edu\/materials\/prod-digital\/wp-json\/wp\/v2\/users\/1"}],"replies":[{"embeddable":true,"href":"http:\/\/disseny-test.uoc.edu\/materials\/prod-digital\/wp-json\/wp\/v2\/comments?post=507"}],"version-history":[{"count":1,"href":"http:\/\/disseny-test.uoc.edu\/materials\/prod-digital\/wp-json\/wp\/v2\/pages\/507\/revisions"}],"predecessor-version":[{"id":508,"href":"http:\/\/disseny-test.uoc.edu\/materials\/prod-digital\/wp-json\/wp\/v2\/pages\/507\/revisions\/508"}],"wp:attachment":[{"href":"http:\/\/disseny-test.uoc.edu\/materials\/prod-digital\/wp-json\/wp\/v2\/media?parent=507"}],"curies":[{"name":"wp","href":"https:\/\/api.w.org\/{rel}","templated":true}]}}