{"id":509,"date":"2018-01-22T12:58:47","date_gmt":"2018-01-22T12:58:47","guid":{"rendered":"http:\/\/disseny-test.uoc.edu\/materials\/prod-digital\/?page_id=509"},"modified":"2018-01-22T18:11:55","modified_gmt":"2018-01-22T18:11:55","slug":"7-3-2-model-freemium","status":"publish","type":"page","link":"http:\/\/disseny-test.uoc.edu\/materials\/prod-digital\/7-3-2-model-freemium\/","title":{"rendered":"7.3.2. Model Freemium"},"content":{"rendered":"<div class=\"featured featured-blue\"><\/p>\n<p>El model <strong>Freemium<\/strong>, de relativa recent aparici\u00f3, \u00e9s aquell en qu\u00e8 s\u2019ofereix l\u2019acc\u00e9s a un contingut determinat (poden ser exemplars, poden ser cat\u00e0legs) de manera gratu\u00efta per\u00f2 amb certes limitacions. A banda d\u2019aix\u00f2, tamb\u00e9 s\u2019ofereix un acc\u00e9s total, sense restriccions, a canvi d\u2019un pagament puntual o recorrent, que assumir\u00e0 l\u2019usuari.<\/p>\n<p>El concepte <strong><em>freemium<\/em><\/strong>, que prov\u00e9 de la contracci\u00f3 de <em>free<\/em> i <em>premium<\/em>, \u00e9s de recent aparici\u00f3 (2006) i ha guanyat molt de pes com a estrat\u00e8gia comercial en el m\u00f3n dels videojocs, en qu\u00e8 cada cop trobem m\u00e9s t\u00edtols amb acc\u00e9s gratu\u00eft al joc per\u00f2 que ofereixen la possibilitat de fer micropagaments per a obtenir millores del personatge, ajudes per a la resoluci\u00f3, objectes virtuals, etc. Mentre que un jugador est\u00e0ndard podr\u00e0 jugar al joc, si hom pret\u00e9n treure\u2019n tot el partit o accedir a funcionalitats avan\u00e7ades haur\u00e0 d\u2019assumir un cost associat.<\/p>\n<p>\n<\/div>\n<p>Els usuaris que assumeixen un pagament per accedir al contingut s\u2019anomenen <strong>usuaris Premium<\/strong>.<\/p>\n<p>Una de les estrat\u00e8gies m\u00e9s habituals en l\u2019\u00fas d\u2019aquest model, relacionat amb els models publicitaris que present\u00e0vem en el punt anterior, \u00e9s oferir <strong>acc\u00e9s al contingut de manera gratu\u00efta als usuaris <em>free<\/em> afegint publicitat a les publicacions o serveis als quals accedeixen i oferint un model de pagament, Premium, en qu\u00e8 s\u2019elimina aquesta publicitat<\/strong>. En aquest tipus d\u2019estrat\u00e8gies \u00e9s molt important que l\u2019usuari que accedeix gratu\u00eftament no visqui una experi\u00e8ncia lectora insostenible per exc\u00e9s de publicitat o perqu\u00e8 aquesta sigui massa intrusiva.<\/p>\n<p>Un altra estrat\u00e8gia molt habitual \u00e9s <strong>oferir contingut extra als usuaris Premium al qual els usuaris <em>free<\/em> no tenen acc\u00e9s<\/strong>. Aquest procediment busca que l\u2019usuari provi el servei, accedeixi al contingut per a fer un tast i es decideixi a pagar per accedir a les funcionalitats <em>premium<\/em> del servei.<\/p>\n<p>Aquest model t\u00e9 diferents graus aplicables, i hi ha qui restringeix molt l\u2019acc\u00e9s o les possibilitats dels usuaris <em>free<\/em>, deixant la majoria de continguts interessants per als usuaris Premium, i ofereix altres opcions en qu\u00e8 l\u2019acc\u00e9s <em>free<\/em> \u00e9s gaireb\u00e9 total i els comptes Premium ofereixen funcionalitats realment extres o complement\u00e0ries. Si pretenem usar aquest tipus de models comercials, \u00e9s molt important que el contingut que oferim als usuaris <em>free<\/em> sigui realment de qualitat i amb prou entitat perqu\u00e8 el lector pugui valorar el producte i es vegi temptat a invertir diners en el pagament de l\u2019acc\u00e9s Premium.<\/p>\n<p>Aquest model t\u00e9 dues grans q\u00fcestions a tenir em compte que poden fer fracassar la iniciativa:<\/p>\n<ol>\n<li>Que l\u2019usuari no percebi que hi ha un valor afegit real en el model Premium i no vulgui fer el salt.<\/li>\n<li>Que l\u2019usuari, si l\u2019acc\u00e9s al contingut <em>free<\/em> \u00e9s massa limitat, no pugui valorar el contingut de pagament i per tant mostrar-hi inter\u00e8s.<\/li>\n<\/ol>\n<p>La majoria de portals que ofereixen acc\u00e9s al contingut per subscripci\u00f3, tamb\u00e9 usen aquesta estrat\u00e8gia comercial oferint una part del contingut de manera gratu\u00efta a l\u2019usuari per\u00f2 reservant una gran part del cat\u00e0leg per als usuaris de pagament. 24symbols, que present\u00e0vem com a model d\u2019acc\u00e9s per subscripci\u00f3, \u00e9s un exemple d\u2019aquest cas.<\/p>\n<div class=\"featured featured-grey\"><p>I si analitzem l\u2019entorn digital actual ens adonarem que \u00e9s ple d\u2019ofertes que es basen en aquest model. El sistema d\u2019emmagatzematge en el n\u00favol de Dropbox (o Google Drive) o de Spotify amb la m\u00fasica s\u00f3n alguns exemples de models en qu\u00e8 es pot accedir al servei de manera gratu\u00efta i, a posteriori, pagar una quota mensual per accedir a determinats avantatges, ampliar el cat\u00e0leg de productes accessibles, etc.<\/p>\n<\/div>\n<p>&nbsp;<\/p>\n","protected":false},"excerpt":{"rendered":"<p>Els usuaris que assumeixen un pagament per accedir al contingut s\u2019anomenen usuaris Premium. Una de les estrat\u00e8gies m\u00e9s habituals en l\u2019\u00fas d\u2019aquest model, relacionat amb els models publicitaris que present\u00e0vem en el punt anterior, \u00e9s oferir acc\u00e9s al contingut de manera gratu\u00efta als usuaris free afegint publicitat a les publicacions o serveis als quals accedeixen [&hellip;]<\/p>\n","protected":false},"author":1,"featured_media":0,"parent":0,"menu_order":0,"comment_status":"closed","ping_status":"closed","template":"","meta":{"inline_featured_image":false},"acf":[],"_links":{"self":[{"href":"http:\/\/disseny-test.uoc.edu\/materials\/prod-digital\/wp-json\/wp\/v2\/pages\/509"}],"collection":[{"href":"http:\/\/disseny-test.uoc.edu\/materials\/prod-digital\/wp-json\/wp\/v2\/pages"}],"about":[{"href":"http:\/\/disseny-test.uoc.edu\/materials\/prod-digital\/wp-json\/wp\/v2\/types\/page"}],"author":[{"embeddable":true,"href":"http:\/\/disseny-test.uoc.edu\/materials\/prod-digital\/wp-json\/wp\/v2\/users\/1"}],"replies":[{"embeddable":true,"href":"http:\/\/disseny-test.uoc.edu\/materials\/prod-digital\/wp-json\/wp\/v2\/comments?post=509"}],"version-history":[{"count":2,"href":"http:\/\/disseny-test.uoc.edu\/materials\/prod-digital\/wp-json\/wp\/v2\/pages\/509\/revisions"}],"predecessor-version":[{"id":560,"href":"http:\/\/disseny-test.uoc.edu\/materials\/prod-digital\/wp-json\/wp\/v2\/pages\/509\/revisions\/560"}],"wp:attachment":[{"href":"http:\/\/disseny-test.uoc.edu\/materials\/prod-digital\/wp-json\/wp\/v2\/media?parent=509"}],"curies":[{"name":"wp","href":"https:\/\/api.w.org\/{rel}","templated":true}]}}