{"id":519,"date":"2018-01-22T13:20:49","date_gmt":"2018-01-22T13:20:49","guid":{"rendered":"http:\/\/disseny-test.uoc.edu\/materials\/prod-digital\/?page_id=519"},"modified":"2018-01-22T13:20:49","modified_gmt":"2018-01-22T13:20:49","slug":"8-1-introduccio","status":"publish","type":"page","link":"http:\/\/disseny-test.uoc.edu\/materials\/prod-digital\/8-1-introduccio\/","title":{"rendered":"8.1. Introducci\u00f3"},"content":{"rendered":"<p>Al llarg dels apartats anteriors hem plantejat la depend\u00e8ncia que s\u2019estableix entre els formats en qu\u00e8 editem un contingut i les opcions de distribuci\u00f3 i comercialitzaci\u00f3 que tindrem disponibles. Hem definit tamb\u00e9 que alguns dels agents protagonistes del sector, si b\u00e9 ofereixen eines per a convertir el contingut al seu format propi, no acceptaran cap objecte digital que no estigui en el seu format i compleixi els requisits que les guies d\u2019estil ens demanen. Alhora, a mesura que defin\u00edem les particularitats dels formats i les diferents vies per a crear-los, ens hem adonat que del format que escollim per publicar un contingut en dependran les eines i els llenguatges que farem servir.<\/p>\n<p>Totes aquestes decisions que ja hem pres quan creem un objecte editorial digital determinaran les diferents opcions de publicaci\u00f3 a les quals podrem accedir. Al llarg dels diferents punts ja hem presentat la majoria de plataformes i eines existents per a la publicaci\u00f3 editorial digital, per\u00f2 ara volem mostrar-les agrupades i classificades en funci\u00f3 del tipus de continguts que admeten i els formats en qu\u00e8 \u00e9s possible publicar.<\/p>\n<p>Totes les opcions que presentem tenen a disposici\u00f3 dels usuaris guies, tutorials i un gran volum d\u2019informaci\u00f3 que ens ajuda a entendre les condicions del servei i els requisits t\u00e8cnics i procedimentals que cal complir, i per tant no entrarem a repetir aquesta informaci\u00f3, que \u00e9s f\u00e0cilment accessible per internet.<\/p>\n","protected":false},"excerpt":{"rendered":"<p>Al llarg dels apartats anteriors hem plantejat la depend\u00e8ncia que s\u2019estableix entre els formats en qu\u00e8 editem un contingut i les opcions de distribuci\u00f3 i comercialitzaci\u00f3 que tindrem disponibles. Hem definit tamb\u00e9 que alguns dels agents protagonistes del sector, si b\u00e9 ofereixen eines per a convertir el contingut al seu format propi, no acceptaran cap [&hellip;]<\/p>\n","protected":false},"author":1,"featured_media":0,"parent":0,"menu_order":0,"comment_status":"closed","ping_status":"closed","template":"","meta":{"inline_featured_image":false},"acf":[],"_links":{"self":[{"href":"http:\/\/disseny-test.uoc.edu\/materials\/prod-digital\/wp-json\/wp\/v2\/pages\/519"}],"collection":[{"href":"http:\/\/disseny-test.uoc.edu\/materials\/prod-digital\/wp-json\/wp\/v2\/pages"}],"about":[{"href":"http:\/\/disseny-test.uoc.edu\/materials\/prod-digital\/wp-json\/wp\/v2\/types\/page"}],"author":[{"embeddable":true,"href":"http:\/\/disseny-test.uoc.edu\/materials\/prod-digital\/wp-json\/wp\/v2\/users\/1"}],"replies":[{"embeddable":true,"href":"http:\/\/disseny-test.uoc.edu\/materials\/prod-digital\/wp-json\/wp\/v2\/comments?post=519"}],"version-history":[{"count":1,"href":"http:\/\/disseny-test.uoc.edu\/materials\/prod-digital\/wp-json\/wp\/v2\/pages\/519\/revisions"}],"predecessor-version":[{"id":520,"href":"http:\/\/disseny-test.uoc.edu\/materials\/prod-digital\/wp-json\/wp\/v2\/pages\/519\/revisions\/520"}],"wp:attachment":[{"href":"http:\/\/disseny-test.uoc.edu\/materials\/prod-digital\/wp-json\/wp\/v2\/media?parent=519"}],"curies":[{"name":"wp","href":"https:\/\/api.w.org\/{rel}","templated":true}]}}