{"id":525,"date":"2018-01-22T13:48:40","date_gmt":"2018-01-22T13:48:40","guid":{"rendered":"http:\/\/disseny-test.uoc.edu\/materials\/prod-digital\/?page_id=525"},"modified":"2018-01-22T19:27:55","modified_gmt":"2018-01-22T19:27:55","slug":"8-2-3-apple-ibooks-store","status":"publish","type":"page","link":"http:\/\/disseny-test.uoc.edu\/materials\/prod-digital\/8-2-3-apple-ibooks-store\/","title":{"rendered":"8.2.3. Apple iBooks Store"},"content":{"rendered":"<div class=\"featured featured-blue\"><p><strong>Apple Ibooks Store<\/strong> \u00e9s la proposta d\u2019Apple per a tot l\u2019ecosistema propi de l\u2019empresa, un ecosistema al qual nom\u00e9s podrem accedir si tenim un dispositiu d\u2019aquesta marca.<\/p>\n<\/div>\n<p>A difer\u00e8ncia dels altres agents del sector, en aquest cas la limitaci\u00f3 d\u2019acc\u00e9s per part dels usuaris \u00e9s for\u00e7a significativa, sobretot en mercats en qu\u00e8 l\u2019alt cos d\u2019aquests dispositius \u00e9s un fre evident per als lectors.<\/p>\n<h4><strong>Avantatges<\/strong><\/h4>\n<ul>\n<li>Apple \u00e9s el 2\/3 agent en la venda de llibres digitals per via del seu propi portal.<\/li>\n<li>Oferta d\u2019eines com iBooks Author, que, si usem l\u2019entorn d\u2019Apple per a editar, crear, vendre i llegir llibres, pot ser \u00fatil per a automatitzar processos i tenir acc\u00e9s a algunes funcionalitats avan\u00e7ades.<\/li>\n<li>Acceptaci\u00f3 del format EPUB.<\/li>\n<\/ul>\n<h4><strong>Inconvenients<\/strong><\/h4>\n<ul>\n<li>Ecosistema propi tant per al format com per a les aplicacions\/dispositius de lectura, cosa que condiciona l\u2019acc\u00e9s a un determinat tipus de p\u00fablic.<\/li>\n<li>Dificultats per a vendre multiformat.<\/li>\n<li><em>Condicions generals<\/em> que determinen la propietat i l\u2019edici\u00f3 del format dels llibres si usem l\u2019eina iBooks Author.<\/li>\n<li>Control per part de l\u2019empresa del contingut editat en el seu format. Restriccions t\u00e8cniques en l\u2019edici\u00f3 en iBooks Author.<\/li>\n<li>Marge de beneficis per al portal.<\/li>\n<\/ul>\n<p>M\u00e9s informaci\u00f3: <a href=\"http:\/\/disseny-test.uoc.edu\/materials\/prod-digital\/2-2-5-ibooks-author-format\/\" target=\"_blank\" rel=\"noopener\">2.2.5 \u00abiBooks Author Format\u00bb<\/a><\/p>\n","protected":false},"excerpt":{"rendered":"<p>A difer\u00e8ncia dels altres agents del sector, en aquest cas la limitaci\u00f3 d\u2019acc\u00e9s per part dels usuaris \u00e9s for\u00e7a significativa, sobretot en mercats en qu\u00e8 l\u2019alt cos d\u2019aquests dispositius \u00e9s un fre evident per als lectors. Avantatges Apple \u00e9s el 2\/3 agent en la venda de llibres digitals per via del seu propi portal. Oferta [&hellip;]<\/p>\n","protected":false},"author":1,"featured_media":0,"parent":0,"menu_order":0,"comment_status":"closed","ping_status":"closed","template":"","meta":{"inline_featured_image":false},"acf":[],"_links":{"self":[{"href":"http:\/\/disseny-test.uoc.edu\/materials\/prod-digital\/wp-json\/wp\/v2\/pages\/525"}],"collection":[{"href":"http:\/\/disseny-test.uoc.edu\/materials\/prod-digital\/wp-json\/wp\/v2\/pages"}],"about":[{"href":"http:\/\/disseny-test.uoc.edu\/materials\/prod-digital\/wp-json\/wp\/v2\/types\/page"}],"author":[{"embeddable":true,"href":"http:\/\/disseny-test.uoc.edu\/materials\/prod-digital\/wp-json\/wp\/v2\/users\/1"}],"replies":[{"embeddable":true,"href":"http:\/\/disseny-test.uoc.edu\/materials\/prod-digital\/wp-json\/wp\/v2\/comments?post=525"}],"version-history":[{"count":2,"href":"http:\/\/disseny-test.uoc.edu\/materials\/prod-digital\/wp-json\/wp\/v2\/pages\/525\/revisions"}],"predecessor-version":[{"id":588,"href":"http:\/\/disseny-test.uoc.edu\/materials\/prod-digital\/wp-json\/wp\/v2\/pages\/525\/revisions\/588"}],"wp:attachment":[{"href":"http:\/\/disseny-test.uoc.edu\/materials\/prod-digital\/wp-json\/wp\/v2\/media?parent=525"}],"curies":[{"name":"wp","href":"https:\/\/api.w.org\/{rel}","templated":true}]}}