{"id":531,"date":"2018-01-22T13:56:02","date_gmt":"2018-01-22T13:56:02","guid":{"rendered":"http:\/\/disseny-test.uoc.edu\/materials\/prod-digital\/?page_id=531"},"modified":"2018-01-22T13:56:02","modified_gmt":"2018-01-22T13:56:02","slug":"8-4-plataformes-per-a-publicar-i-vendre-continguts-i-documents-digitals-en-general","status":"publish","type":"page","link":"http:\/\/disseny-test.uoc.edu\/materials\/prod-digital\/8-4-plataformes-per-a-publicar-i-vendre-continguts-i-documents-digitals-en-general\/","title":{"rendered":"8.4. Plataformes per a publicar  i vendre continguts i documents digitals en general"},"content":{"rendered":"<div class=\"featured featured-blue\"><p><a href=\"https:\/\/payhip.com\/\" target=\"_blank\" rel=\"noopener\"><strong>Payhip<\/strong><\/a> \u00e9s un portal per a vendre qualsevol tipus de continguts digitals (subscripcions, llibres digitals, m\u00fasica, fotografies, cursos, etc.) i, per tant, \u00e9s una altra opci\u00f3 disponible per a publicar continguts editorials.<\/p>\n<\/div>\n<p class=\"Normalesp\"><span lang=\"CA\">La seva popularitat \u00e9s creixent i ens dona acc\u00e9s a un gran conjunt de compradors potencials.<\/span><\/p>\n<div class=\"featured featured-blue\"><p><a href=\"https:\/\/www.fiverr.com\" target=\"_blank\" rel=\"noopener\"><strong>Fiverr<\/strong><\/a> \u00e9s una opci\u00f3 similar que ens permet oferir un determinat producte i s\u2019encarrega de fer-nos arribar enc\u00e0rrecs de compradors potencials perqu\u00e8 puguem elaborar o personalitzar el producte.<\/p>\n<\/div>\n<p>Tamb\u00e9 t\u00e9 una audi\u00e8ncia internacional i de for\u00e7a abast. A m\u00e9s a m\u00e9s, s\u2019encarrega de gestionar els pagaments i de fer d\u2019intermediari entre el comprador i els creatius.<\/p>\n<h4><strong>Avantatges<\/strong><\/h4>\n<ul>\n<li>Tot i que restringida per unes <em>Condicions generals<\/em>, for\u00e7a llibertat a l\u2019hora de determinar el preu i les condicions de venda del producte.<\/li>\n<li>Grans audi\u00e8ncies de compradors potencials.<\/li>\n<li>Possibilitat de crear una marca pr\u00f2pia en el portal.<\/li>\n<\/ul>\n<h4><strong>Inconvenients<\/strong><\/h4>\n<ul>\n<li>Quota requerida per a vendre els productes.<\/li>\n<li>Acceptaci\u00f3 requerida de les condicions del servei quant a la tipologia de productes a vendre i les condicions comercials.<\/li>\n<\/ul>\n","protected":false},"excerpt":{"rendered":"<p>La seva popularitat \u00e9s creixent i ens dona acc\u00e9s a un gran conjunt de compradors potencials. Tamb\u00e9 t\u00e9 una audi\u00e8ncia internacional i de for\u00e7a abast. A m\u00e9s a m\u00e9s, s\u2019encarrega de gestionar els pagaments i de fer d\u2019intermediari entre el comprador i els creatius. Avantatges Tot i que restringida per unes Condicions generals, for\u00e7a llibertat [&hellip;]<\/p>\n","protected":false},"author":1,"featured_media":0,"parent":0,"menu_order":0,"comment_status":"closed","ping_status":"closed","template":"","meta":{"inline_featured_image":false},"acf":[],"_links":{"self":[{"href":"http:\/\/disseny-test.uoc.edu\/materials\/prod-digital\/wp-json\/wp\/v2\/pages\/531"}],"collection":[{"href":"http:\/\/disseny-test.uoc.edu\/materials\/prod-digital\/wp-json\/wp\/v2\/pages"}],"about":[{"href":"http:\/\/disseny-test.uoc.edu\/materials\/prod-digital\/wp-json\/wp\/v2\/types\/page"}],"author":[{"embeddable":true,"href":"http:\/\/disseny-test.uoc.edu\/materials\/prod-digital\/wp-json\/wp\/v2\/users\/1"}],"replies":[{"embeddable":true,"href":"http:\/\/disseny-test.uoc.edu\/materials\/prod-digital\/wp-json\/wp\/v2\/comments?post=531"}],"version-history":[{"count":1,"href":"http:\/\/disseny-test.uoc.edu\/materials\/prod-digital\/wp-json\/wp\/v2\/pages\/531\/revisions"}],"predecessor-version":[{"id":532,"href":"http:\/\/disseny-test.uoc.edu\/materials\/prod-digital\/wp-json\/wp\/v2\/pages\/531\/revisions\/532"}],"wp:attachment":[{"href":"http:\/\/disseny-test.uoc.edu\/materials\/prod-digital\/wp-json\/wp\/v2\/media?parent=531"}],"curies":[{"name":"wp","href":"https:\/\/api.w.org\/{rel}","templated":true}]}}