{"id":89,"date":"2018-01-18T17:26:20","date_gmt":"2018-01-18T17:26:20","guid":{"rendered":"http:\/\/disseny-test.uoc.edu\/materials\/prod-digital\/?page_id=89"},"modified":"2018-01-30T13:39:21","modified_gmt":"2018-01-30T13:39:21","slug":"2-2-4-pdf","status":"publish","type":"page","link":"http:\/\/disseny-test.uoc.edu\/materials\/prod-digital\/2-2-4-pdf\/","title":{"rendered":"2.2.4. PDF"},"content":{"rendered":"<p>El format PDF (<em>Portable Document Format<\/em>) no \u00e9s un format per a llibres digitals. I, tot i que des del 2008 \u00e9s un est\u00e0ndard obert, no \u00e9s eficient t\u00e8cnicament per a complir els requisits de qualsevol llibre digital: el disseny adaptable, la personalitzaci\u00f3 per part de l\u2019usuari, etc. No obstant aix\u00f2, \u00e9s un dels formats m\u00e9s usats per a compartir documents a la xarxa i trobarem encara moltes publicacions, sobretot provinents de digitalitzacions d\u2019una obra en paper, en aquest format.<\/p>\n<div class=\"featured featured-blue\"><p>PDF \u00e9s un format molt est\u00e8s per a publicar documents digitals breus (articles, gr\u00e0fics, cat\u00e0legs, presentacions, etc.), per\u00f2 no \u00e9s apte per a crear llibres digitals ni tampoc com a format exclusiu per a les revistes electr\u00f2niques.<\/p>\n<\/div>\n<p>Aquest format fou creat per Adobe per a distribuir digitalment documents impresos, i planteja la digitalitzaci\u00f3 del contingut tenint en compte les caracter\u00edstiques dels documents en paper (marges fixos, proporcions predeterminades, sense <em>reflow<\/em>, elements posicionats de manera absoluta, etc.), cosa que encaixa molt poc amb les caracter\u00edstiques dels documents digitals actuals.<\/p>\n<blockquote><p>The PDF isn\u2019t truly an ebook because it retains its format no matter the size of the screen that displays it. It will always be an accurate representation of the paper document that it represents \u2014on a 27\u2033 monitor, on a 13\u2033 laptop display, on an 9.7\u2033 iPad screen, or a 4.8 Galaxy s3 phone [&#8230;] Anyone who\u2019s tried to read a PDF on a small screen knows what I mean.<\/p><\/blockquote>\n<div class=\"blockquote-author\"><p>David Kudler. <em>The Book Designer<\/em><\/p>\n<\/div>\n<p>Per\u00f2 la gran penetraci\u00f3 de <a href=\"javascript:void(0);\" class=\"tooltip\" data-toggle=\"popover\" data-placement=\"bottom\" data-content=\"Aix\u00f2 era aix\u00ed perqu\u00e8 aquest era l\u2019est\u00e0ndard de la ind\u00fastria editorial per a imprimir els llibres i assegurar que el que l\u2019editorial visualitzava era exactament el que s\u2019imprimia.\" data-placement=\"top\" data-html=\"true\" >PDF com a format per a distribuir les primeres versions de llibres digitals<\/a>\u00a0ha provocat que una gran part dels llibres digitals que encara corren per la xarxa estiguin editats en aquest format. Tot i el gran esfor\u00e7 d\u2019algunes iniciatives per a transformar-los en formats m\u00e9s accessibles i adaptables als dispositius actuals, encara queda molta feina per fer per a tenir tot el corpus de llibres digitals en formats moderns i m\u00e9s adaptats a l\u2019entorn actual.<\/p>\n<div class=\"featured featured-blue\"><p>Avui dia no t\u00e9 cap sentit usar com a format exclusiu un que t\u00e8cnicament no s\u2019adapta a les necessitats que t\u00e9 qualsevol producte editorial digital \u2014m\u00e0xima penetraci\u00f3 de mercat, arribada a tots els usuaris, adaptaci\u00f3 als dispositius, incorporaci\u00f3 de noves funcionalitats, etc.\u2014 i, sobretot, que t\u00e9 una alta incapacitat per a conviure amb els sistemes est\u00e0ndard de gesti\u00f3 de metadades que, com veurem posteriorment, s\u00f3n el futur de les publicacions digitals.<\/p>\n<\/div>\n<p class=\"Normalesp\"><span lang=\"CA\">Altra cosa \u00e9s que, per a seguir els criteris de compatibilitat m\u00e0xima, decidim exportar una versi\u00f3 del contingut en format PDF per arribar a entorns de lectura en qu\u00e8 aquest format encara \u00e9s protagonista.<\/span><\/p>\n<h4><strong>Publicacions fixes (<em>fixed layout<\/em>)<\/strong><\/h4>\n<p>L\u2019\u00fanic cas en qu\u00e8 encara pot tenir sentit usar el format PDF com a principal \u00e9s quan el document resultant ha de mantenir unes proporcions fixes, sense cap alteraci\u00f3. Hi ha casos concrets en qu\u00e8 mantenir la relaci\u00f3 entre la imatge i el text, per exemple, com hem comentat anteriorment, \u00e9s indispensable per a mantenir la transmissi\u00f3 del missatge.<\/p>\n<p>\u00c9s cert que cada cop \u00e9s m\u00e9s habitual que qualsevol document digital es plantegi ja des de l\u2019\u00f2ptica del disseny adaptable, per\u00f2 encara hi ha casos en qu\u00e8, sia perqu\u00e8 tenim una versi\u00f3 alternativa en paper, o perqu\u00e8 \u00e9s m\u00e9s senzill plantejar una maquetaci\u00f3 fixa, es continua usant el format PDF per a distribuir alguns documents que podr\u00edem considerar editorials. Sempre s\u00f3n documents en qu\u00e8 preval el disseny i el posicionament absolut dels continguts per davant de l\u2019adaptabilitat als diferents dispositius de lectura.<\/p>\n<p>A poc a poc, per\u00f2, amb la massificaci\u00f3 de la interconnectivitat entre objectes i dispositius digitals, aquest tipus de propostes aniran deixant espai a iniciatives adaptables, basades en els principis d\u2019accessibilitat i universalitzaci\u00f3 de la web.<\/p>\n<p>El canvi, per\u00f2, s\u2019ha de donar en origen, en la fase de plantejament previ d\u2019un projecte editorial que hem anat definint en aquesta secci\u00f3, un plantejament que ha de tenir en compte, <em>a priori<\/em>, l\u2019entorn i l\u2019ecosistema en qu\u00e8 s\u2019ha de publicar el contingut, per a crear-lo i editar-lo ja tenint en compte la capacitat d\u2019adaptaci\u00f3 que ha de tenir.<\/p>\n<p>A poc a poc, per\u00f2, amb la massificaci\u00f3 de la interconnectivitat entre objectes i dispositius digitals, aquest tipus de propostes aniran deixant espai a iniciatives adaptables, basades en els principis d\u2019accessibilitat i universalitzaci\u00f3 de la web.<\/p>\n<p>El canvi, per\u00f2, s\u2019ha de donar en origen, en la fase de plantejament previ d\u2019un projecte editorial que hem anat definint en aquesta secci\u00f3, un plantejament que ha de tenir en compte, <em>a priori<\/em>, l\u2019entorn i l\u2019ecosistema en qu\u00e8 s\u2019ha de publicar el contingut, per a crear-lo i editar-lo ja tenint en compte la capacitat d\u2019adaptaci\u00f3 que ha de tenir.<\/p>\n<div class=\"featured featured-grey\"><p>Hi ha pocs casos en qu\u00e8 la relaci\u00f3 entre els diferents elements que formen una publicaci\u00f3 sigui necess\u00e0ria pel que fa a la transmissi\u00f3 del missatge; normalment, aquest fet respon a una decisi\u00f3 creativa revisable. Casos com la poesia visual i el c\u00f2mic s\u00f3n exemples de propostes editorials que xoquen de front amb els principis del disseny adaptable, perqu\u00e8 demanen d\u2019aquesta posici\u00f3 fixa dels elements respecte de les imatges. No obstant aix\u00f2, per a aquests documents tamb\u00e9 tenim alternatives lliures i molt m\u00e9s accessibles i adaptables, com la versi\u00f3 <em>Fixed Layout <\/em>d\u2019EPUB3.<\/p>\n<\/div>\n","protected":false},"excerpt":{"rendered":"<p>El format PDF (Portable Document Format) no \u00e9s un format per a llibres digitals. I, tot i que des del 2008 \u00e9s un est\u00e0ndard obert, no \u00e9s eficient t\u00e8cnicament per a complir els requisits de qualsevol llibre digital: el disseny adaptable, la personalitzaci\u00f3 per part de l\u2019usuari, etc. No obstant aix\u00f2, \u00e9s un dels formats [&hellip;]<\/p>\n","protected":false},"author":1,"featured_media":0,"parent":0,"menu_order":0,"comment_status":"closed","ping_status":"closed","template":"","meta":{"inline_featured_image":false},"acf":[],"_links":{"self":[{"href":"http:\/\/disseny-test.uoc.edu\/materials\/prod-digital\/wp-json\/wp\/v2\/pages\/89"}],"collection":[{"href":"http:\/\/disseny-test.uoc.edu\/materials\/prod-digital\/wp-json\/wp\/v2\/pages"}],"about":[{"href":"http:\/\/disseny-test.uoc.edu\/materials\/prod-digital\/wp-json\/wp\/v2\/types\/page"}],"author":[{"embeddable":true,"href":"http:\/\/disseny-test.uoc.edu\/materials\/prod-digital\/wp-json\/wp\/v2\/users\/1"}],"replies":[{"embeddable":true,"href":"http:\/\/disseny-test.uoc.edu\/materials\/prod-digital\/wp-json\/wp\/v2\/comments?post=89"}],"version-history":[{"count":2,"href":"http:\/\/disseny-test.uoc.edu\/materials\/prod-digital\/wp-json\/wp\/v2\/pages\/89\/revisions"}],"predecessor-version":[{"id":892,"href":"http:\/\/disseny-test.uoc.edu\/materials\/prod-digital\/wp-json\/wp\/v2\/pages\/89\/revisions\/892"}],"wp:attachment":[{"href":"http:\/\/disseny-test.uoc.edu\/materials\/prod-digital\/wp-json\/wp\/v2\/media?parent=89"}],"curies":[{"name":"wp","href":"https:\/\/api.w.org\/{rel}","templated":true}]}}