{"id":93,"date":"2018-01-18T17:35:20","date_gmt":"2018-01-18T17:35:20","guid":{"rendered":"http:\/\/disseny-test.uoc.edu\/materials\/prod-digital\/?page_id=93"},"modified":"2018-01-18T17:38:16","modified_gmt":"2018-01-18T17:38:16","slug":"2-2-6-eleccio-del-format","status":"publish","type":"page","link":"http:\/\/disseny-test.uoc.edu\/materials\/prod-digital\/2-2-6-eleccio-del-format\/","title":{"rendered":"2.2.6. Elecci\u00f3 del format"},"content":{"rendered":"<p>L\u2019elecci\u00f3 entre el format est\u00e0ndard EPUB o el format propi d\u2019Amazon s\u2019haur\u00e0 de prendre tenint en compte dos aspectes principals:<\/p>\n<h4><strong>1. El model de negoci<\/strong><\/h4>\n<table>\n<thead>\n<tr>\n<th rowspan=\"2\">Vull accedir al mercat d\u2019Amazon?<\/th>\n<td>Si la resposta \u00e9s s\u00ed, haur\u00e9 de publicar el contingut en el format KF8 o, com a m\u00ednim, convertir-lo a aquest format.<\/td>\n<\/tr>\n<tr>\n<td>Si, al contrari, no tinc pensat publicar a Amazon, sia perqu\u00e8 no vull acceptar les condicions del contracte o perqu\u00e8 no vull cedir un percentatge important dels beneficis (prop del 30%), l\u2019elecci\u00f3 m\u00e9s assenyada ser\u00e0 el format EPUB.<\/td>\n<\/tr>\n<\/thead>\n<\/table>\n<h4><strong>2. Les eines i els llenguatges a qu\u00e8 tinc acc\u00e9s<\/strong><\/h4>\n<table>\n<thead>\n<tr>\n<th>Tinc coneixement dels llenguatges de marcatge sem\u00e0ntic i d\u2019estils<br \/>\n(HTML, CSS)?<\/th>\n<td>Si la resposta \u00e9s no, treballar sobre el format EPUB ser\u00e0 una tasca m\u00e9s complexa, ja que, com hem vist, el format est\u00e0 basat en els llenguatges per a la web. Aix\u00f2 no vol dir que no puguem editar un EPUB sense dominar aquests llenguatges, per\u00f2 s\u00ed que aix\u00f2 ens implicar\u00e0 una major depend\u00e8ncia del programari intermediari o editor; ho veurem m\u00e9s detalladament a la secci\u00f3 sobre eines i llenguatges.<\/td>\n<\/tr>\n<tr>\n<th rowspan=\"2\">He de treballar amb el programari d\u2019Adobe?<br \/>\nInDesign principalment?<\/th>\n<td>Tot i que les darreres versions d\u2019InDesign han millorat molt l\u2019exportaci\u00f3 al format EPUB, el resultat est\u00e0 molt lluny de ser \u00f2ptim i apte per a comercialitzar-lo. Si creem un llibre digital en format EPUB amb InDesign haurem d\u2019usar un editor extern per a revisar el codi i solucionar els errors que provoca l\u2019exportaci\u00f3.<\/td>\n<\/tr>\n<tr>\n<td>Pel que fa al format KF8, Amazon ofereix un complement per a InDesign per a exportar contingut per al Kindle, que ens permet crear llibres per a aquest format directament sense haver de passar per la conversi\u00f3 d\u2019arxiu.<\/td>\n<\/tr>\n<\/thead>\n<\/table>\n","protected":false},"excerpt":{"rendered":"<p>L\u2019elecci\u00f3 entre el format est\u00e0ndard EPUB o el format propi d\u2019Amazon s\u2019haur\u00e0 de prendre tenint en compte dos aspectes principals: 1. El model de negoci Vull accedir al mercat d\u2019Amazon? Si la resposta \u00e9s s\u00ed, haur\u00e9 de publicar el contingut en el format KF8 o, com a m\u00ednim, convertir-lo a aquest format. Si, al contrari, [&hellip;]<\/p>\n","protected":false},"author":1,"featured_media":0,"parent":0,"menu_order":0,"comment_status":"closed","ping_status":"closed","template":"","meta":{"inline_featured_image":false},"acf":[],"_links":{"self":[{"href":"http:\/\/disseny-test.uoc.edu\/materials\/prod-digital\/wp-json\/wp\/v2\/pages\/93"}],"collection":[{"href":"http:\/\/disseny-test.uoc.edu\/materials\/prod-digital\/wp-json\/wp\/v2\/pages"}],"about":[{"href":"http:\/\/disseny-test.uoc.edu\/materials\/prod-digital\/wp-json\/wp\/v2\/types\/page"}],"author":[{"embeddable":true,"href":"http:\/\/disseny-test.uoc.edu\/materials\/prod-digital\/wp-json\/wp\/v2\/users\/1"}],"replies":[{"embeddable":true,"href":"http:\/\/disseny-test.uoc.edu\/materials\/prod-digital\/wp-json\/wp\/v2\/comments?post=93"}],"version-history":[{"count":3,"href":"http:\/\/disseny-test.uoc.edu\/materials\/prod-digital\/wp-json\/wp\/v2\/pages\/93\/revisions"}],"predecessor-version":[{"id":96,"href":"http:\/\/disseny-test.uoc.edu\/materials\/prod-digital\/wp-json\/wp\/v2\/pages\/93\/revisions\/96"}],"wp:attachment":[{"href":"http:\/\/disseny-test.uoc.edu\/materials\/prod-digital\/wp-json\/wp\/v2\/media?parent=93"}],"curies":[{"name":"wp","href":"https:\/\/api.w.org\/{rel}","templated":true}]}}