{"id":133,"date":"2019-11-21T17:49:18","date_gmt":"2019-11-21T15:49:18","guid":{"rendered":"http:\/\/disseny-test.uoc.edu\/materials\/taller-color\/?page_id=133"},"modified":"2020-02-20T16:50:15","modified_gmt":"2020-02-20T14:50:15","slug":"3-2-2-combinacions-composicions-cromatiques","status":"publish","type":"page","link":"http:\/\/disseny-test.uoc.edu\/materials\/taller-color\/3-2-2-combinacions-composicions-cromatiques\/","title":{"rendered":"3.2.2. Combinacions crom\u00e0tiques"},"content":{"rendered":"<p>Per fer una selecci\u00f3 de colors que compositivament funcioni per transmetre el missatge i l&#8217;efecte que volem en l&#8217;espectador cal coneixement, pr\u00e0ctica i talent. La teoria del color ens facilita una estructura compositiva a partir de la qual podem practicar la selecci\u00f3 crom\u00e0tica. Per norma general, tota composici\u00f3 inclou un <strong>color dominant<\/strong>, acompanyat de <strong>colors subordinats i d&#8217;accent<\/strong>.<\/p>\n<ul>\n<li><strong>Color dominant<\/strong>: color principal de la composici\u00f3. Val a dir que aquesta condici\u00f3 no va lligada al fet que ocupi la superf\u00edcie m\u00e0xima del color en la composici\u00f3. El color dominant fa el paper protagonista, \u00e9s el color que defineix els valors comunicatius de la combinaci\u00f3 crom\u00e0tica.<\/li>\n<li><strong>Color subordinat<\/strong>: color visualment m\u00e9s feble que funciona per contrast o complementa una combinaci\u00f3 crom\u00e0tica amb un color dominant. Normalment ocupa la m\u00e0xima superf\u00edcie del disseny.<\/li>\n<li><strong>Color accent o color destacat<\/strong>: el color accent pot ser dues coses: simp\u00e0tic amb el color subordinat o dominant, o visualment fort i cridaner. Pot semblar que competeix amb el color dominant perqu\u00e8 pot proporcionar tensi\u00f3 dins la combinaci\u00f3 crom\u00e0tica. Tamb\u00e9 \u00e9s un color que aporta un detall visual directe.<\/li>\n<\/ul>\n<figure id=\"attachment_134\" aria-describedby=\"caption-attachment-134\" style=\"width: 640px\" class=\"wp-caption aligncenter\"><img loading=\"lazy\" class=\"wp-image-134\" src=\"http:\/\/disseny-test.uoc.edu\/materials\/taller-color\/wp-content\/uploads\/sites\/18\/2020\/02\/PID_00267653_28.jpg\" alt=\"\" width=\"640\" height=\"295\" \/><figcaption id=\"caption-attachment-134\" class=\"wp-caption-text\">Figura 26<br \/>Font: exemple gr\u00e0fic similar al de G. Ambrose; P. Harris (2006). <em>Color<\/em> (p\u00e0g. 24). Barcelona: Editorial Parramon.<\/figcaption><\/figure>\n<figure id=\"attachment_135\" aria-describedby=\"caption-attachment-135\" style=\"width: 640px\" class=\"wp-caption aligncenter\"><img loading=\"lazy\" class=\"wp-image-135\" src=\"http:\/\/disseny-test.uoc.edu\/materials\/taller-color\/wp-content\/uploads\/sites\/18\/2019\/11\/PID_00267653_29.jpg\" alt=\"\" width=\"640\" height=\"445\" srcset=\"http:\/\/disseny-test.uoc.edu\/materials\/taller-color\/wp-content\/uploads\/sites\/18\/2019\/11\/PID_00267653_29.jpg 574w, http:\/\/disseny-test.uoc.edu\/materials\/taller-color\/wp-content\/uploads\/sites\/18\/2019\/11\/PID_00267653_29-300x209.jpg 300w\" sizes=\"(max-width: 640px) 100vw, 640px\" \/><figcaption id=\"caption-attachment-135\" class=\"wp-caption-text\">Figura 27. Exemple dominant turquesa, subordinat blau fosc, accent blanc <br \/>Font: exemple gr\u00e0fic similar al de G. Ambrose; P. Harris (2006). <em>Color<\/em> (p\u00e0g. 24). Barcelona: Editorial Parramon.<\/figcaption><\/figure>\n<div id=\"gtx-trans\" style=\"position: absolute; left: 30px; top: 1209.08px;\">\n<div class=\"gtx-trans-icon\"><\/div>\n<\/div>\n","protected":false},"excerpt":{"rendered":"<p>Per fer una selecci\u00f3 de colors que compositivament funcioni per transmetre el missatge i l&#8217;efecte que volem en l&#8217;espectador cal coneixement, pr\u00e0ctica i talent. La teoria del color ens facilita una estructura compositiva a partir de la qual podem practicar la selecci\u00f3 crom\u00e0tica. Per norma general, tota composici\u00f3 inclou un color dominant, acompanyat de colors [&hellip;]<\/p>\n","protected":false},"author":1,"featured_media":0,"parent":0,"menu_order":0,"comment_status":"closed","ping_status":"closed","template":"","meta":{"inline_featured_image":false},"acf":[],"_links":{"self":[{"href":"http:\/\/disseny-test.uoc.edu\/materials\/taller-color\/wp-json\/wp\/v2\/pages\/133"}],"collection":[{"href":"http:\/\/disseny-test.uoc.edu\/materials\/taller-color\/wp-json\/wp\/v2\/pages"}],"about":[{"href":"http:\/\/disseny-test.uoc.edu\/materials\/taller-color\/wp-json\/wp\/v2\/types\/page"}],"author":[{"embeddable":true,"href":"http:\/\/disseny-test.uoc.edu\/materials\/taller-color\/wp-json\/wp\/v2\/users\/1"}],"replies":[{"embeddable":true,"href":"http:\/\/disseny-test.uoc.edu\/materials\/taller-color\/wp-json\/wp\/v2\/comments?post=133"}],"version-history":[{"count":10,"href":"http:\/\/disseny-test.uoc.edu\/materials\/taller-color\/wp-json\/wp\/v2\/pages\/133\/revisions"}],"predecessor-version":[{"id":641,"href":"http:\/\/disseny-test.uoc.edu\/materials\/taller-color\/wp-json\/wp\/v2\/pages\/133\/revisions\/641"}],"wp:attachment":[{"href":"http:\/\/disseny-test.uoc.edu\/materials\/taller-color\/wp-json\/wp\/v2\/media?parent=133"}],"curies":[{"name":"wp","href":"https:\/\/api.w.org\/{rel}","templated":true}]}}