{"id":150,"date":"2019-11-21T17:31:09","date_gmt":"2019-11-21T15:31:09","guid":{"rendered":"http:\/\/disseny-test.uoc.edu\/materials\/taller-color\/?page_id=150"},"modified":"2019-12-31T17:23:49","modified_gmt":"2019-12-31T15:23:49","slug":"4-6-1-introduccio","status":"publish","type":"page","link":"http:\/\/disseny-test.uoc.edu\/materials\/taller-color\/4-6-1-introduccio\/","title":{"rendered":"4.6.1. Introducci\u00f3"},"content":{"rendered":"<blockquote><p>\u00abUna c\u00e0mera digital registra la llum en p\u00edxels, i cada p\u00edxel registra valors de llum vermella, verda o blava. L&#8217;espai de color proporciona una definici\u00f3 per al valor num\u00e8ric d&#8217;aquesta combinaci\u00f3 de colors presents en un p\u00edxel, on cada valor representa un color diferent. Si es canvia l&#8217;espai de color, canviar\u00e0 el color associat a aquest valor, aix\u00f2 vol dir que, mentre es crea un disseny o es fan ajustos en una imatge, cal ser conscient de l\u2019espai de color en el qual s&#8217;est\u00e0 treballant.\u00bb<\/p>\n<p>G. Ambrose; P. Harris (2008). \u00abGesti\u00f3n del color\u00bb. <em>Color<\/em> (Colecci\u00f3n Bases del dise\u00f1o, p\u00e0g. 78-79). Barcelona:\u00a0 Editorial Parramon. ISBN9788434228559<\/p>\n<p>\u00abLa gesti\u00f3 del color \u00e9s un proc\u00e9s que controla com es tradueix el color d&#8217;una m\u00e0quina a una altra en el proc\u00e9s d&#8217;impressi\u00f3. La gesti\u00f3 del color \u00e9s necess\u00e0ria per assegurar una reproducci\u00f3 exacta i predictible del color perqu\u00e8 cada dispositiu respon al color i el produeix de manera diferent. Un color est\u00e0 format per diferents quantitats de vermell, verd i blau, indicat com una proporci\u00f3 de l&#8217;estil 88\/249\/17. Aquestes proporcions produeixen diferents resultats en espais de color diferents, l&#8217;lnternational Color Consortium ha creat un conjunt de perfils per estandarditzar les maneres amb qu\u00e8 els dispositius comuniquen la informaci\u00f3 de color.\u00bb<\/p>\n<p>G. Ambrose; P. Harris (2008). \u00abGesti\u00f3n del color\u00bb. <em>Color<\/em> (Colecci\u00f3n Bases del dise\u00f1o, p\u00e0g. 78-79). Barcelona:\u00a0 Editorial Parramon. ISBN9788434228559<\/p><\/blockquote>\n<p>L\u2019espai de color i gamma entre dissenyadors i impressors \u00e9s un element de gesti\u00f3 i qualitat que vol assegurar que els resultats en la fase de disseny siguin els que s\u2019obtindran en la fase de producci\u00f3. \u00c9s per aquest motiu que ambd\u00f3s professionals usen espais de color i gammes per calcular l&#8217;espectre de colors que pot reproduir-se en un dispositiu o sistema concret. Si es canvia l&#8217;espai de color, canviar\u00e0 el color, cosa que significa que mentre, es crea un disseny o es fan ajustos en una imatge, \u00e9s important con\u00e8ixer els diferents formats d\u2019arxiu.<\/p>\n","protected":false},"excerpt":{"rendered":"<p>\u00abUna c\u00e0mera digital registra la llum en p\u00edxels, i cada p\u00edxel registra valors de llum vermella, verda o blava. L&#8217;espai de color proporciona una definici\u00f3 per al valor num\u00e8ric d&#8217;aquesta combinaci\u00f3 de colors presents en un p\u00edxel, on cada valor representa un color diferent. Si es canvia l&#8217;espai de color, canviar\u00e0 el color associat a [&hellip;]<\/p>\n","protected":false},"author":1,"featured_media":0,"parent":0,"menu_order":0,"comment_status":"closed","ping_status":"closed","template":"","meta":{"inline_featured_image":false},"acf":[],"_links":{"self":[{"href":"http:\/\/disseny-test.uoc.edu\/materials\/taller-color\/wp-json\/wp\/v2\/pages\/150"}],"collection":[{"href":"http:\/\/disseny-test.uoc.edu\/materials\/taller-color\/wp-json\/wp\/v2\/pages"}],"about":[{"href":"http:\/\/disseny-test.uoc.edu\/materials\/taller-color\/wp-json\/wp\/v2\/types\/page"}],"author":[{"embeddable":true,"href":"http:\/\/disseny-test.uoc.edu\/materials\/taller-color\/wp-json\/wp\/v2\/users\/1"}],"replies":[{"embeddable":true,"href":"http:\/\/disseny-test.uoc.edu\/materials\/taller-color\/wp-json\/wp\/v2\/comments?post=150"}],"version-history":[{"count":4,"href":"http:\/\/disseny-test.uoc.edu\/materials\/taller-color\/wp-json\/wp\/v2\/pages\/150\/revisions"}],"predecessor-version":[{"id":428,"href":"http:\/\/disseny-test.uoc.edu\/materials\/taller-color\/wp-json\/wp\/v2\/pages\/150\/revisions\/428"}],"wp:attachment":[{"href":"http:\/\/disseny-test.uoc.edu\/materials\/taller-color\/wp-json\/wp\/v2\/media?parent=150"}],"curies":[{"name":"wp","href":"https:\/\/api.w.org\/{rel}","templated":true}]}}