{"id":152,"date":"2019-11-21T17:34:01","date_gmt":"2019-11-21T15:34:01","guid":{"rendered":"http:\/\/disseny-test.uoc.edu\/materials\/taller-color\/?page_id=152"},"modified":"2019-12-10T12:51:55","modified_gmt":"2019-12-10T10:51:55","slug":"4-6-2-format-darxius-per-a-treballs-digitals","status":"publish","type":"page","link":"http:\/\/disseny-test.uoc.edu\/materials\/taller-color\/4-6-2-format-darxius-per-a-treballs-digitals\/","title":{"rendered":"4.6.2. Format d\u2019arxius per a treballs digitals"},"content":{"rendered":"<p>Sempre que treballem amb imatges, el m\u00e9s habitual ser\u00e0 tractar amb imatges <strong><a class=\"tooltip\"  href=\"javascript:void(0);\" data-toggle=\"popover\" data-placement=\"bottom\" data-content=\"RGB\/tres canals, un per a cada color.\">JPEG<\/a><\/strong> quan el seu \u00fas estigui destinat a ser visualitzat en pantalla i <strong><a class=\"tooltip\"  href=\"javascript:void(0);\" data-toggle=\"popover\" data-placement=\"bottom\" data-content=\"CMYK\/quatre canals, un per a cada color.\">TIFF<\/a><\/strong> quan s\u2019hagin d\u2019imprimir en paper o sobre altres tipus de suport fora de l\u2019\u00e0mbit digital.<\/p>\n<p>L\u2019arxiu JPEG \u00e9s un format molt habitual, per\u00f2 hem de saber que la informaci\u00f3 que emmagatzema \u00e9s limitada i ens dona poques possibilitats de millora sobre la imatge. En canvi, els arxius RAW, s\u00f3n el format de captura per a les imatges fotogr\u00e0fiques digitals d&#8217;alta qualitat. Els arxius <strong><a class=\"tooltip\"  href=\"javascript:void(0);\" data-toggle=\"popover\" data-placement=\"bottom\" data-content=\"Setze bits\/canal.\">RAW<\/a><\/strong> permeten emmagatzemar una gran quantitat d&#8217;informaci\u00f3 de color. Els arxius RAW no tenen p\u00e8rdues, ja que contenen tota la informaci\u00f3 present en el moment de fer la fotografia i aix\u00f2 \u00e9s molt valu\u00f3s, ja que ens permet modificar qualsevol par\u00e0metre i obtenir-ne diferents resultats. Aquest \u00e9s un format especialment pensat per editar la imatge i, posteriorment, desar-la en un arxiu m\u00e9s compacte per dur-lo a imprimir, que s\u2019anomena TIFF.<\/p>\n<p>La imatge per treballar dins de la maquetaci\u00f3 d\u2019un document estar\u00e0 desada per imprimir com un arxiu RGB, per\u00f2 quan s\u2019hagi d\u2019enviar el document per imprimir es preparar\u00e0 un document en PDF amb la maquetaci\u00f3 i disposici\u00f3 de les imatges, i tants arxius com imatges hi hagi en format TIFF CMYK (vuit bits\/canal), que correspon exactament a trenta-dos bits desglossats en vuit per a cada canal: vuit bits per al Cian, vuit per al Magenta, vuit per al <em>Yellow<\/em> (groc) i vuit per al <em>Black<\/em> (negre), que l\u2019impressor utilitzar\u00e0 en el document d\u2019impressi\u00f3.<\/p>\n<p>Hi ha altres opcions d\u2019arxiu que formen part del proc\u00e9s de treball del disseny gr\u00e0fic amb propietats \u00fatils per a diferents requeriments:<\/p>\n<ul>\n<li><strong><a class=\"tooltip\"  href=\"javascript:void(0);\" data-toggle=\"popover\" data-placement=\"bottom\" data-content=\"Abreviatura d'Encapsulated PostScript.\">EPS<\/a><\/strong>: format d&#8217;arxiu per a elements gr\u00e0fics ampliables.<\/li>\n<li><strong>PICT<\/strong>: format de Mac per comprimir imatges, sobretot amb colors de fons plans.<\/li>\n<li><strong><a class=\"tooltip\"  href=\"javascript:void(0);\" data-toggle=\"popover\" data-placement=\"bottom\" data-content=\"Abreviatura de Mapa de bits.\">BMP<\/a><\/strong>: format per arxius d&#8217;imatge a color sense comprimir de vint-i-quatre o trenta-dos bits usats per a la manipulaci\u00f3 gr\u00e0fica.<\/li>\n<\/ul>\n<div id=\"gtx-trans\" style=\"position: absolute; left: 730px; top: 88px;\">\n<div class=\"gtx-trans-icon\"><\/div>\n<\/div>\n","protected":false},"excerpt":{"rendered":"<p>Sempre que treballem amb imatges, el m\u00e9s habitual ser\u00e0 tractar amb imatges quan el seu \u00fas estigui destinat a ser visualitzat en pantalla i quan s\u2019hagin d\u2019imprimir en paper o sobre altres tipus de suport fora de l\u2019\u00e0mbit digital. L\u2019arxiu JPEG \u00e9s un format molt habitual, per\u00f2 hem de saber que la informaci\u00f3 que emmagatzema [&hellip;]<\/p>\n","protected":false},"author":1,"featured_media":0,"parent":0,"menu_order":0,"comment_status":"closed","ping_status":"closed","template":"","meta":{"inline_featured_image":false},"acf":[],"_links":{"self":[{"href":"http:\/\/disseny-test.uoc.edu\/materials\/taller-color\/wp-json\/wp\/v2\/pages\/152"}],"collection":[{"href":"http:\/\/disseny-test.uoc.edu\/materials\/taller-color\/wp-json\/wp\/v2\/pages"}],"about":[{"href":"http:\/\/disseny-test.uoc.edu\/materials\/taller-color\/wp-json\/wp\/v2\/types\/page"}],"author":[{"embeddable":true,"href":"http:\/\/disseny-test.uoc.edu\/materials\/taller-color\/wp-json\/wp\/v2\/users\/1"}],"replies":[{"embeddable":true,"href":"http:\/\/disseny-test.uoc.edu\/materials\/taller-color\/wp-json\/wp\/v2\/comments?post=152"}],"version-history":[{"count":8,"href":"http:\/\/disseny-test.uoc.edu\/materials\/taller-color\/wp-json\/wp\/v2\/pages\/152\/revisions"}],"predecessor-version":[{"id":401,"href":"http:\/\/disseny-test.uoc.edu\/materials\/taller-color\/wp-json\/wp\/v2\/pages\/152\/revisions\/401"}],"wp:attachment":[{"href":"http:\/\/disseny-test.uoc.edu\/materials\/taller-color\/wp-json\/wp\/v2\/media?parent=152"}],"curies":[{"name":"wp","href":"https:\/\/api.w.org\/{rel}","templated":true}]}}