{"id":205,"date":"2018-11-15T12:26:55","date_gmt":"2018-11-15T10:26:55","guid":{"rendered":"http:\/\/disseny-test.uoc.edu\/materials\/tfg\/?page_id=205"},"modified":"2019-01-16T14:44:47","modified_gmt":"2019-01-16T12:44:47","slug":"3-4-2-2-el-prototipatge-i-la-implementacio-en-un-tfg","status":"publish","type":"page","link":"http:\/\/disseny-test.uoc.edu\/materials\/tfg\/3-4-2-2-el-prototipatge-i-la-implementacio-en-un-tfg\/","title":{"rendered":"3.4.2. Possibles punts adicionals"},"content":{"rendered":"<h3>3.4.2.2. El prototipatge i la implementaci\u00f3 en un TFG<\/h3>\n<p>En aquesta subetapa de la gran fase 4 (disseny i execuci\u00f3), pren especial import\u00e0ncia el <strong>prototipatge<\/strong> mitjan\u00e7ant un <strong><em>wireframe<\/em><\/strong> o <strong><em>mockup<\/em><\/strong> de la vostra idea, despr\u00e9s d&#8217;haver estudiat el <em>feedback<\/em> dels usuaris a partir de la nostra <em>persona<\/em>. En el marc del <em><a class=\"tooltip\"  href=\"javascript:void(0);\" data-toggle=\"popover\" data-placement=\"bottom\" data-content=\"Metodologia orientada a l'acci\u00f3 que busca processos curts i iteratius.\">Design Thinking<\/a><\/em>, el prototipatge es tracta d&#8217;un esb\u00f3s r\u00e0pid i econ\u00f2mic que pugui expressar la nostra idea de manera molt clara.<\/p>\n<p>\u00abFallar r\u00e0pid per a encertar aviat\u00bb \u00e9s la m\u00e0xima que persegueix aquesta subfase: executem mentre pensem, mentre decidim. Hi ha diferents estudis sobre com \u00abpensar amb les mans\u00bb, fet que genera nous tipus de connexi\u00f3 en el cervell, i tamb\u00e9 la capacitat d&#8217;inspirar noves idees. Quan prototipem, tamb\u00e9 es poden enriquir les idees generades pr\u00e8viament.<\/p>\n<p>La metodologia \u00e0gil tamb\u00e9 est\u00e0 relacionada amb aquesta manera de treballar en qu\u00e8 es plasma r\u00e0pidament la idea per a passar a una fase seg\u00fcent. La difer\u00e8ncia amb les metodologies m\u00e9s tradicionals \u00e9s que aquestes pensen en productes acabats i que ja compten amb totes les caracter\u00edstiques abans de sortir al mercat. El prototip \u00e9s justament l&#8217;oposat a aquesta perspectiva: la soluci\u00f3 o producte no ha de tenir, ni molt menys, totes les opcions o caracter\u00edstiques a qu\u00e8 puguem arribar a aspirar posteriorment, sin\u00f3 que s&#8217;aniran incorporant a mesura que traguem per exemple la versi\u00f3 beta, la primera versi\u00f3, etc. i s&#8217;anir\u00e0 millorant.<\/p>\n<p><strong>Com fer un bon <em>wireframe<\/em>?<\/strong><\/p>\n<p>Per a fer <em>un wireframe<\/em> b\u00e0sic, amb llapis i paper ja \u00e9s suficient. No obstant aix\u00f2, tamb\u00e9 hi ha molts programaris de prototipatge que us poden ser \u00fatils si el voleu crear digitalment:<\/p>\n<ul>\n<li>Axure<\/li>\n<li>InVision<\/li>\n<li>Just in mind<\/li>\n<li>Moqups<\/li>\n<li>Mockflow<\/li>\n<li>Etc.<\/li>\n<\/ul>\n<p>La majoria d&#8217;aquests tenen alguna limitaci\u00f3 en el seu \u00fas i despr\u00e9s ofereixen plans de pagament. Tanmateix, la majoria es pot usar de forma gratu\u00efta per a un projecte petit, durant un temps limitat o amb un topall de nombre d&#8217;usuaris.<\/p>\n<p>Durant la creaci\u00f3 d&#8217;un prototip, decidim els elements que s&#8217;inclouran, on i de quina manera i, fins i tot, com interactua l&#8217;usuari amb aquests. Per aix\u00f2, en aquesta etapa \u00e9s quan s&#8217;arriba a conclusions sobre si falta o sobra alguna cosa que estiguem dissenyant.<\/p>\n<figure id=\"attachment_96\" aria-describedby=\"caption-attachment-96\" style=\"width: 800px\" class=\"wp-caption alignnone\"><img loading=\"lazy\" class=\"wp-image-96 size-full\" style=\"font-size: 16px;\" title=\"Wireframe de un sitio web\" src=\"http:\/\/disseny-test.uoc.edu\/materials\/tfg\/wp-content\/uploads\/sites\/10\/2018\/11\/20141_04.jpg\" alt=\"Wireframe de un sitio web\" width=\"800\" height=\"646\" srcset=\"http:\/\/disseny-test.uoc.edu\/materials\/tfg\/wp-content\/uploads\/sites\/10\/2018\/11\/20141_04.jpg 800w, http:\/\/disseny-test.uoc.edu\/materials\/tfg\/wp-content\/uploads\/sites\/10\/2018\/11\/20141_04-300x242.jpg 300w, http:\/\/disseny-test.uoc.edu\/materials\/tfg\/wp-content\/uploads\/sites\/10\/2018\/11\/20141_04-768x620.jpg 768w\" sizes=\"(max-width: 800px) 100vw, 800px\" \/><figcaption id=\"caption-attachment-96\" class=\"wp-caption-text\"><em>Wireframe<\/em> d&#8217;un lloc web<br \/>Font: lucidchart.org<\/figcaption><\/figure>\n<figure id=\"attachment_101\" aria-describedby=\"caption-attachment-101\" style=\"width: 800px\" class=\"wp-caption alignnone\"><img loading=\"lazy\" class=\"wp-image-101 size-full\" src=\"http:\/\/disseny-test.uoc.edu\/materials\/tfg\/wp-content\/uploads\/sites\/10\/2018\/11\/20141_05.jpg\" alt=\"\" width=\"800\" height=\"602\" srcset=\"http:\/\/disseny-test.uoc.edu\/materials\/tfg\/wp-content\/uploads\/sites\/10\/2018\/11\/20141_05.jpg 800w, http:\/\/disseny-test.uoc.edu\/materials\/tfg\/wp-content\/uploads\/sites\/10\/2018\/11\/20141_05-300x226.jpg 300w, http:\/\/disseny-test.uoc.edu\/materials\/tfg\/wp-content\/uploads\/sites\/10\/2018\/11\/20141_05-768x578.jpg 768w\" sizes=\"(max-width: 800px) 100vw, 800px\" \/><figcaption id=\"caption-attachment-101\" class=\"wp-caption-text\"><em>Wireframes<\/em> d&#8217;un projecte webdoc<\/figcaption><\/figure>\n<p>Cal tenir clares les funcionalitats del que voleu retratar abans d&#8217;entrar en l&#8217;etapa de disseny. De vegades, despr\u00e9s de finalitzar el <em>wireframe<\/em>, s&#8217;arriben a enfocaments molt diferents dels inicials que ens permeten seguir desenvolupant la idea per un cam\u00ed que generi una millor experi\u00e8ncia d&#8217;usuari.<\/p>\n<p><strong>Elements essencials d&#8217;un <em>wireframe<\/em><\/strong><\/p>\n<ul>\n<li><strong><em>Layouts<\/em><\/strong><strong> gen\u00e8rics<\/strong>: formen l&#8217;estructura general dels elements comuns extrapolables a totes les p\u00e0gines, com ara la cap\u00e7alera, el peu, etc.<\/li>\n<li><strong>Elements individuals<\/strong>: s\u00f3n les solucions que trobem per a cada secci\u00f3 particular: una galeria de fotos, un carrusel, un formulari de contacte\u2026<\/li>\n<\/ul>\n<p>Per a tots dos tipus d&#8217;elements, hi ha certs patrons que ofereixen la millor soluci\u00f3 a problemes o necessitats habituals. \u00c9s recomanable que si hi ha una soluci\u00f3 acceptada com a est\u00e0ndard, s&#8217;adopti aquesta, ja que molt dif\u00edcilment la vostra soluci\u00f3 resulti m\u00e9s usable a la majoria d&#8217;usuaris que l&#8217;est\u00e0ndard, at\u00e8s que aquests \u00faltims gaudeixen de l&#8217;experi\u00e8ncia acumulada d&#8217;haver-la usat en moltes altres ocasions. Aix\u00f2 no vol dir que no es pugui ser original, sin\u00f3 que cal aplicar la l\u00f2gica i el sentit com\u00fa i implementar aquells elements d&#8217;internet que ja estan molt integrats en el nostre conscient col\u00b7lectiu: per exemple, un <em>scroll<\/em> seguir\u00e0 funcionant com estem acostumats, no far\u00edem <em>un scroll<\/em> en qu\u00e8 l&#8217;usuari hagi de fer clic a un bot\u00f3 del men\u00fa.<\/p>\n<div class=\"featured featured-blue\"><p>Finalment, simplement recordar que si una soluci\u00f3 no us conven\u00e7, la fase de prototipatge \u00e9s el moment per a replantejar el projecte per complet.<\/p>\n<\/div>\n<p>Si ho desitgeu i teniu temps, tamb\u00e9 seria bo, en aquest moment de l&#8217;esb\u00f3s, de crear un <strong><em>Customer journey map<\/em><\/strong> (o mapa del cicle de vida del client) que il\u00b7lustri els passos que recorrer\u00e0 el vostre usuari\/client abans, durant i despr\u00e9s d&#8217;adquirir el vostre producte o servei: les seves necessitats individuals, la s\u00e8rie d&#8217;interaccions que haur\u00e0 de realitzar per a complir amb els objectius i els estats emocionals que podr\u00e0 experimentar durant tot el proc\u00e9s.<\/p>\n","protected":false},"excerpt":{"rendered":"<p>3.4.2.2. El prototipatge i la implementaci\u00f3 en un TFG En aquesta subetapa de la gran fase 4 (disseny i execuci\u00f3), pren especial import\u00e0ncia el prototipatge mitjan\u00e7ant un wireframe o mockup de la vostra idea, despr\u00e9s d&#8217;haver estudiat el feedback dels usuaris a partir de la nostra persona. En el marc del , el prototipatge es [&hellip;]<\/p>\n","protected":false},"author":1,"featured_media":0,"parent":0,"menu_order":0,"comment_status":"closed","ping_status":"closed","template":"","meta":{"inline_featured_image":false},"acf":[],"_links":{"self":[{"href":"http:\/\/disseny-test.uoc.edu\/materials\/tfg\/wp-json\/wp\/v2\/pages\/205"}],"collection":[{"href":"http:\/\/disseny-test.uoc.edu\/materials\/tfg\/wp-json\/wp\/v2\/pages"}],"about":[{"href":"http:\/\/disseny-test.uoc.edu\/materials\/tfg\/wp-json\/wp\/v2\/types\/page"}],"author":[{"embeddable":true,"href":"http:\/\/disseny-test.uoc.edu\/materials\/tfg\/wp-json\/wp\/v2\/users\/1"}],"replies":[{"embeddable":true,"href":"http:\/\/disseny-test.uoc.edu\/materials\/tfg\/wp-json\/wp\/v2\/comments?post=205"}],"version-history":[{"count":6,"href":"http:\/\/disseny-test.uoc.edu\/materials\/tfg\/wp-json\/wp\/v2\/pages\/205\/revisions"}],"predecessor-version":[{"id":351,"href":"http:\/\/disseny-test.uoc.edu\/materials\/tfg\/wp-json\/wp\/v2\/pages\/205\/revisions\/351"}],"wp:attachment":[{"href":"http:\/\/disseny-test.uoc.edu\/materials\/tfg\/wp-json\/wp\/v2\/media?parent=205"}],"curies":[{"name":"wp","href":"https:\/\/api.w.org\/{rel}","templated":true}]}}