{"id":216,"date":"2018-11-15T12:41:34","date_gmt":"2018-11-15T10:41:34","guid":{"rendered":"http:\/\/disseny-test.uoc.edu\/materials\/tfg\/?page_id=216"},"modified":"2018-11-27T14:42:44","modified_gmt":"2018-11-27T12:42:44","slug":"5-exemples-de-treballs-finals","status":"publish","type":"page","link":"http:\/\/disseny-test.uoc.edu\/materials\/tfg\/5-exemples-de-treballs-finals\/","title":{"rendered":"5. Exemples de treballs finals"},"content":{"rendered":"<p>A l&#8217;enlla\u00e7 seg\u00fcent trobareu alguns exemples de TFG d&#8217;alumnes de la UOC que us poden ser de refer\u00e8ncia per la seva qualitat i bon fer: <a href=\"https:\/\/mosaic.uoc.edu\/tag\/experiencias\/\" target=\"_blank\" rel=\"noopener\">https:\/\/mosaic.uoc.edu\/tag\/experiencias\/<\/a>.<\/p>\n<p>En el moment de la confecci\u00f3 d&#8217;aquesta guia, no hi ha exemples del grau de Disseny i Creaci\u00f3 Digital, per\u00f2 a continuaci\u00f3 indiquem tres treballs que destaquen per la seva originalitat i aportaci\u00f3 a la societat, bona execuci\u00f3 i una documentaci\u00f3 adequada del proc\u00e9s.<\/p>\n<p><strong>TFG: Disseny d&#8217;una aplicaci\u00f3 m\u00f2bil per a la consulta personalitzada d&#8217;ajudes, beques i subvencions<\/strong><\/p>\n<p><strong>Autor<\/strong>: Joan Plazas Borr\u00e0s<\/p>\n<p>En aquest projecte l&#8217;autor va realitzar el disseny d&#8217;una aplicaci\u00f3 per a un dispositiu m\u00f2bil, el seu manual d&#8217;identitat gr\u00e0fica, la creaci\u00f3 d&#8217;una marca anomenada \u00abComunicaci\u00f3 alternativa\u00bb, el seu manual d&#8217;usuari i un v\u00eddeo de presentaci\u00f3.<\/p>\n<p>\u00c9s un projecte en qu\u00e8 cal destacar el poder de conjunci\u00f3 de moltes de les assignatures que va cursar en el grau de Multim\u00e8dia i, per tant, va poder expandir els coneixements en aquestes i portar-les a la pr\u00e0ctica.<\/p>\n<p>No solament es tracta d&#8217;una molt bona idea perqu\u00e8 afegeix i aporta en un camp que \u00e9s fam\u00f3s per la poca accessibilitat als continguts (beques i subvencions), sin\u00f3 que, a m\u00e9s, est\u00e0 molt ben executat i presentat.<\/p>\n<p><img loading=\"lazy\" class=\"size-full wp-image-112 aligncenter\" src=\"http:\/\/disseny-test.uoc.edu\/materials\/tfg\/wp-content\/uploads\/sites\/10\/2018\/11\/20141_06.jpg\" alt=\"\" width=\"700\" height=\"611\" srcset=\"http:\/\/disseny-test.uoc.edu\/materials\/tfg\/wp-content\/uploads\/sites\/10\/2018\/11\/20141_06.jpg 700w, http:\/\/disseny-test.uoc.edu\/materials\/tfg\/wp-content\/uploads\/sites\/10\/2018\/11\/20141_06-300x262.jpg 300w\" sizes=\"(max-width: 700px) 100vw, 700px\" \/> <img loading=\"lazy\" class=\"alignnone size-full wp-image-113\" src=\"http:\/\/disseny-test.uoc.edu\/materials\/tfg\/wp-content\/uploads\/sites\/10\/2018\/11\/20141_07.jpg\" alt=\"\" width=\"800\" height=\"536\" srcset=\"http:\/\/disseny-test.uoc.edu\/materials\/tfg\/wp-content\/uploads\/sites\/10\/2018\/11\/20141_07.jpg 800w, http:\/\/disseny-test.uoc.edu\/materials\/tfg\/wp-content\/uploads\/sites\/10\/2018\/11\/20141_07-300x201.jpg 300w, http:\/\/disseny-test.uoc.edu\/materials\/tfg\/wp-content\/uploads\/sites\/10\/2018\/11\/20141_07-768x515.jpg 768w\" sizes=\"(max-width: 800px) 100vw, 800px\" \/><\/p>\n<p><strong>TFG: An\u00e0lisi d&#8217;una narraci\u00f3 interactiva sobre la Primera Guerra Mundial<\/strong><\/p>\n<p><strong>Autora<\/strong>: Cristina Fust\u00e9 Gir\u00f3<\/p>\n<p>Aquest tipus de treball seria una mena d&#8217;h\u00edbrid entre el professionalitzador i l&#8217;investigador en l&#8217;\u00e0mbit de la interacci\u00f3. L&#8217;autora analitza com la linealitat de la hist\u00f2ria d&#8217;un webdoc divulgatiu sobre la Primera Guerra Mundial a <em>The Guardian <\/em>pot ser diferent per a qualsevol usuari i com deixar que l&#8217;usuari tri\u00ef com vol que sigui la narraci\u00f3.<\/p>\n<p>Es va ficar de ple en les entranyes de la narraci\u00f3 i va treure una s\u00e8rie de conclusions sobre aix\u00f2:<\/p>\n<ul>\n<li>El webdoc trenca amb l&#8217;esquema de la representaci\u00f3 f\u00edlmica alliberant l&#8217;espai i el temps.<\/li>\n<li>L&#8217;usuari pot navegar pels diferents apartats amb control propi i autonomia per a avan\u00e7ar d&#8217;una manera no lineal.<\/li>\n<\/ul>\n<p>Una de les imatges generades per l&#8217;autora mostra la descomposici\u00f3 del webdoc pel que fa a la seva navegaci\u00f3 alhora que aquest ofereix el contingut per cap\u00edtols.<\/p>\n<p><img loading=\"lazy\" class=\"alignnone size-full wp-image-114\" src=\"http:\/\/disseny-test.uoc.edu\/materials\/tfg\/wp-content\/uploads\/sites\/10\/2018\/11\/20141_08.jpg\" alt=\"\" width=\"800\" height=\"892\" srcset=\"http:\/\/disseny-test.uoc.edu\/materials\/tfg\/wp-content\/uploads\/sites\/10\/2018\/11\/20141_08.jpg 800w, http:\/\/disseny-test.uoc.edu\/materials\/tfg\/wp-content\/uploads\/sites\/10\/2018\/11\/20141_08-269x300.jpg 269w, http:\/\/disseny-test.uoc.edu\/materials\/tfg\/wp-content\/uploads\/sites\/10\/2018\/11\/20141_08-768x856.jpg 768w\" sizes=\"(max-width: 800px) 100vw, 800px\" \/><\/p>\n<p><strong>TFG: <em>Chord<\/em>: una xarxa per a potenciar la m\u00fasica en viu<\/strong><\/p>\n<p><strong>Autor<\/strong>: Francisco Dur\u00e1n Aparici<\/p>\n<p>L&#8217;autor va dissenyar pel seu TFG una plataforma a qu\u00e8 va batejar com <em>Chord<\/em>. Aquesta es va dissenyar seguint un procediment iteratiu i va desenvolupar l&#8217;arquitectura de la informaci\u00f3 i el disseny de les interf\u00edcies, <em>wireframes<\/em> i prototips de baixa resoluci\u00f3 i <em>pixel-perfect<\/em>.<\/p>\n<p>Amb la finalitat de mantenir vius els circuits de m\u00fasica en viu i refor\u00e7ar l&#8217;escena local, l&#8217;autor va voler amb aquesta plataforma fomentar la col\u00b7laboraci\u00f3 i la cohesi\u00f3 dels m\u00fasics.<\/p>\n<p>Aquest TFG \u00e9s interessant perqu\u00e8 s&#8217;han compaginat molt b\u00e9 els interessos personals del creador amb una voluntat de millorar un aspecte de la societat i, a m\u00e9s, es van conjugar molt b\u00e9 tots els aprenentatges i tecnologies adquirides durant el grau.<\/p>\n","protected":false},"excerpt":{"rendered":"<p>A l&#8217;enlla\u00e7 seg\u00fcent trobareu alguns exemples de TFG d&#8217;alumnes de la UOC que us poden ser de refer\u00e8ncia per la seva qualitat i bon fer: https:\/\/mosaic.uoc.edu\/tag\/experiencias\/. En el moment de la confecci\u00f3 d&#8217;aquesta guia, no hi ha exemples del grau de Disseny i Creaci\u00f3 Digital, per\u00f2 a continuaci\u00f3 indiquem tres treballs que destaquen per la [&hellip;]<\/p>\n","protected":false},"author":1,"featured_media":0,"parent":0,"menu_order":0,"comment_status":"closed","ping_status":"closed","template":"","meta":{"inline_featured_image":false},"acf":[],"_links":{"self":[{"href":"http:\/\/disseny-test.uoc.edu\/materials\/tfg\/wp-json\/wp\/v2\/pages\/216"}],"collection":[{"href":"http:\/\/disseny-test.uoc.edu\/materials\/tfg\/wp-json\/wp\/v2\/pages"}],"about":[{"href":"http:\/\/disseny-test.uoc.edu\/materials\/tfg\/wp-json\/wp\/v2\/types\/page"}],"author":[{"embeddable":true,"href":"http:\/\/disseny-test.uoc.edu\/materials\/tfg\/wp-json\/wp\/v2\/users\/1"}],"replies":[{"embeddable":true,"href":"http:\/\/disseny-test.uoc.edu\/materials\/tfg\/wp-json\/wp\/v2\/comments?post=216"}],"version-history":[{"count":2,"href":"http:\/\/disseny-test.uoc.edu\/materials\/tfg\/wp-json\/wp\/v2\/pages\/216\/revisions"}],"predecessor-version":[{"id":295,"href":"http:\/\/disseny-test.uoc.edu\/materials\/tfg\/wp-json\/wp\/v2\/pages\/216\/revisions\/295"}],"wp:attachment":[{"href":"http:\/\/disseny-test.uoc.edu\/materials\/tfg\/wp-json\/wp\/v2\/media?parent=216"}],"curies":[{"name":"wp","href":"https:\/\/api.w.org\/{rel}","templated":true}]}}