{"id":379,"date":"2019-01-07T13:57:11","date_gmt":"2019-01-07T11:57:11","guid":{"rendered":"http:\/\/disseny-test.uoc.edu\/materials\/tipografia-avan\/?page_id=379"},"modified":"2019-01-10T15:40:56","modified_gmt":"2019-01-10T13:40:56","slug":"1-2-2-la-minuscula-carolina","status":"publish","type":"page","link":"http:\/\/disseny-test.uoc.edu\/materials\/tipografia-avan\/1-2-2-la-minuscula-carolina\/","title":{"rendered":"1.2.2. La min\u00fascula carolina"},"content":{"rendered":"<p>Despr\u00e9s de la caiguda de l\u2019Imperi Rom\u00e0 al segle <span class=\"roman\">v<\/span>, Europa occidental es converteix en un munt de regions a\u00efllades que no tenen la necessitat de comunicar-se. Aquesta falta d\u2019informaci\u00f3 creuada va derivar en diferents evolucions de les formes de les lletres a cada territori, igual que va oc\u00f3rrer amb els idiomes.<\/p>\n<p>L\u2019any 800, l\u2019emperador Carlemany va envair gaireb\u00e9 tot Europa occidental. Conscient del valor del text com a difusor d\u2019idees i com a instrument de governabilitat, va encarregar a un acad\u00e8mic la creaci\u00f3 d\u2019una nova escriptura basada en la uncial romana original. L\u2019objectiu era que totes les nacions se sentissin c\u00f2modes amb les noves formes de les lletres, per\u00f2 que a m\u00e9s els resultessin f\u00e0cils de llegir i escriure.<\/p>\n<p>Les lletres min\u00fascules del nostre alfabet llat\u00ed actual provenen de la min\u00fascula carolina, tamb\u00e9 coneguda com a fundacional.<\/p>\n<figure id=\"attachment_73\" aria-describedby=\"caption-attachment-73\" style=\"width: 800px\" class=\"wp-caption alignnone\"><img loading=\"lazy\" class=\"size-full wp-image-73\" src=\"http:\/\/disseny-test.uoc.edu\/materials\/tipografia-avan\/wp-content\/uploads\/sites\/13\/2018\/12\/20140_m1_004.jpg\" alt=\"\" width=\"800\" height=\"537\" srcset=\"http:\/\/disseny-test.uoc.edu\/materials\/tipografia-avan\/wp-content\/uploads\/sites\/13\/2018\/12\/20140_m1_004.jpg 800w, http:\/\/disseny-test.uoc.edu\/materials\/tipografia-avan\/wp-content\/uploads\/sites\/13\/2018\/12\/20140_m1_004-300x201.jpg 300w, http:\/\/disseny-test.uoc.edu\/materials\/tipografia-avan\/wp-content\/uploads\/sites\/13\/2018\/12\/20140_m1_004-768x516.jpg 768w\" sizes=\"(max-width: 800px) 100vw, 800px\" \/><figcaption id=\"caption-attachment-73\" class=\"wp-caption-text\"><span lang=\"CA\">L\u00e0mina d\u2019estudi d\u2019un model de lletra carolina cl\u00e0ssica. Origen: Claude Mediavilla. <i>Caligraf\u00eda<\/i>.<\/span><\/figcaption><\/figure>\n","protected":false},"excerpt":{"rendered":"<p>Despr\u00e9s de la caiguda de l\u2019Imperi Rom\u00e0 al segle , Europa occidental es converteix en un munt de regions a\u00efllades que no tenen la necessitat de comunicar-se. Aquesta falta d\u2019informaci\u00f3 creuada va derivar en diferents evolucions de les formes de les lletres a cada territori, igual que va oc\u00f3rrer amb els idiomes. L\u2019any 800, l\u2019emperador [&hellip;]<\/p>\n","protected":false},"author":1,"featured_media":0,"parent":0,"menu_order":0,"comment_status":"closed","ping_status":"closed","template":"","meta":{"inline_featured_image":false},"acf":[],"_links":{"self":[{"href":"http:\/\/disseny-test.uoc.edu\/materials\/tipografia-avan\/wp-json\/wp\/v2\/pages\/379"}],"collection":[{"href":"http:\/\/disseny-test.uoc.edu\/materials\/tipografia-avan\/wp-json\/wp\/v2\/pages"}],"about":[{"href":"http:\/\/disseny-test.uoc.edu\/materials\/tipografia-avan\/wp-json\/wp\/v2\/types\/page"}],"author":[{"embeddable":true,"href":"http:\/\/disseny-test.uoc.edu\/materials\/tipografia-avan\/wp-json\/wp\/v2\/users\/1"}],"replies":[{"embeddable":true,"href":"http:\/\/disseny-test.uoc.edu\/materials\/tipografia-avan\/wp-json\/wp\/v2\/comments?post=379"}],"version-history":[{"count":4,"href":"http:\/\/disseny-test.uoc.edu\/materials\/tipografia-avan\/wp-json\/wp\/v2\/pages\/379\/revisions"}],"predecessor-version":[{"id":606,"href":"http:\/\/disseny-test.uoc.edu\/materials\/tipografia-avan\/wp-json\/wp\/v2\/pages\/379\/revisions\/606"}],"wp:attachment":[{"href":"http:\/\/disseny-test.uoc.edu\/materials\/tipografia-avan\/wp-json\/wp\/v2\/media?parent=379"}],"curies":[{"name":"wp","href":"https:\/\/api.w.org\/{rel}","templated":true}]}}