{"id":385,"date":"2019-01-08T07:42:58","date_gmt":"2019-01-08T05:42:58","guid":{"rendered":"http:\/\/disseny-test.uoc.edu\/materials\/tipografia-avan\/?page_id=385"},"modified":"2019-01-08T13:00:47","modified_gmt":"2019-01-08T11:00:47","slug":"1-2-5-lescriptura-amb-pinzell","status":"publish","type":"page","link":"http:\/\/disseny-test.uoc.edu\/materials\/tipografia-avan\/1-2-5-lescriptura-amb-pinzell\/","title":{"rendered":"1.2.5. L\u2019escriptura amb pinzell"},"content":{"rendered":"<p><span lang=\"CA\">Un estil cal\u00b7ligr\u00e0fic molt en voga en l\u2019actualitat \u00e9s el que es realitza amb pinzell de punta rodona prenent com a refer\u00e8ncia els models d\u2019escriptures human\u00edstiques. A difer\u00e8ncia de les lletres que hem vist fins al moment, realitzades amb plomes i canyes, el pinzell \u00e9s una eina que funciona per pressi\u00f3: com m\u00e9s pressi\u00f3, m\u00e9s gruixut ser\u00e0 el tra\u00e7. La ploma i la canya funcionen d\u2019una altra manera: el gruix del tra\u00e7 ve determinat per l\u2019angle amb el qual sostenim l\u2019eina.<\/span><\/p>\n<figure id=\"attachment_76\" aria-describedby=\"caption-attachment-76\" style=\"width: 800px\" class=\"wp-caption alignnone\"><img loading=\"lazy\" class=\"size-full wp-image-76\" src=\"http:\/\/disseny-test.uoc.edu\/materials\/tipografia-avan\/wp-content\/uploads\/sites\/13\/2018\/12\/20140_m1_007.jpg\" alt=\"\" width=\"800\" height=\"642\" srcset=\"http:\/\/disseny-test.uoc.edu\/materials\/tipografia-avan\/wp-content\/uploads\/sites\/13\/2018\/12\/20140_m1_007.jpg 800w, http:\/\/disseny-test.uoc.edu\/materials\/tipografia-avan\/wp-content\/uploads\/sites\/13\/2018\/12\/20140_m1_007-300x241.jpg 300w, http:\/\/disseny-test.uoc.edu\/materials\/tipografia-avan\/wp-content\/uploads\/sites\/13\/2018\/12\/20140_m1_007-768x616.jpg 768w\" sizes=\"(max-width: 800px) 100vw, 800px\" \/><figcaption id=\"caption-attachment-76\" class=\"wp-caption-text\"><span lang=\"CA\">Exercici de lletra cal\u00b7ligr\u00e0fica en pinzell punxegut. Realitzat per Iv\u00e1n Castro.<\/span><\/figcaption><\/figure>\n","protected":false},"excerpt":{"rendered":"<p>Un estil cal\u00b7ligr\u00e0fic molt en voga en l\u2019actualitat \u00e9s el que es realitza amb pinzell de punta rodona prenent com a refer\u00e8ncia els models d\u2019escriptures human\u00edstiques. A difer\u00e8ncia de les lletres que hem vist fins al moment, realitzades amb plomes i canyes, el pinzell \u00e9s una eina que funciona per pressi\u00f3: com m\u00e9s pressi\u00f3, m\u00e9s [&hellip;]<\/p>\n","protected":false},"author":1,"featured_media":0,"parent":0,"menu_order":0,"comment_status":"closed","ping_status":"closed","template":"","meta":{"inline_featured_image":false},"acf":[],"_links":{"self":[{"href":"http:\/\/disseny-test.uoc.edu\/materials\/tipografia-avan\/wp-json\/wp\/v2\/pages\/385"}],"collection":[{"href":"http:\/\/disseny-test.uoc.edu\/materials\/tipografia-avan\/wp-json\/wp\/v2\/pages"}],"about":[{"href":"http:\/\/disseny-test.uoc.edu\/materials\/tipografia-avan\/wp-json\/wp\/v2\/types\/page"}],"author":[{"embeddable":true,"href":"http:\/\/disseny-test.uoc.edu\/materials\/tipografia-avan\/wp-json\/wp\/v2\/users\/1"}],"replies":[{"embeddable":true,"href":"http:\/\/disseny-test.uoc.edu\/materials\/tipografia-avan\/wp-json\/wp\/v2\/comments?post=385"}],"version-history":[{"count":2,"href":"http:\/\/disseny-test.uoc.edu\/materials\/tipografia-avan\/wp-json\/wp\/v2\/pages\/385\/revisions"}],"predecessor-version":[{"id":431,"href":"http:\/\/disseny-test.uoc.edu\/materials\/tipografia-avan\/wp-json\/wp\/v2\/pages\/385\/revisions\/431"}],"wp:attachment":[{"href":"http:\/\/disseny-test.uoc.edu\/materials\/tipografia-avan\/wp-json\/wp\/v2\/media?parent=385"}],"curies":[{"name":"wp","href":"https:\/\/api.w.org\/{rel}","templated":true}]}}