{"id":389,"date":"2019-01-07T13:58:58","date_gmt":"2019-01-07T11:58:58","guid":{"rendered":"http:\/\/disseny-test.uoc.edu\/materials\/tipografia-avan\/?page_id=389"},"modified":"2019-01-22T16:30:27","modified_gmt":"2019-01-22T14:30:27","slug":"1-3-1-la-script","status":"publish","type":"page","link":"http:\/\/disseny-test.uoc.edu\/materials\/tipografia-avan\/1-3-1-la-script\/","title":{"rendered":"1.3.1. La <em>script<\/em>"},"content":{"rendered":"<p><span lang=\"CA\">Dins de la denominaci\u00f3 <i>script,\u00a0<\/i>en <i>lettering\u00a0<\/i>tenim una \u00e0mplia varietat de possibilitats, sempre que seguim una estructura de cursiva cont\u00ednua. Un bon punt de partida per dibuixar un r\u00e8tol d\u2019estil <i>script\u00a0<\/i>\u00e9s cal\u00b7ligrafiar en it\u00e0lica o anglesa. Com ja hem vist, tenir una base s\u00f2lida en cal\u00b7ligrafia ens donar\u00e0 moltes pistes per saber com construir lletres dibuixades en aquest estil, encara que tenim la possibilitat de reinterpretar per complet la forma i els acabats de la lletra per portar-los a un altre nivell d\u2019expressivitat i car\u00e0cter.<\/span><\/p>\n<figure id=\"attachment_78\" aria-describedby=\"caption-attachment-78\" style=\"width: 800px\" class=\"wp-caption alignnone\"><img loading=\"lazy\" class=\"wp-image-78 size-full\" src=\"http:\/\/disseny-test.uoc.edu\/materials\/tipografia-avan\/wp-content\/uploads\/sites\/13\/2018\/12\/20140_m1_009.jpg\" alt=\"\" width=\"800\" height=\"579\" srcset=\"http:\/\/disseny-test.uoc.edu\/materials\/tipografia-avan\/wp-content\/uploads\/sites\/13\/2018\/12\/20140_m1_009.jpg 800w, http:\/\/disseny-test.uoc.edu\/materials\/tipografia-avan\/wp-content\/uploads\/sites\/13\/2018\/12\/20140_m1_009-300x217.jpg 300w, http:\/\/disseny-test.uoc.edu\/materials\/tipografia-avan\/wp-content\/uploads\/sites\/13\/2018\/12\/20140_m1_009-768x556.jpg 768w\" sizes=\"(max-width: 800px) 100vw, 800px\" \/><figcaption id=\"caption-attachment-78\" class=\"wp-caption-text\"><i><span lang=\"CA\">Lettering<\/span><\/i><span lang=\"CA\">, estil <i>script\u00a0<\/i>realitzat per a la revista alemanya <i>Glamur Magazine<\/i>, de Martina Flor. <\/span><\/figcaption><\/figure>\n","protected":false},"excerpt":{"rendered":"<p>Dins de la denominaci\u00f3 script,\u00a0en lettering\u00a0tenim una \u00e0mplia varietat de possibilitats, sempre que seguim una estructura de cursiva cont\u00ednua. Un bon punt de partida per dibuixar un r\u00e8tol d\u2019estil script\u00a0\u00e9s cal\u00b7ligrafiar en it\u00e0lica o anglesa. Com ja hem vist, tenir una base s\u00f2lida en cal\u00b7ligrafia ens donar\u00e0 moltes pistes per saber com construir lletres dibuixades [&hellip;]<\/p>\n","protected":false},"author":1,"featured_media":0,"parent":0,"menu_order":0,"comment_status":"closed","ping_status":"closed","template":"","meta":{"inline_featured_image":false},"acf":[],"_links":{"self":[{"href":"http:\/\/disseny-test.uoc.edu\/materials\/tipografia-avan\/wp-json\/wp\/v2\/pages\/389"}],"collection":[{"href":"http:\/\/disseny-test.uoc.edu\/materials\/tipografia-avan\/wp-json\/wp\/v2\/pages"}],"about":[{"href":"http:\/\/disseny-test.uoc.edu\/materials\/tipografia-avan\/wp-json\/wp\/v2\/types\/page"}],"author":[{"embeddable":true,"href":"http:\/\/disseny-test.uoc.edu\/materials\/tipografia-avan\/wp-json\/wp\/v2\/users\/1"}],"replies":[{"embeddable":true,"href":"http:\/\/disseny-test.uoc.edu\/materials\/tipografia-avan\/wp-json\/wp\/v2\/comments?post=389"}],"version-history":[{"count":5,"href":"http:\/\/disseny-test.uoc.edu\/materials\/tipografia-avan\/wp-json\/wp\/v2\/pages\/389\/revisions"}],"predecessor-version":[{"id":678,"href":"http:\/\/disseny-test.uoc.edu\/materials\/tipografia-avan\/wp-json\/wp\/v2\/pages\/389\/revisions\/678"}],"wp:attachment":[{"href":"http:\/\/disseny-test.uoc.edu\/materials\/tipografia-avan\/wp-json\/wp\/v2\/media?parent=389"}],"curies":[{"name":"wp","href":"https:\/\/api.w.org\/{rel}","templated":true}]}}