{"id":418,"date":"2019-01-07T14:02:56","date_gmt":"2019-01-07T12:02:56","guid":{"rendered":"http:\/\/disseny-test.uoc.edu\/materials\/tipografia-avan\/?page_id=418"},"modified":"2019-01-10T15:59:49","modified_gmt":"2019-01-10T13:59:49","slug":"2-2-2-caixa-alta-o-majuscules","status":"publish","type":"page","link":"http:\/\/disseny-test.uoc.edu\/materials\/tipografia-avan\/2-2-2-caixa-alta-o-majuscules\/","title":{"rendered":"2.2.2. Caixa alta o maj\u00fascules"},"content":{"rendered":"<p>Quan antigament a la impremta s\u2019utilitzaven tipus de plom, aquests es guardaven segons un ordre determinat dins d\u2019unes caixes en un moble denominat cavallet o\u00a0<em>chibalete<\/em>. Aquestes caixes estaven dividides en dos prestatges: un de superior, on es col\u00b7locaven les maj\u00fascules; i un altre inferior, en el qual estaven les min\u00fascules. D\u2019aqu\u00ed deriven els noms alternatius de \u00abcaixa alta\u00bb i \u00abcaixa baixa\u00bb.<\/p>\n<p>El grup de les maj\u00fascules compr\u00e8n les vocals, les consonants, algunes vocals i consonants accentuades, la ce trencada (<em>\u00c7<\/em>), la titlla de la <em>\u00d1<\/em>, i les lligadures entre els car\u00e0cters <em>A\/E <\/em>i <em>O<\/em>\/<em>E<\/em>.<\/p>\n<p><img loading=\"lazy\" class=\"alignnone size-full wp-image-84\" src=\"http:\/\/disseny-test.uoc.edu\/materials\/tipografia-avan\/wp-content\/uploads\/sites\/13\/2018\/12\/20140_m1_015.jpg\" alt=\"\" width=\"800\" height=\"347\" srcset=\"http:\/\/disseny-test.uoc.edu\/materials\/tipografia-avan\/wp-content\/uploads\/sites\/13\/2018\/12\/20140_m1_015.jpg 800w, http:\/\/disseny-test.uoc.edu\/materials\/tipografia-avan\/wp-content\/uploads\/sites\/13\/2018\/12\/20140_m1_015-300x130.jpg 300w, http:\/\/disseny-test.uoc.edu\/materials\/tipografia-avan\/wp-content\/uploads\/sites\/13\/2018\/12\/20140_m1_015-768x333.jpg 768w\" sizes=\"(max-width: 800px) 100vw, 800px\" \/><\/p>\n","protected":false},"excerpt":{"rendered":"<p>Quan antigament a la impremta s\u2019utilitzaven tipus de plom, aquests es guardaven segons un ordre determinat dins d\u2019unes caixes en un moble denominat cavallet o\u00a0chibalete. Aquestes caixes estaven dividides en dos prestatges: un de superior, on es col\u00b7locaven les maj\u00fascules; i un altre inferior, en el qual estaven les min\u00fascules. D\u2019aqu\u00ed deriven els noms alternatius [&hellip;]<\/p>\n","protected":false},"author":1,"featured_media":0,"parent":0,"menu_order":0,"comment_status":"closed","ping_status":"closed","template":"","meta":{"inline_featured_image":false},"acf":[],"_links":{"self":[{"href":"http:\/\/disseny-test.uoc.edu\/materials\/tipografia-avan\/wp-json\/wp\/v2\/pages\/418"}],"collection":[{"href":"http:\/\/disseny-test.uoc.edu\/materials\/tipografia-avan\/wp-json\/wp\/v2\/pages"}],"about":[{"href":"http:\/\/disseny-test.uoc.edu\/materials\/tipografia-avan\/wp-json\/wp\/v2\/types\/page"}],"author":[{"embeddable":true,"href":"http:\/\/disseny-test.uoc.edu\/materials\/tipografia-avan\/wp-json\/wp\/v2\/users\/1"}],"replies":[{"embeddable":true,"href":"http:\/\/disseny-test.uoc.edu\/materials\/tipografia-avan\/wp-json\/wp\/v2\/comments?post=418"}],"version-history":[{"count":4,"href":"http:\/\/disseny-test.uoc.edu\/materials\/tipografia-avan\/wp-json\/wp\/v2\/pages\/418\/revisions"}],"predecessor-version":[{"id":619,"href":"http:\/\/disseny-test.uoc.edu\/materials\/tipografia-avan\/wp-json\/wp\/v2\/pages\/418\/revisions\/619"}],"wp:attachment":[{"href":"http:\/\/disseny-test.uoc.edu\/materials\/tipografia-avan\/wp-json\/wp\/v2\/media?parent=418"}],"curies":[{"name":"wp","href":"https:\/\/api.w.org\/{rel}","templated":true}]}}