{"id":448,"date":"2019-01-07T14:11:27","date_gmt":"2019-01-07T12:11:27","guid":{"rendered":"http:\/\/disseny-test.uoc.edu\/materials\/tipografia-avan\/?page_id=448"},"modified":"2019-01-08T13:02:41","modified_gmt":"2019-01-08T11:02:41","slug":"2-2-7-signes-de-puntuacio","status":"publish","type":"page","link":"http:\/\/disseny-test.uoc.edu\/materials\/tipografia-avan\/2-2-7-signes-de-puntuacio\/","title":{"rendered":"2.2.7. Signes de puntuaci\u00f3"},"content":{"rendered":"<p>Totes les fonts contenen aquest tipus de car\u00e0cters, encara que poden variar d\u2019una tipografia a una altra. Solen delimitar frases i par\u00e0grafs, estableixen jerarquia sint\u00e0ctica per estructurar un text i emfatitzen conceptes. \u00c9s important familiaritzar-se amb aquest tipus de car\u00e0cters, ja que s\u00f3n molt m\u00e9s importants del que semblen.<\/p>\n<p><img loading=\"lazy\" class=\"alignnone size-full wp-image-92\" src=\"http:\/\/disseny-test.uoc.edu\/materials\/tipografia-avan\/wp-content\/uploads\/sites\/13\/2018\/12\/20140_m1_023.jpg\" alt=\"\" width=\"800\" height=\"417\" srcset=\"http:\/\/disseny-test.uoc.edu\/materials\/tipografia-avan\/wp-content\/uploads\/sites\/13\/2018\/12\/20140_m1_023.jpg 800w, http:\/\/disseny-test.uoc.edu\/materials\/tipografia-avan\/wp-content\/uploads\/sites\/13\/2018\/12\/20140_m1_023-300x156.jpg 300w, http:\/\/disseny-test.uoc.edu\/materials\/tipografia-avan\/wp-content\/uploads\/sites\/13\/2018\/12\/20140_m1_023-768x400.jpg 768w\" sizes=\"(max-width: 800px) 100vw, 800px\" \/><\/p>\n","protected":false},"excerpt":{"rendered":"<p>Totes les fonts contenen aquest tipus de car\u00e0cters, encara que poden variar d\u2019una tipografia a una altra. Solen delimitar frases i par\u00e0grafs, estableixen jerarquia sint\u00e0ctica per estructurar un text i emfatitzen conceptes. \u00c9s important familiaritzar-se amb aquest tipus de car\u00e0cters, ja que s\u00f3n molt m\u00e9s importants del que semblen.<\/p>\n","protected":false},"author":1,"featured_media":0,"parent":0,"menu_order":0,"comment_status":"closed","ping_status":"closed","template":"","meta":{"inline_featured_image":false},"acf":[],"_links":{"self":[{"href":"http:\/\/disseny-test.uoc.edu\/materials\/tipografia-avan\/wp-json\/wp\/v2\/pages\/448"}],"collection":[{"href":"http:\/\/disseny-test.uoc.edu\/materials\/tipografia-avan\/wp-json\/wp\/v2\/pages"}],"about":[{"href":"http:\/\/disseny-test.uoc.edu\/materials\/tipografia-avan\/wp-json\/wp\/v2\/types\/page"}],"author":[{"embeddable":true,"href":"http:\/\/disseny-test.uoc.edu\/materials\/tipografia-avan\/wp-json\/wp\/v2\/users\/1"}],"replies":[{"embeddable":true,"href":"http:\/\/disseny-test.uoc.edu\/materials\/tipografia-avan\/wp-json\/wp\/v2\/comments?post=448"}],"version-history":[{"count":2,"href":"http:\/\/disseny-test.uoc.edu\/materials\/tipografia-avan\/wp-json\/wp\/v2\/pages\/448\/revisions"}],"predecessor-version":[{"id":453,"href":"http:\/\/disseny-test.uoc.edu\/materials\/tipografia-avan\/wp-json\/wp\/v2\/pages\/448\/revisions\/453"}],"wp:attachment":[{"href":"http:\/\/disseny-test.uoc.edu\/materials\/tipografia-avan\/wp-json\/wp\/v2\/media?parent=448"}],"curies":[{"name":"wp","href":"https:\/\/api.w.org\/{rel}","templated":true}]}}

2.2.7. Signes de puntuació

<p>Totes les fonts contenen aquest tipus de caràcters, encara que poden variar d’una tipografia a una altra. Solen delimitar frases i paràgrafs, estableixen jerarquia sintàctica per estructurar un text i emfatitzen conceptes. És important familiaritzar-se amb aquest tipus de caràcters, ja que són molt més importants del que semblen.</p>
<p><img loading="lazy" class="alignnone size-full wp-image-92" src="http://disseny-test.uoc.edu/materials/tipografia-avan/wp-content/uploads/sites/13/2018/12/20140_m1_023.jpg" alt="" width="800" height="417" srcset="http://disseny-test.uoc.edu/materials/tipografia-avan/wp-content/uploads/sites/13/2018/12/20140_m1_023.jpg 800w, http://disseny-test.uoc.edu/materials/tipografia-avan/wp-content/uploads/sites/13/2018/12/20140_m1_023-300x156.jpg 300w, http://disseny-test.uoc.edu/materials/tipografia-avan/wp-content/uploads/sites/13/2018/12/20140_m1_023-768x400.jpg 768w" sizes="(max-width: 800px) 100vw, 800px" /></p>

<p>Totes les fonts contenen aquest tipus de caràcters, encara que poden variar d’una tipografia a una altra. Solen delimitar frases i paràgrafs, estableixen jerarquia sintàctica per estructurar un text i emfatitzen conceptes. És important familiaritzar-se amb aquest tipus de caràcters, ja que són molt més importants del que semblen.</p>
