{"id":454,"date":"2019-01-07T14:12:52","date_gmt":"2019-01-07T12:12:52","guid":{"rendered":"http:\/\/disseny-test.uoc.edu\/materials\/tipografia-avan\/?page_id=454"},"modified":"2019-01-22T16:44:06","modified_gmt":"2019-01-22T14:44:06","slug":"2-2-9-ornaments-o-dingbats","status":"publish","type":"page","link":"http:\/\/disseny-test.uoc.edu\/materials\/tipografia-avan\/2-2-9-ornaments-o-dingbats\/","title":{"rendered":"2.2.9. Ornaments o <em>dingbats<\/em>"},"content":{"rendered":"<p>Anomenem ornaments els diversos s\u00edmbols destinats a ser utilitzats juntament amb els car\u00e0cters tipogr\u00e0fics. La gran majoria es comercialitzen com una font completa, \u00e9s a dir, que no formen part de la tipografia, per\u00f2 en alguns casos els podem trobar com a part d\u2019aquesta.<\/p>\n<figure id=\"attachment_94\" aria-describedby=\"caption-attachment-94\" style=\"width: 800px\" class=\"wp-caption alignnone\"><img loading=\"lazy\" class=\"size-full wp-image-94\" src=\"http:\/\/disseny-test.uoc.edu\/materials\/tipografia-avan\/wp-content\/uploads\/sites\/13\/2018\/12\/20140_m1_025.jpg\" alt=\"\" width=\"800\" height=\"433\" srcset=\"http:\/\/disseny-test.uoc.edu\/materials\/tipografia-avan\/wp-content\/uploads\/sites\/13\/2018\/12\/20140_m1_025.jpg 800w, http:\/\/disseny-test.uoc.edu\/materials\/tipografia-avan\/wp-content\/uploads\/sites\/13\/2018\/12\/20140_m1_025-300x162.jpg 300w, http:\/\/disseny-test.uoc.edu\/materials\/tipografia-avan\/wp-content\/uploads\/sites\/13\/2018\/12\/20140_m1_025-768x416.jpg 768w\" sizes=\"(max-width: 800px) 100vw, 800px\" \/><figcaption id=\"caption-attachment-94\" class=\"wp-caption-text\">Ornaments corresponents a la font Zapf Dingbats<\/figcaption><\/figure>\n","protected":false},"excerpt":{"rendered":"<p>Anomenem ornaments els diversos s\u00edmbols destinats a ser utilitzats juntament amb els car\u00e0cters tipogr\u00e0fics. La gran majoria es comercialitzen com una font completa, \u00e9s a dir, que no formen part de la tipografia, per\u00f2 en alguns casos els podem trobar com a part d\u2019aquesta.<\/p>\n","protected":false},"author":1,"featured_media":0,"parent":0,"menu_order":0,"comment_status":"closed","ping_status":"closed","template":"","meta":{"inline_featured_image":false},"acf":[],"_links":{"self":[{"href":"http:\/\/disseny-test.uoc.edu\/materials\/tipografia-avan\/wp-json\/wp\/v2\/pages\/454"}],"collection":[{"href":"http:\/\/disseny-test.uoc.edu\/materials\/tipografia-avan\/wp-json\/wp\/v2\/pages"}],"about":[{"href":"http:\/\/disseny-test.uoc.edu\/materials\/tipografia-avan\/wp-json\/wp\/v2\/types\/page"}],"author":[{"embeddable":true,"href":"http:\/\/disseny-test.uoc.edu\/materials\/tipografia-avan\/wp-json\/wp\/v2\/users\/1"}],"replies":[{"embeddable":true,"href":"http:\/\/disseny-test.uoc.edu\/materials\/tipografia-avan\/wp-json\/wp\/v2\/comments?post=454"}],"version-history":[{"count":3,"href":"http:\/\/disseny-test.uoc.edu\/materials\/tipografia-avan\/wp-json\/wp\/v2\/pages\/454\/revisions"}],"predecessor-version":[{"id":684,"href":"http:\/\/disseny-test.uoc.edu\/materials\/tipografia-avan\/wp-json\/wp\/v2\/pages\/454\/revisions\/684"}],"wp:attachment":[{"href":"http:\/\/disseny-test.uoc.edu\/materials\/tipografia-avan\/wp-json\/wp\/v2\/media?parent=454"}],"curies":[{"name":"wp","href":"https:\/\/api.w.org\/{rel}","templated":true}]}}