{"id":458,"date":"2019-01-07T14:18:33","date_gmt":"2019-01-07T12:18:33","guid":{"rendered":"http:\/\/disseny-test.uoc.edu\/materials\/tipografia-avan\/?page_id=458"},"modified":"2019-01-10T16:55:32","modified_gmt":"2019-01-10T14:55:32","slug":"2-3-2-variants-dinclinacio","status":"publish","type":"page","link":"http:\/\/disseny-test.uoc.edu\/materials\/tipografia-avan\/2-3-2-variants-dinclinacio\/","title":{"rendered":"2.3.2. Variants d\u2019inclinaci\u00f3"},"content":{"rendered":"<p>Si les variants d\u2019eix modifiquen la inclinaci\u00f3 de la lletra, es canvia l\u2019estructura i apareix una alteraci\u00f3 en el ritme. Algunes vegades tamb\u00e9 es pot veure afectat el color, amb la qual cosa semblen una mica m\u00e9s primes.<\/p>\n<p>En la versi\u00f3 it\u00e0lica d\u2019una font, el disseny dels signes s\u2019ajusta per aconseguir un altre color. Normalment ocupa menys espai que la versi\u00f3 normal.<\/p>\n<p><img loading=\"lazy\" class=\"alignnone wp-image-583 size-full\" src=\"http:\/\/disseny-test.uoc.edu\/materials\/tipografia-avan\/wp-content\/uploads\/sites\/13\/2019\/01\/20140_m1_026.jpg\" alt=\"\" width=\"800\" height=\"481\" srcset=\"http:\/\/disseny-test.uoc.edu\/materials\/tipografia-avan\/wp-content\/uploads\/sites\/13\/2019\/01\/20140_m1_026.jpg 800w, http:\/\/disseny-test.uoc.edu\/materials\/tipografia-avan\/wp-content\/uploads\/sites\/13\/2019\/01\/20140_m1_026-300x180.jpg 300w, http:\/\/disseny-test.uoc.edu\/materials\/tipografia-avan\/wp-content\/uploads\/sites\/13\/2019\/01\/20140_m1_026-768x462.jpg 768w\" sizes=\"(max-width: 800px) 100vw, 800px\" \/><\/p>\n<p><img loading=\"lazy\" class=\"alignnone wp-image-584 size-full\" src=\"http:\/\/disseny-test.uoc.edu\/materials\/tipografia-avan\/wp-content\/uploads\/sites\/13\/2019\/01\/20140_m1_027.jpg\" alt=\"\" width=\"800\" height=\"413\" srcset=\"http:\/\/disseny-test.uoc.edu\/materials\/tipografia-avan\/wp-content\/uploads\/sites\/13\/2019\/01\/20140_m1_027.jpg 800w, http:\/\/disseny-test.uoc.edu\/materials\/tipografia-avan\/wp-content\/uploads\/sites\/13\/2019\/01\/20140_m1_027-300x155.jpg 300w, http:\/\/disseny-test.uoc.edu\/materials\/tipografia-avan\/wp-content\/uploads\/sites\/13\/2019\/01\/20140_m1_027-768x396.jpg 768w\" sizes=\"(max-width: 800px) 100vw, 800px\" \/><\/p>\n","protected":false},"excerpt":{"rendered":"<p>Si les variants d\u2019eix modifiquen la inclinaci\u00f3 de la lletra, es canvia l\u2019estructura i apareix una alteraci\u00f3 en el ritme. Algunes vegades tamb\u00e9 es pot veure afectat el color, amb la qual cosa semblen una mica m\u00e9s primes. En la versi\u00f3 it\u00e0lica d\u2019una font, el disseny dels signes s\u2019ajusta per aconseguir un altre color. Normalment [&hellip;]<\/p>\n","protected":false},"author":1,"featured_media":0,"parent":0,"menu_order":0,"comment_status":"closed","ping_status":"closed","template":"","meta":{"inline_featured_image":false},"acf":[],"_links":{"self":[{"href":"http:\/\/disseny-test.uoc.edu\/materials\/tipografia-avan\/wp-json\/wp\/v2\/pages\/458"}],"collection":[{"href":"http:\/\/disseny-test.uoc.edu\/materials\/tipografia-avan\/wp-json\/wp\/v2\/pages"}],"about":[{"href":"http:\/\/disseny-test.uoc.edu\/materials\/tipografia-avan\/wp-json\/wp\/v2\/types\/page"}],"author":[{"embeddable":true,"href":"http:\/\/disseny-test.uoc.edu\/materials\/tipografia-avan\/wp-json\/wp\/v2\/users\/1"}],"replies":[{"embeddable":true,"href":"http:\/\/disseny-test.uoc.edu\/materials\/tipografia-avan\/wp-json\/wp\/v2\/comments?post=458"}],"version-history":[{"count":3,"href":"http:\/\/disseny-test.uoc.edu\/materials\/tipografia-avan\/wp-json\/wp\/v2\/pages\/458\/revisions"}],"predecessor-version":[{"id":658,"href":"http:\/\/disseny-test.uoc.edu\/materials\/tipografia-avan\/wp-json\/wp\/v2\/pages\/458\/revisions\/658"}],"wp:attachment":[{"href":"http:\/\/disseny-test.uoc.edu\/materials\/tipografia-avan\/wp-json\/wp\/v2\/media?parent=458"}],"curies":[{"name":"wp","href":"https:\/\/api.w.org\/{rel}","templated":true}]}}