{"id":467,"date":"2019-01-07T14:23:53","date_gmt":"2019-01-07T12:23:53","guid":{"rendered":"http:\/\/disseny-test.uoc.edu\/materials\/tipografia-avan\/?page_id=467"},"modified":"2019-01-22T16:55:22","modified_gmt":"2019-01-22T14:55:22","slug":"3-1-com-llegim","status":"publish","type":"page","link":"http:\/\/disseny-test.uoc.edu\/materials\/tipografia-avan\/3-1-com-llegim\/","title":{"rendered":"3.1. Com llegim"},"content":{"rendered":"<p>No llegim lletra per lletra, com f\u00e8iem quan \u00e9rem petits i encara est\u00e0vem aprenent a llegir. Despr\u00e9s d\u2019aquesta \u00e8poca inicial d\u2019aprenentatge, comencem a llegir paraula per paraula. Les paraules amb les quals ens hem familiaritzat s\u2019emmagatzemen en el nostre cervell, aix\u00ed que llegir \u00e9s b\u00e0sicament recon\u00e8ixer siluetes de paraules. En el proc\u00e9s de lectura, els nostres ulls es mouen tan r\u00e0pidament d\u2019esquerra a dreta que ni tan sols ens n\u2019adonem. Aquests moviments oculars s\u2019anomenen <em>sac\u00e0dics<\/em>. Despr\u00e9s de llegir una l\u00ednia de text, els nostres ulls prenen un breu respir fins que canvien el focus a la seg\u00fcent l\u00ednia de text. Si fem les l\u00ednies massa llargues, els ulls es cansaran aviat. Si deixem massa poc espai entre les l\u00ednies, solament aconseguirem confondre\u2019ns en canviar de l\u00ednia.<\/p>\n<p><img loading=\"lazy\" class=\"alignnone size-full wp-image-101\" src=\"http:\/\/disseny-test.uoc.edu\/materials\/tipografia-avan\/wp-content\/uploads\/sites\/13\/2018\/12\/20140_m1_032.jpg\" alt=\"\" width=\"800\" height=\"248\" srcset=\"http:\/\/disseny-test.uoc.edu\/materials\/tipografia-avan\/wp-content\/uploads\/sites\/13\/2018\/12\/20140_m1_032.jpg 800w, http:\/\/disseny-test.uoc.edu\/materials\/tipografia-avan\/wp-content\/uploads\/sites\/13\/2018\/12\/20140_m1_032-300x93.jpg 300w, http:\/\/disseny-test.uoc.edu\/materials\/tipografia-avan\/wp-content\/uploads\/sites\/13\/2018\/12\/20140_m1_032-768x238.jpg 768w\" sizes=\"(max-width: 800px) 100vw, 800px\" \/><\/p>\n<p>La tipografia pot millorar la llegibilitat d\u2019un text seguint els principis generals que han estat desenvolupats des de la primera m\u00e0quina d\u2019imprimir, cap al segle <span class=\"roman\">xv<\/span>.<\/p>\n<p>Un text ben compost \u00e9s m\u00e9s f\u00e0cil de llegir perqu\u00e8 t\u00e9 tots aquests factors en compte. Per aix\u00f2, la mida del text, la longitud de l\u00ednia i l\u2019interlineat s\u00f3n tan importants; amb aquests tres factors podem modelar l\u2019experi\u00e8ncia de la lectura. Hi ha tip\u00f2grafs que fan aix\u00f2 en llibres i dissenyadors gr\u00e0fics que fan el mateix aplicant-ho a revistes, p\u00e0gines web i altres mitjans, per\u00f2 els principis sempre s\u00f3n els mateixos.<\/p>\n<div class=\"featured featured-blue\"><\/p>\n<p><strong>Conclusi\u00f3 <\/strong><\/p>\n<p>No \u00e9s veritat que llegim lletra per lletra. Nom\u00e9s ho fem quan estem aprenent a llegir, en la inf\u00e0ncia. M\u00e9s endavant, ens acostumem a recon\u00e8ixer formes de lletres i la lectura es realitza de manera m\u00e9s \u00e0gil, mitjan\u00e7ant moviments oculars r\u00e0pids denominats <em>sac\u00e0dics<\/em>.<\/p>\n<p>\n<\/div>\n<p>&nbsp;<\/p>\n","protected":false},"excerpt":{"rendered":"<p>No llegim lletra per lletra, com f\u00e8iem quan \u00e9rem petits i encara est\u00e0vem aprenent a llegir. Despr\u00e9s d\u2019aquesta \u00e8poca inicial d\u2019aprenentatge, comencem a llegir paraula per paraula. Les paraules amb les quals ens hem familiaritzat s\u2019emmagatzemen en el nostre cervell, aix\u00ed que llegir \u00e9s b\u00e0sicament recon\u00e8ixer siluetes de paraules. En el proc\u00e9s de lectura, els [&hellip;]<\/p>\n","protected":false},"author":1,"featured_media":0,"parent":0,"menu_order":0,"comment_status":"closed","ping_status":"closed","template":"","meta":{"inline_featured_image":false},"acf":[],"_links":{"self":[{"href":"http:\/\/disseny-test.uoc.edu\/materials\/tipografia-avan\/wp-json\/wp\/v2\/pages\/467"}],"collection":[{"href":"http:\/\/disseny-test.uoc.edu\/materials\/tipografia-avan\/wp-json\/wp\/v2\/pages"}],"about":[{"href":"http:\/\/disseny-test.uoc.edu\/materials\/tipografia-avan\/wp-json\/wp\/v2\/types\/page"}],"author":[{"embeddable":true,"href":"http:\/\/disseny-test.uoc.edu\/materials\/tipografia-avan\/wp-json\/wp\/v2\/users\/1"}],"replies":[{"embeddable":true,"href":"http:\/\/disseny-test.uoc.edu\/materials\/tipografia-avan\/wp-json\/wp\/v2\/comments?post=467"}],"version-history":[{"count":3,"href":"http:\/\/disseny-test.uoc.edu\/materials\/tipografia-avan\/wp-json\/wp\/v2\/pages\/467\/revisions"}],"predecessor-version":[{"id":691,"href":"http:\/\/disseny-test.uoc.edu\/materials\/tipografia-avan\/wp-json\/wp\/v2\/pages\/467\/revisions\/691"}],"wp:attachment":[{"href":"http:\/\/disseny-test.uoc.edu\/materials\/tipografia-avan\/wp-json\/wp\/v2\/media?parent=467"}],"curies":[{"name":"wp","href":"https:\/\/api.w.org\/{rel}","templated":true}]}}