{"id":486,"date":"2019-01-07T14:44:42","date_gmt":"2019-01-07T12:44:42","guid":{"rendered":"http:\/\/disseny-test.uoc.edu\/materials\/tipografia-avan\/?page_id=486"},"modified":"2019-01-10T16:28:37","modified_gmt":"2019-01-10T14:28:37","slug":"4-2-4-multiple-master","status":"publish","type":"page","link":"http:\/\/disseny-test.uoc.edu\/materials\/tipografia-avan\/4-2-4-multiple-master\/","title":{"rendered":"4.2.4. Multiple Master"},"content":{"rendered":"<p>Multiple Master va ser una extensi\u00f3 del format tipogr\u00e0fic PostScript desenvolupat per Adobe a principi dels anys noranta i consistia en un sistema de fonts personalitzades en qu\u00e8 les seves caracter\u00edstiques es definien en termes d\u2019eixos de disseny variable, com l\u2019ample de lletra, l\u2019estil o la seva mida \u00f2ptica.<\/p>\n<p>Partint de tots aquests eixos, tamb\u00e9 anomenats <em>masters<\/em>, l\u2019usuari podia crear estils intermedis a mida de la font. Aquesta t\u00e8cnica s\u2019anomenava <em>interpolaci\u00f3<\/em>. Tot aix\u00f2 permetia crear una paleta personalitzada de fonts segons les necessitats del dissenyador.<\/p>\n<p>Encara que inicialment es presentava com una proposta innovadora, no va acabar funcionant, ja que un dels principals obstacles va ser que pr\u00e0cticament cap programa (excepte Adobe Illustrator) permetia poder crear la paleta de fonts dins de la mateixa aplicaci\u00f3. Per a aix\u00f2 s\u2019havia de sortir, accedir a un programa espec\u00edfic anomenat Adobe Type Manager (ATM), generar la font, instal\u00b7lar-la i tornar a entrar a l\u2019aplicaci\u00f3.<\/p>\n<figure id=\"attachment_118\" aria-describedby=\"caption-attachment-118\" style=\"width: 640px\" class=\"wp-caption alignnone\"><img loading=\"lazy\" class=\"wp-image-118\" src=\"http:\/\/disseny-test.uoc.edu\/materials\/tipografia-avan\/wp-content\/uploads\/sites\/13\/2018\/12\/20140_m1_049.jpg\" alt=\"\" width=\"640\" height=\"649\" srcset=\"http:\/\/disseny-test.uoc.edu\/materials\/tipografia-avan\/wp-content\/uploads\/sites\/13\/2018\/12\/20140_m1_049.jpg 800w, http:\/\/disseny-test.uoc.edu\/materials\/tipografia-avan\/wp-content\/uploads\/sites\/13\/2018\/12\/20140_m1_049-296x300.jpg 296w, http:\/\/disseny-test.uoc.edu\/materials\/tipografia-avan\/wp-content\/uploads\/sites\/13\/2018\/12\/20140_m1_049-768x779.jpg 768w\" sizes=\"(max-width: 640px) 100vw, 640px\" \/><figcaption id=\"caption-attachment-118\" class=\"wp-caption-text\">Mostra del sistema d\u2019eixos, o <em>masters,<\/em> del format Multiple Master<\/figcaption><\/figure>\n<figure id=\"attachment_119\" aria-describedby=\"caption-attachment-119\" style=\"width: 640px\" class=\"wp-caption alignnone\"><img loading=\"lazy\" class=\"wp-image-119\" src=\"http:\/\/disseny-test.uoc.edu\/materials\/tipografia-avan\/wp-content\/uploads\/sites\/13\/2018\/12\/20140_m1_050.jpg\" alt=\"\" width=\"640\" height=\"598\" srcset=\"http:\/\/disseny-test.uoc.edu\/materials\/tipografia-avan\/wp-content\/uploads\/sites\/13\/2018\/12\/20140_m1_050.jpg 800w, http:\/\/disseny-test.uoc.edu\/materials\/tipografia-avan\/wp-content\/uploads\/sites\/13\/2018\/12\/20140_m1_050-300x281.jpg 300w, http:\/\/disseny-test.uoc.edu\/materials\/tipografia-avan\/wp-content\/uploads\/sites\/13\/2018\/12\/20140_m1_050-768x718.jpg 768w\" sizes=\"(max-width: 640px) 100vw, 640px\" \/><figcaption id=\"caption-attachment-119\" class=\"wp-caption-text\">Finestra de l\u2019aplicaci\u00f3 Adobe Type Manager per crear els estils personalitzats partint dels tres eixos b\u00e0sics: <em>weight<\/em> (\u2018pes\u2019), <em>width<\/em> (\u2018ample\u2019) i <em>contrast<\/em> (\u2018mida \u00f2ptica\u2019)<\/figcaption><\/figure>\n","protected":false},"excerpt":{"rendered":"<p>Multiple Master va ser una extensi\u00f3 del format tipogr\u00e0fic PostScript desenvolupat per Adobe a principi dels anys noranta i consistia en un sistema de fonts personalitzades en qu\u00e8 les seves caracter\u00edstiques es definien en termes d\u2019eixos de disseny variable, com l\u2019ample de lletra, l\u2019estil o la seva mida \u00f2ptica. Partint de tots aquests eixos, tamb\u00e9 [&hellip;]<\/p>\n","protected":false},"author":1,"featured_media":0,"parent":0,"menu_order":0,"comment_status":"closed","ping_status":"closed","template":"","meta":{"inline_featured_image":false},"acf":[],"_links":{"self":[{"href":"http:\/\/disseny-test.uoc.edu\/materials\/tipografia-avan\/wp-json\/wp\/v2\/pages\/486"}],"collection":[{"href":"http:\/\/disseny-test.uoc.edu\/materials\/tipografia-avan\/wp-json\/wp\/v2\/pages"}],"about":[{"href":"http:\/\/disseny-test.uoc.edu\/materials\/tipografia-avan\/wp-json\/wp\/v2\/types\/page"}],"author":[{"embeddable":true,"href":"http:\/\/disseny-test.uoc.edu\/materials\/tipografia-avan\/wp-json\/wp\/v2\/users\/1"}],"replies":[{"embeddable":true,"href":"http:\/\/disseny-test.uoc.edu\/materials\/tipografia-avan\/wp-json\/wp\/v2\/comments?post=486"}],"version-history":[{"count":3,"href":"http:\/\/disseny-test.uoc.edu\/materials\/tipografia-avan\/wp-json\/wp\/v2\/pages\/486\/revisions"}],"predecessor-version":[{"id":641,"href":"http:\/\/disseny-test.uoc.edu\/materials\/tipografia-avan\/wp-json\/wp\/v2\/pages\/486\/revisions\/641"}],"wp:attachment":[{"href":"http:\/\/disseny-test.uoc.edu\/materials\/tipografia-avan\/wp-json\/wp\/v2\/media?parent=486"}],"curies":[{"name":"wp","href":"https:\/\/api.w.org\/{rel}","templated":true}]}}