{"id":498,"date":"2019-01-07T14:57:22","date_gmt":"2019-01-07T12:57:22","guid":{"rendered":"http:\/\/disseny-test.uoc.edu\/materials\/tipografia-avan\/?page_id=498"},"modified":"2019-01-10T16:36:23","modified_gmt":"2019-01-10T14:36:23","slug":"4-6-1-introduccio","status":"publish","type":"page","link":"http:\/\/disseny-test.uoc.edu\/materials\/tipografia-avan\/4-6-1-introduccio\/","title":{"rendered":"4.6.1. Introducci\u00f3"},"content":{"rendered":"<p>Sens dubte la part m\u00e9s complexa de la tipografia \u00e9s la que t\u00e9 a veure amb el seu disseny. Tot el proc\u00e9s de treball, comen\u00e7ant per l\u2019esb\u00f3s de les formes dels car\u00e0cters i acabant per la producci\u00f3 i distribuci\u00f3 de la tipografia, \u00e9s un obra tit\u00e0nica que requereix altes dosis d\u2019esfor\u00e7, const\u00e0ncia i paci\u00e8ncia.<\/p>\n<p>Perqu\u00e8 ens puguem fer una idea del treball que requereix el disseny d\u2019una font digital podem posar l\u2019exemple d\u2019una fam\u00edlia, com la famosa Helvetica, el proc\u00e9s de la qual va trigar m\u00e9s de cinc anys a completar-se, i en aquesta \u00e8poca encara no existien els ordinadors.<\/p>\n<p>En l\u2019actualitat un proc\u00e9s similar es pot escur\u00e7ar molt gr\u00e0cies a la tecnologia digital, per\u00f2 si fem una llista de tot el treball (esbossos, construcci\u00f3 de car\u00e0cters, digitalitzaci\u00f3, espaiat, interlletratge i producci\u00f3), una fam\u00edlia d\u2019uns deu estils aproximadament pot portar uns dos anys en total.<\/p>\n<p>Explicar tot el proc\u00e9s detalladament de com es dissenya una tipografia \u00e9s extens i complex. Aqu\u00ed mostrarem un resum del pas a pas i explicarem breument cadascun d\u2019ells.<\/p>\n","protected":false},"excerpt":{"rendered":"<p>Sens dubte la part m\u00e9s complexa de la tipografia \u00e9s la que t\u00e9 a veure amb el seu disseny. Tot el proc\u00e9s de treball, comen\u00e7ant per l\u2019esb\u00f3s de les formes dels car\u00e0cters i acabant per la producci\u00f3 i distribuci\u00f3 de la tipografia, \u00e9s un obra tit\u00e0nica que requereix altes dosis d\u2019esfor\u00e7, const\u00e0ncia i paci\u00e8ncia. Perqu\u00e8 [&hellip;]<\/p>\n","protected":false},"author":1,"featured_media":0,"parent":0,"menu_order":0,"comment_status":"closed","ping_status":"closed","template":"","meta":{"inline_featured_image":false},"acf":[],"_links":{"self":[{"href":"http:\/\/disseny-test.uoc.edu\/materials\/tipografia-avan\/wp-json\/wp\/v2\/pages\/498"}],"collection":[{"href":"http:\/\/disseny-test.uoc.edu\/materials\/tipografia-avan\/wp-json\/wp\/v2\/pages"}],"about":[{"href":"http:\/\/disseny-test.uoc.edu\/materials\/tipografia-avan\/wp-json\/wp\/v2\/types\/page"}],"author":[{"embeddable":true,"href":"http:\/\/disseny-test.uoc.edu\/materials\/tipografia-avan\/wp-json\/wp\/v2\/users\/1"}],"replies":[{"embeddable":true,"href":"http:\/\/disseny-test.uoc.edu\/materials\/tipografia-avan\/wp-json\/wp\/v2\/comments?post=498"}],"version-history":[{"count":2,"href":"http:\/\/disseny-test.uoc.edu\/materials\/tipografia-avan\/wp-json\/wp\/v2\/pages\/498\/revisions"}],"predecessor-version":[{"id":647,"href":"http:\/\/disseny-test.uoc.edu\/materials\/tipografia-avan\/wp-json\/wp\/v2\/pages\/498\/revisions\/647"}],"wp:attachment":[{"href":"http:\/\/disseny-test.uoc.edu\/materials\/tipografia-avan\/wp-json\/wp\/v2\/media?parent=498"}],"curies":[{"name":"wp","href":"https:\/\/api.w.org\/{rel}","templated":true}]}}