{"id":117,"date":"2017-06-21T08:17:51","date_gmt":"2017-06-21T08:17:51","guid":{"rendered":"http:\/\/disseny-test.uoc.edu\/recursos\/dis-marca\/?page_id=117"},"modified":"2017-07-11T12:45:26","modified_gmt":"2017-07-11T12:45:26","slug":"1-introduccion-al-proceso-de-diseno-editorial-11","status":"publish","type":"page","link":"http:\/\/disseny-test.uoc.edu\/recursos\/dis-marca\/1-introduccion-al-proceso-de-diseno-editorial-11\/","title":{"rendered":"1. Introducci\u00f3n al proceso de dise\u00f1o editorial"},"content":{"rendered":"<p><\/p>\n<h3>1.6. Tests y estudios de mercado<\/h3>\n<p>Son los estudios que se hacen con grupos de opini\u00f3n acerca del n\u00famero cero que la editorial pretende lanzar. Hay empresas especializadas en hacer este trabajo. Su funci\u00f3n es recoger la mayor cantidad de datos posible para poder valorar en qu\u00e9 medida el producto editorial va a funcionar en el mercado. La metodolog\u00eda de trabajo suele variar en funci\u00f3n de cada empresa aunque, a grandes rasgos, lo que se hace es elegir distintos grupos de personas que sean audiencia potencial del producto (y otros que no), y se estudia sus distintas reacciones ante el prototipo. La recogida de informaci\u00f3n se lleva a cabo en reuniones donde los sujetos, con la ayuda de una gu\u00eda especializada, revisan y comentan la revista. Generalmente, se acompa\u00f1a de otras revistas similares o que van a ser competencia en el mercado, y se estudian todas sus reacciones.<\/p>\n<p>Normalmente, editores y dise\u00f1adores pueden observar al grupo ocultos tras un cristal. Presenciar algunas de estas reuniones puede resultar muy interesante para un dise\u00f1ador porque puede comprobar directamente hasta qu\u00e9 punto su dise\u00f1o trasmite lo que \u00e9l pretend\u00eda o no. Estos estudios son perfectos para testear distintos tipos de contenido, para valorar si una cabecera tiene el impacto que se desea o para comprobar si el dise\u00f1o comunica lo que se pretende.<\/p>\n<p>Estos trabajos han de ser efectuados por profesionales que, despu\u00e9s de haber estudiado una serie de muestras significativas, est\u00e1n preparados para emitir un completo estudio con una valoraci\u00f3n acerca de si el producto necesita cambiar algo o de si tiene futuro en el mercado, aportando un plus de informaci\u00f3n al editor.<\/p>","protected":false},"excerpt":{"rendered":"<p>1.6. Tests y estudios de mercado Son los estudios que se hacen con grupos de opini\u00f3n acerca del n\u00famero cero que la editorial pretende lanzar. Hay empresas especializadas en hacer este trabajo. Su funci\u00f3n es recoger la mayor cantidad de datos posible para poder valorar en qu\u00e9 medida el producto editorial va a funcionar en [&hellip;]<\/p>\n","protected":false},"author":1,"featured_media":0,"parent":0,"menu_order":0,"comment_status":"closed","ping_status":"closed","template":"","meta":[],"acf":[],"_links":{"self":[{"href":"http:\/\/disseny-test.uoc.edu\/recursos\/dis-marca\/wp-json\/wp\/v2\/pages\/117"}],"collection":[{"href":"http:\/\/disseny-test.uoc.edu\/recursos\/dis-marca\/wp-json\/wp\/v2\/pages"}],"about":[{"href":"http:\/\/disseny-test.uoc.edu\/recursos\/dis-marca\/wp-json\/wp\/v2\/types\/page"}],"author":[{"embeddable":true,"href":"http:\/\/disseny-test.uoc.edu\/recursos\/dis-marca\/wp-json\/wp\/v2\/users\/1"}],"replies":[{"embeddable":true,"href":"http:\/\/disseny-test.uoc.edu\/recursos\/dis-marca\/wp-json\/wp\/v2\/comments?post=117"}],"version-history":[{"count":4,"href":"http:\/\/disseny-test.uoc.edu\/recursos\/dis-marca\/wp-json\/wp\/v2\/pages\/117\/revisions"}],"predecessor-version":[{"id":631,"href":"http:\/\/disseny-test.uoc.edu\/recursos\/dis-marca\/wp-json\/wp\/v2\/pages\/117\/revisions\/631"}],"wp:attachment":[{"href":"http:\/\/disseny-test.uoc.edu\/recursos\/dis-marca\/wp-json\/wp\/v2\/media?parent=117"}],"curies":[{"name":"wp","href":"https:\/\/api.w.org\/{rel}","templated":true}]}}