{"id":260,"date":"2017-06-21T10:49:11","date_gmt":"2017-06-21T10:49:11","guid":{"rendered":"http:\/\/disseny-test.uoc.edu\/recursos\/dis-marca\/?page_id=260"},"modified":"2017-06-29T08:28:12","modified_gmt":"2017-06-29T08:28:12","slug":"3-fotografias-e-imagenes-4","status":"publish","type":"page","link":"http:\/\/disseny-test.uoc.edu\/recursos\/dis-marca\/3-fotografias-e-imagenes-4\/","title":{"rendered":"3. Fotograf\u00edas e im\u00e1genes"},"content":{"rendered":"<p><\/p>\n<h3>3.2. Especificaciones t\u00e9cnicas de las im\u00e1genes para imprimir<\/h3>\n<h3>3.2.2. Resoluci\u00f3n<\/h3>\n<p>La imagen digital est\u00e1 compuesta por p\u00edxeles que son una serie de unidades de color. Cuanto m\u00e1s peque\u00f1os sean estos p\u00edxeles, mejor ser\u00e1 la visualizaci\u00f3n de la imagen, y al contrario, cuantos menos p\u00edxeles haya y m\u00e1s grandes sean estos, peor ser\u00e1 la definici\u00f3n de la imagen. Una imagen no necesita la misma resoluci\u00f3n para ser vista correctamente en pantalla que impresa en papel. Cuando hablamos de un dise\u00f1o digital que est\u00e1 pensado para ser visto en pantalla, la resoluci\u00f3n de la imagen ha de estar a 72 p\u00edxeles por pulgada. Sin embargo, cuando nuestro dise\u00f1o est\u00e9 destinado a ser impreso, debemos tener en cuenta que cada imagen necesita un m\u00ednimo de 250 o 300 p\u00edxeles por pulgada. Todo lo que sea inferior a esto har\u00e1 que nuestras im\u00e1genes no queden bien impresas.<\/p>\n<p><div id=\"attachment_263\" style=\"width: 460px\" class=\"wp-caption alignnone\"><img aria-describedby=\"caption-attachment-263\" loading=\"lazy\" class=\"img-responsive wp-image-263 size-full\" src=\"http:\/\/disseny-test.uoc.edu\/recursos\/dis-marca\/wp-content\/uploads\/sites\/22\/2017\/06\/20118_a3_012.jpg\" alt=\"\" width=\"450\" height=\"547\" srcset=\"http:\/\/disseny-test.uoc.edu\/recursos\/dis-marca\/wp-content\/uploads\/sites\/22\/2017\/06\/20118_a3_012.jpg 450w, http:\/\/disseny-test.uoc.edu\/recursos\/dis-marca\/wp-content\/uploads\/sites\/22\/2017\/06\/20118_a3_012-247x300.jpg 247w\" sizes=\"(max-width: 450px) 100vw, 450px\" \/><p id=\"caption-attachment-263\" class=\"wp-caption-text\">Si una imagen no tiene la resoluci\u00f3n suficiente, los resultados pueden ser desastrosos.<\/p><\/div><\/p>","protected":false},"excerpt":{"rendered":"<p>3.2. Especificaciones t\u00e9cnicas de las im\u00e1genes para imprimir 3.2.2. Resoluci\u00f3n La imagen digital est\u00e1 compuesta por p\u00edxeles que son una serie de unidades de color. Cuanto m\u00e1s peque\u00f1os sean estos p\u00edxeles, mejor ser\u00e1 la visualizaci\u00f3n de la imagen, y al contrario, cuantos menos p\u00edxeles haya y m\u00e1s grandes sean estos, peor ser\u00e1 la definici\u00f3n de [&hellip;]<\/p>\n","protected":false},"author":1,"featured_media":0,"parent":0,"menu_order":0,"comment_status":"closed","ping_status":"closed","template":"","meta":[],"acf":[],"_links":{"self":[{"href":"http:\/\/disseny-test.uoc.edu\/recursos\/dis-marca\/wp-json\/wp\/v2\/pages\/260"}],"collection":[{"href":"http:\/\/disseny-test.uoc.edu\/recursos\/dis-marca\/wp-json\/wp\/v2\/pages"}],"about":[{"href":"http:\/\/disseny-test.uoc.edu\/recursos\/dis-marca\/wp-json\/wp\/v2\/types\/page"}],"author":[{"embeddable":true,"href":"http:\/\/disseny-test.uoc.edu\/recursos\/dis-marca\/wp-json\/wp\/v2\/users\/1"}],"replies":[{"embeddable":true,"href":"http:\/\/disseny-test.uoc.edu\/recursos\/dis-marca\/wp-json\/wp\/v2\/comments?post=260"}],"version-history":[{"count":3,"href":"http:\/\/disseny-test.uoc.edu\/recursos\/dis-marca\/wp-json\/wp\/v2\/pages\/260\/revisions"}],"predecessor-version":[{"id":563,"href":"http:\/\/disseny-test.uoc.edu\/recursos\/dis-marca\/wp-json\/wp\/v2\/pages\/260\/revisions\/563"}],"wp:attachment":[{"href":"http:\/\/disseny-test.uoc.edu\/recursos\/dis-marca\/wp-json\/wp\/v2\/media?parent=260"}],"curies":[{"name":"wp","href":"https:\/\/api.w.org\/{rel}","templated":true}]}}