{"id":30,"date":"2017-06-20T12:22:02","date_gmt":"2017-06-20T12:22:02","guid":{"rendered":"http:\/\/disseny-test.uoc.edu\/recursos\/dis-marca\/?page_id=30"},"modified":"2017-07-21T06:40:51","modified_gmt":"2017-07-21T06:40:51","slug":"1-introduccion-al-proceso-de-diseno-editorial-2","status":"publish","type":"page","link":"http:\/\/disseny-test.uoc.edu\/recursos\/dis-marca\/1-introduccion-al-proceso-de-diseno-editorial-2\/","title":{"rendered":"1. Introducci\u00f3n al proceso de dise\u00f1o editorial"},"content":{"rendered":"<p><\/p>\n<h3><strong>1.2. Introducci\u00f3n a los distintos formatos<\/strong><\/h3>\n<p>Las principales categor\u00edas dentro del mundo editorial son: peri\u00f3dicos, libros y revistas. Aparte de estos grandes productos, un dise\u00f1ador gr\u00e1fico puede encontrarse con otro tipo de creaciones m\u00e1s espec\u00edficas como folletos, postales, papeler\u00eda corporativa, etc.<\/p>\n<p>Normalmente, el encargo ya determina qu\u00e9 tipo de formato debemos dise\u00f1ar, aunque puede darse el caso de que el dise\u00f1ador tenga libertad creativa para decidir o proponer diferentes soportes.<\/p>\n<p>Por ejemplo: un cliente podr\u00eda encargarnos dise\u00f1ar una campa\u00f1a de publicidad sin especificar soportes, y el dise\u00f1ador deber\u00eda proponer distintos formatos con los que llevarla a cabo. Si bien es cierto que, en el mundo editorial, es el cliente\/editor el que normalmente especifica qu\u00e9 es lo que desea, y el dise\u00f1ador deber\u00e1 tener los conocimientos necesarios para hacerlo.<\/p>\n<p>A continuaci\u00f3n, vamos a repasar brevemente los tipos m\u00e1s habituales de productos con los que se suele trabajar en el mundo editorial.<\/p>\n<h3><strong>1.2.1. Peri\u00f3dicos\/diarios<\/strong><\/h3>\n<p>Como su mismo nombre dice, y como la RAE define, peri\u00f3dico o diario es \u00abuna publicaci\u00f3n que sale diariamente\u00bb. Aunque su origen se produce en 1587, con el nacimiento de la imprenta, ya exist\u00edan peri\u00f3dicos en la \u00e9poca romana. De hecho, se conoce la existencia del <em>Acta Diurna<\/em>, en el 59 a. C., quiz\u00e1 la primera publicaci\u00f3n de estas caracter\u00edsticas, cuyo fin era resumir los eventos ocurridos en el d\u00eda.<\/p>\n<p>Hist\u00f3ricamente, el papel de los peri\u00f3dicos ha sido fundamental como difusores de opini\u00f3n de masas y transmisores de informaci\u00f3n, sobre todo en \u00e9pocas en las que la \u00fanica manera de conocer lo que estaba pasando era a trav\u00e9s de los tabloides. En la actualidad, los diarios han tenido que adaptarse a las nuevas tecnolog\u00edas y, hoy d\u00eda, pr\u00e1cticamente todos tienen su versi\u00f3n digital.<\/p>\n<p>Un diario es un medio de car\u00e1cter masivo, que ha de llegar con facilidad a todos los lectores. Tradicionalmente, se han estructurado en ocho o seis columnas, aunque esto suele ser flexible, en funci\u00f3n de las necesidades de cada secci\u00f3n. Dada la densidad de sus contenidos, es fundamental que se trabaje en lograr una buena legibilidad, por lo que la selecci\u00f3n tipogr\u00e1fica es muy importante. El impacto ha de primar por encima de la est\u00e9tica, y deben tenerse en cuenta factores como el hecho de que el papel suele ser de mala calidad, y esto puede afectar a la impresi\u00f3n de algunas tipograf\u00edas m\u00e1s complejas. Sin embargo, es cierto que han surgido redise\u00f1os en publicaciones diarias en las que se ha llevado a cabo un sobrio, pero exquisito, uso tipogr\u00e1fico.<\/p>\n<div id=\"attachment_34\" style=\"width: 452px\" class=\"wp-caption alignnone\"><img aria-describedby=\"caption-attachment-34\" loading=\"lazy\" class=\"img-responsive wp-image-34 size-full\" src=\"http:\/\/disseny-test.uoc.edu\/recursos\/dis-marca\/wp-content\/uploads\/sites\/22\/2017\/06\/20118_a1_001.jpg\" alt=\"\" width=\"442\" height=\"640\" srcset=\"http:\/\/disseny-test.uoc.edu\/recursos\/dis-marca\/wp-content\/uploads\/sites\/22\/2017\/06\/20118_a1_001.jpg 442w, http:\/\/disseny-test.uoc.edu\/recursos\/dis-marca\/wp-content\/uploads\/sites\/22\/2017\/06\/20118_a1_001-207x300.jpg 207w\" sizes=\"(max-width: 442px) 100vw, 442px\" \/><p id=\"caption-attachment-34\" class=\"wp-caption-text\">La Society of Newspaper Design eleg\u00eda al diario dan\u00e9s <em>Politiken<\/em>, al ingl\u00e9s <em>The Guardian<\/em>, al sueco <em>Dagens Nyheter<\/em> y al belga <em>De Morgen<\/em> como los diarios en papel mejor dise\u00f1ados del mundo.<\/p><\/div>\n<div id=\"attachment_36\" style=\"width: 650px\" class=\"wp-caption alignnone\"><img aria-describedby=\"caption-attachment-36\" loading=\"lazy\" class=\"img-responsive wp-image-36 size-full\" src=\"http:\/\/disseny-test.uoc.edu\/recursos\/dis-marca\/wp-content\/uploads\/sites\/22\/2017\/06\/20118_a1_002.jpg\" alt=\"\" width=\"640\" height=\"531\" srcset=\"http:\/\/disseny-test.uoc.edu\/recursos\/dis-marca\/wp-content\/uploads\/sites\/22\/2017\/06\/20118_a1_002.jpg 640w, http:\/\/disseny-test.uoc.edu\/recursos\/dis-marca\/wp-content\/uploads\/sites\/22\/2017\/06\/20118_a1_002-300x249.jpg 300w\" sizes=\"(max-width: 640px) 100vw, 640px\" \/><p id=\"caption-attachment-36\" class=\"wp-caption-text\">Otros ejemplos de diarios de dise\u00f1o impecable, como <em>The New York Times<\/em> o <em>Wall Street Journal<\/em>.<\/p><\/div>\n<p>Las fotograf\u00edas suelen contener un alto impacto visual, y hay una modalidad espec\u00edfica de fotograf\u00eda, el fotoperiodismo, en la que se busca que la imagen no solo comunique la noticia, sino que tambi\u00e9n exprese un sentimiento.<\/p>\n<p>La imagen gr\u00e1fica de un diario suele estar plasmada en un \u00abmanual de estilo\u00bb donde se especifican todas las normas de dise\u00f1o que existen en la publicaci\u00f3n. Generalmente, tambi\u00e9n hay un \u00abmanual de estilo editorial\u00bb que detalla c\u00f3mo se ha de escribir. Esto es as\u00ed porque la l\u00ednea editorial en diarios suele ser muy cerrada y, de esta manera, es posible controlar mejor los contenidos escritos y facilitar la r\u00e1pida resoluci\u00f3n de la composici\u00f3n, ya que el volumen de trabajo suele ser muy grande.<\/p>\n<p>En la puesta en p\u00e1gina, es muy importante la jerarqu\u00eda de los textos, entre titulares, antet\u00edtulos, sumarios, etc., as\u00ed como tener claro cu\u00e1les son los puntos de inter\u00e9s en la p\u00e1gina, para colocar los bloques informativos de manera adecuada. El trabajo diario en una publicaci\u00f3n de estas caracter\u00edsticas suele girar en torno a una biblioteca de m\u00f3dulos ya predise\u00f1ados, que facilitan el reparto de los espacios en la p\u00e1gina.<\/p>\n<div id=\"attachment_784\" style=\"width: 910px\" class=\"wp-caption alignnone\"><a href=\"http:\/\/disseny-test.uoc.edu\/recursos\/dis-marca\/wp-content\/uploads\/sites\/22\/2017\/06\/20118_a1_003z-1.jpg\"><img aria-describedby=\"caption-attachment-784\" loading=\"lazy\" class=\"img-responsive wp-image-784 size-full\" src=\"http:\/\/disseny-test.uoc.edu\/recursos\/dis-marca\/wp-content\/uploads\/sites\/22\/2017\/06\/20118_a1_003z-1.jpg\" alt=\"\" width=\"900\" height=\"467\" srcset=\"http:\/\/disseny-test.uoc.edu\/recursos\/dis-marca\/wp-content\/uploads\/sites\/22\/2017\/06\/20118_a1_003z-1.jpg 900w, http:\/\/disseny-test.uoc.edu\/recursos\/dis-marca\/wp-content\/uploads\/sites\/22\/2017\/06\/20118_a1_003z-1-300x156.jpg 300w, http:\/\/disseny-test.uoc.edu\/recursos\/dis-marca\/wp-content\/uploads\/sites\/22\/2017\/06\/20118_a1_003z-1-768x399.jpg 768w\" sizes=\"(max-width: 900px) 100vw, 900px\" \/><\/a><p id=\"caption-attachment-784\" class=\"wp-caption-text\">En la imagen, se muestra un ejemplo de la ret\u00edcula y la disposici\u00f3n del espacio en la portada del diario <em>The New York Times<\/em>.<\/p><\/div>\n<p>El trabajo del dise\u00f1ador puede ser de dos tipos: el que crea el dise\u00f1o original, construyendo el manual de estilo gr\u00e1fico y creando todos los m\u00f3dulos que tienen cabida en la composici\u00f3n, o el trabajo de diagramaci\u00f3n en el d\u00eda a d\u00eda, en el que se hace uso de estos recursos.<\/p>","protected":false},"excerpt":{"rendered":"<p>1.2. Introducci\u00f3n a los distintos formatos Las principales categor\u00edas dentro del mundo editorial son: peri\u00f3dicos, libros y revistas. Aparte de estos grandes productos, un dise\u00f1ador gr\u00e1fico puede encontrarse con otro tipo de creaciones m\u00e1s espec\u00edficas como folletos, postales, papeler\u00eda corporativa, etc. Normalmente, el encargo ya determina qu\u00e9 tipo de formato debemos dise\u00f1ar, aunque puede darse [&hellip;]<\/p>\n","protected":false},"author":1,"featured_media":0,"parent":0,"menu_order":0,"comment_status":"closed","ping_status":"closed","template":"","meta":[],"acf":[],"_links":{"self":[{"href":"http:\/\/disseny-test.uoc.edu\/recursos\/dis-marca\/wp-json\/wp\/v2\/pages\/30"}],"collection":[{"href":"http:\/\/disseny-test.uoc.edu\/recursos\/dis-marca\/wp-json\/wp\/v2\/pages"}],"about":[{"href":"http:\/\/disseny-test.uoc.edu\/recursos\/dis-marca\/wp-json\/wp\/v2\/types\/page"}],"author":[{"embeddable":true,"href":"http:\/\/disseny-test.uoc.edu\/recursos\/dis-marca\/wp-json\/wp\/v2\/users\/1"}],"replies":[{"embeddable":true,"href":"http:\/\/disseny-test.uoc.edu\/recursos\/dis-marca\/wp-json\/wp\/v2\/comments?post=30"}],"version-history":[{"count":7,"href":"http:\/\/disseny-test.uoc.edu\/recursos\/dis-marca\/wp-json\/wp\/v2\/pages\/30\/revisions"}],"predecessor-version":[{"id":785,"href":"http:\/\/disseny-test.uoc.edu\/recursos\/dis-marca\/wp-json\/wp\/v2\/pages\/30\/revisions\/785"}],"wp:attachment":[{"href":"http:\/\/disseny-test.uoc.edu\/recursos\/dis-marca\/wp-json\/wp\/v2\/media?parent=30"}],"curies":[{"name":"wp","href":"https:\/\/api.w.org\/{rel}","templated":true}]}}