{"id":350,"date":"2017-06-21T12:11:16","date_gmt":"2017-06-21T12:11:16","guid":{"rendered":"http:\/\/disseny-test.uoc.edu\/recursos\/dis-marca\/?page_id=350"},"modified":"2019-09-17T09:23:05","modified_gmt":"2019-09-17T09:23:05","slug":"5-trabajar-con-la-reticula-4","status":"publish","type":"page","link":"http:\/\/disseny-test.uoc.edu\/recursos\/dis-marca\/5-trabajar-con-la-reticula-4\/","title":{"rendered":"5. Trabajar con la ret\u00edcula"},"content":{"rendered":"<p><\/p>\n<h3>5.4. Tipos de ret\u00edcula<\/h3>\n<p>Existen infinidades de tipos de ret\u00edcula, tantos como reparticiones matem\u00e1ticas y proporcionales del espacio podamos concebir. Estructuralmente, suele hablarse de ret\u00edculas formales, semiformales o informales (en funci\u00f3n de la flexibilidad de sus l\u00edneas estructurales), activas o inactivas (con l\u00edneas estructurales conceptuales), ret\u00edculas invisibles o visibles (si las l\u00edneas estructurales existen como l\u00edneas reales), etc.<\/p>\n<p>Tambi\u00e9n podemos hablar de:<\/p>\n<ul>\n<li><strong>Ret\u00edcula de repetici\u00f3n<\/strong>: los m\u00f3dulos son colocados regularmente con un espacio igual alrededor de cada uno, de manera que queda dividida en subdivisiones de la misma forma y tama\u00f1o. Puede ser formal y activa o inactiva, visible o invisible. La estructura de repetici\u00f3n es la m\u00e1s simple de todas.<\/li>\n<li><strong>Ret\u00edcula b\u00e1sica<\/strong>: la usada con m\u00e1s frecuencia en las estructuras de repetici\u00f3n. Se compone de l\u00edneas verticales y horizontales, proporcionalmente colocadas y que se cruzan entre s\u00ed. Cada m\u00f3dulo tiene un mismo espacio alrededor. Se pueden dar variaciones seg\u00fan cambios en los tama\u00f1os, en la direcci\u00f3n (si las l\u00edneas se inclinan en un \u00e1ngulo), deslizamiento, curvatura, reflexi\u00f3n, etc.<\/li>\n<\/ul>\n<p>Simplificando, en dise\u00f1o editorial podemos hablar de que la tradici\u00f3n cl\u00e1sica otorga una columna a los libros, tres columnas a las revistas con tama\u00f1o cercano al A4 y cinco columnas a los tabloides. Sin embargo, lo cierto es que, por norma general, las ret\u00edculas est\u00e1n muy por encima de esas cifras. Es muy importante tener en cuenta que el n\u00famero de columnas es directamente proporcional a la flexibilidad del dise\u00f1o, es decir, que cuantas m\u00e1s columnas haya en nuestra composici\u00f3n, m\u00e1s flexibles podr\u00e1n ser las puestas en p\u00e1gina.<\/p>\n<h4 class=\"CuerpoA\"><span lang=\"ES-TRAD\">Ret\u00edcula simple, dise\u00f1o sencillo<\/span><\/h4>\n<p class=\"CuerpoA\">Podemos ver una ret\u00edcula simple a cuatro columnas que da lugar a un dise\u00f1o estructurado y poco flexible. Las cuatro columnas permiten f\u00e1cilmente repartir el espacio en la p\u00e1gina entre los distintos elementos. Aunque normalmente todos los elementos suelen ajustarse a los espacios marcados por las gu\u00edas, hay algunos que se permiten ocupar espacios distintos de manera libre. Recordemos que la ret\u00edcula es el esqueleto de todas las maquetas, que est\u00e1 ah\u00ed para servir de gu\u00eda y ordenar el trabajo, pero que, en ocasiones, seg\u00fan la flexibilidad del dise\u00f1o o las necesidades de la maqueta, puede saltarse o no aplicarse de manera exhaustiva. El ejemplo pertenece a la revista <i>Lecturas<\/i>.<\/p>\n<p class=\"CuerpoA\"><img loading=\"lazy\" class=\"img-responsive alignleft wp-image-1058 size-large\" src=\"http:\/\/disseny-test.uoc.edu\/recursos\/dis-marca\/wp-content\/uploads\/sites\/22\/2017\/06\/Lecturas-001-772x1024.jpg\" alt=\"\" width=\"772\" height=\"1024\" srcset=\"http:\/\/disseny-test.uoc.edu\/recursos\/dis-marca\/wp-content\/uploads\/sites\/22\/2017\/06\/Lecturas-001-772x1024.jpg 772w, http:\/\/disseny-test.uoc.edu\/recursos\/dis-marca\/wp-content\/uploads\/sites\/22\/2017\/06\/Lecturas-001-226x300.jpg 226w, http:\/\/disseny-test.uoc.edu\/recursos\/dis-marca\/wp-content\/uploads\/sites\/22\/2017\/06\/Lecturas-001-768x1019.jpg 768w, http:\/\/disseny-test.uoc.edu\/recursos\/dis-marca\/wp-content\/uploads\/sites\/22\/2017\/06\/Lecturas-001.jpg 1514w\" sizes=\"(max-width: 772px) 100vw, 772px\" \/> <img loading=\"lazy\" class=\"img-responsive alignleft wp-image-1107 size-large\" src=\"http:\/\/disseny-test.uoc.edu\/recursos\/dis-marca\/wp-content\/uploads\/sites\/22\/2017\/06\/Lecturas-002-769x1024.jpg\" alt=\"\" width=\"769\" height=\"1024\" srcset=\"http:\/\/disseny-test.uoc.edu\/recursos\/dis-marca\/wp-content\/uploads\/sites\/22\/2017\/06\/Lecturas-002-769x1024.jpg 769w, http:\/\/disseny-test.uoc.edu\/recursos\/dis-marca\/wp-content\/uploads\/sites\/22\/2017\/06\/Lecturas-002-225x300.jpg 225w, http:\/\/disseny-test.uoc.edu\/recursos\/dis-marca\/wp-content\/uploads\/sites\/22\/2017\/06\/Lecturas-002-768x1023.jpg 768w, http:\/\/disseny-test.uoc.edu\/recursos\/dis-marca\/wp-content\/uploads\/sites\/22\/2017\/06\/Lecturas-002.jpg 1426w\" sizes=\"(max-width: 769px) 100vw, 769px\" \/><\/p>\n<p class=\"CuerpoA\"><span lang=\"ES-TRAD\">En este caso, podemos ver una composici\u00f3n de ret\u00edcula a tres columnas. El dise\u00f1o es calmado y elegante, corresponde a la revista <i>Viajes<\/i>. Con las tres columnas, se consigue un ancho de columna amplio, las fotos suelen ser grandes y los elementos est\u00e1n bastante ordenados.<\/span><\/p>\n<p class=\"CuerpoA\"><img loading=\"lazy\" class=\"img-responsive alignleft wp-image-1059 size-large\" src=\"http:\/\/disseny-test.uoc.edu\/recursos\/dis-marca\/wp-content\/uploads\/sites\/22\/2017\/06\/viajes-001-753x1024.jpg\" alt=\"\" width=\"753\" height=\"1024\" srcset=\"http:\/\/disseny-test.uoc.edu\/recursos\/dis-marca\/wp-content\/uploads\/sites\/22\/2017\/06\/viajes-001-753x1024.jpg 753w, http:\/\/disseny-test.uoc.edu\/recursos\/dis-marca\/wp-content\/uploads\/sites\/22\/2017\/06\/viajes-001-221x300.jpg 221w, http:\/\/disseny-test.uoc.edu\/recursos\/dis-marca\/wp-content\/uploads\/sites\/22\/2017\/06\/viajes-001-768x1044.jpg 768w, http:\/\/disseny-test.uoc.edu\/recursos\/dis-marca\/wp-content\/uploads\/sites\/22\/2017\/06\/viajes-001.jpg 1464w\" sizes=\"(max-width: 753px) 100vw, 753px\" \/> <img loading=\"lazy\" class=\"alignleft size-large wp-image-1060 img-responsive\" src=\"http:\/\/disseny-test.uoc.edu\/recursos\/dis-marca\/wp-content\/uploads\/sites\/22\/2017\/06\/viajes-002-753x1024.jpg\" alt=\"\" width=\"753\" height=\"1024\" srcset=\"http:\/\/disseny-test.uoc.edu\/recursos\/dis-marca\/wp-content\/uploads\/sites\/22\/2017\/06\/viajes-002-753x1024.jpg 753w, http:\/\/disseny-test.uoc.edu\/recursos\/dis-marca\/wp-content\/uploads\/sites\/22\/2017\/06\/viajes-002-221x300.jpg 221w, http:\/\/disseny-test.uoc.edu\/recursos\/dis-marca\/wp-content\/uploads\/sites\/22\/2017\/06\/viajes-002-768x1044.jpg 768w, http:\/\/disseny-test.uoc.edu\/recursos\/dis-marca\/wp-content\/uploads\/sites\/22\/2017\/06\/viajes-002.jpg 1464w\" sizes=\"(max-width: 753px) 100vw, 753px\" \/><\/p>\n<h4 class=\"CuerpoA\"><span lang=\"ES-TRAD\">Ret\u00edcula compleja, un dise\u00f1o flexible<\/span><\/h4>\n<p>En este dise\u00f1o de la revista <em>Woman<\/em>, podemos observar una puesta en p\u00e1gina a diez columnas. Estas columnas son muy estrechas, por lo que una columna de texto siempre deber\u00e1 ocupar un m\u00ednimo de dos. Esta repartici\u00f3n del espacio hace que el dise\u00f1o pueda ser m\u00e1s libre y flexible, ya que las combinaciones, a la hora de organizar el \u00e1rea de trabajo, se multiplican. En estos reportajes, podemos ver como una misma rejilla permite realizar un dise\u00f1o y una puesta en p\u00e1gina totalmente distintos. El ejemplo pertenece a una doble p\u00e1gina de la secci\u00f3n belleza de la revista <em>Woman<\/em>.<\/p>\n<img loading=\"lazy\" class=\"img-responsive wp-image-833 size-large\" src=\"http:\/\/disseny-test.uoc.edu\/recursos\/dis-marca\/wp-content\/uploads\/sites\/22\/2017\/06\/20118_a5_005-1-777x1024.jpg\" alt=\"\" width=\"777\" height=\"1024\" srcset=\"http:\/\/disseny-test.uoc.edu\/recursos\/dis-marca\/wp-content\/uploads\/sites\/22\/2017\/06\/20118_a5_005-1-777x1024.jpg 777w, http:\/\/disseny-test.uoc.edu\/recursos\/dis-marca\/wp-content\/uploads\/sites\/22\/2017\/06\/20118_a5_005-1-228x300.jpg 228w, http:\/\/disseny-test.uoc.edu\/recursos\/dis-marca\/wp-content\/uploads\/sites\/22\/2017\/06\/20118_a5_005-1-768x1012.jpg 768w, http:\/\/disseny-test.uoc.edu\/recursos\/dis-marca\/wp-content\/uploads\/sites\/22\/2017\/06\/20118_a5_005-1.jpg 800w\" sizes=\"(max-width: 777px) 100vw, 777px\" \/>\n<p>En este ejemplo, tambi\u00e9n de la revista <em>Woman<\/em>, podemos ver c\u00f3mo con un mismo reparto del espacio en diez columnas podemos crear un dise\u00f1o totalmente distinto.<\/p>\n<img loading=\"lazy\" class=\"img-responsive wp-image-835 size-large\" src=\"http:\/\/disseny-test.uoc.edu\/recursos\/dis-marca\/wp-content\/uploads\/sites\/22\/2017\/06\/20118_a5_006-1-758x1024.jpg\" alt=\"\" width=\"758\" height=\"1024\" srcset=\"http:\/\/disseny-test.uoc.edu\/recursos\/dis-marca\/wp-content\/uploads\/sites\/22\/2017\/06\/20118_a5_006-1-758x1024.jpg 758w, http:\/\/disseny-test.uoc.edu\/recursos\/dis-marca\/wp-content\/uploads\/sites\/22\/2017\/06\/20118_a5_006-1-222x300.jpg 222w, http:\/\/disseny-test.uoc.edu\/recursos\/dis-marca\/wp-content\/uploads\/sites\/22\/2017\/06\/20118_a5_006-1-768x1038.jpg 768w, http:\/\/disseny-test.uoc.edu\/recursos\/dis-marca\/wp-content\/uploads\/sites\/22\/2017\/06\/20118_a5_006-1.jpg 800w\" sizes=\"(max-width: 758px) 100vw, 758px\" \/>\n<h4>Cuando el dise\u00f1o no se ajusta a la ret\u00edcula<\/h4>\n<p class=\"CuerpoA\"><span lang=\"ES-TRAD\">En estos ejemplos de la revista <i>Autopista<\/i>, podemos ver una rejilla compleja estructurada en seis columnas que, a su vez, han sido divididas por la mitad con gu\u00edas, consiguiendo una estructura final de 12 columnas muy estrechas. En el caso de revistas t\u00e9cnicas, en las que el uso de tablas y fichas de datos es habitual, puede resultar \u00fatil una compartimentaci\u00f3n tan estrecha. En este caso en concreto, si estudiamos el uso que se hace de la estructura de la ret\u00edcula, podr\u00edamos decir que no es adecuado, ya que, aunque permite espacios proporcionales peque\u00f1os, las columnas del texto general nunca coinciden con la ret\u00edcula base.<\/span><\/p>\n<p class=\"CuerpoA\"><img loading=\"lazy\" class=\"img-responsive alignnone wp-image-1061 size-large\" src=\"http:\/\/disseny-test.uoc.edu\/recursos\/dis-marca\/wp-content\/uploads\/sites\/22\/2017\/06\/AUTOPISTA-001-740x1024.jpg\" alt=\"\" width=\"740\" height=\"1024\" srcset=\"http:\/\/disseny-test.uoc.edu\/recursos\/dis-marca\/wp-content\/uploads\/sites\/22\/2017\/06\/AUTOPISTA-001-740x1024.jpg 740w, http:\/\/disseny-test.uoc.edu\/recursos\/dis-marca\/wp-content\/uploads\/sites\/22\/2017\/06\/AUTOPISTA-001-217x300.jpg 217w, http:\/\/disseny-test.uoc.edu\/recursos\/dis-marca\/wp-content\/uploads\/sites\/22\/2017\/06\/AUTOPISTA-001-768x1063.jpg 768w, http:\/\/disseny-test.uoc.edu\/recursos\/dis-marca\/wp-content\/uploads\/sites\/22\/2017\/06\/AUTOPISTA-001.jpg 1643w\" sizes=\"(max-width: 740px) 100vw, 740px\" \/> <img loading=\"lazy\" class=\"img-responsive alignnone wp-image-1062 size-large\" src=\"http:\/\/disseny-test.uoc.edu\/recursos\/dis-marca\/wp-content\/uploads\/sites\/22\/2017\/06\/AUTOPISTA-002-740x1024.jpg\" alt=\"\" width=\"740\" height=\"1024\" srcset=\"http:\/\/disseny-test.uoc.edu\/recursos\/dis-marca\/wp-content\/uploads\/sites\/22\/2017\/06\/AUTOPISTA-002-740x1024.jpg 740w, http:\/\/disseny-test.uoc.edu\/recursos\/dis-marca\/wp-content\/uploads\/sites\/22\/2017\/06\/AUTOPISTA-002-217x300.jpg 217w, http:\/\/disseny-test.uoc.edu\/recursos\/dis-marca\/wp-content\/uploads\/sites\/22\/2017\/06\/AUTOPISTA-002-768x1063.jpg 768w, http:\/\/disseny-test.uoc.edu\/recursos\/dis-marca\/wp-content\/uploads\/sites\/22\/2017\/06\/AUTOPISTA-002.jpg 1643w\" sizes=\"(max-width: 740px) 100vw, 740px\" \/> <img loading=\"lazy\" class=\"img-responsive alignnone wp-image-1063 size-large\" src=\"http:\/\/disseny-test.uoc.edu\/recursos\/dis-marca\/wp-content\/uploads\/sites\/22\/2017\/06\/AUTOPISTA-003-740x1024.jpg\" alt=\"\" width=\"740\" height=\"1024\" srcset=\"http:\/\/disseny-test.uoc.edu\/recursos\/dis-marca\/wp-content\/uploads\/sites\/22\/2017\/06\/AUTOPISTA-003-740x1024.jpg 740w, http:\/\/disseny-test.uoc.edu\/recursos\/dis-marca\/wp-content\/uploads\/sites\/22\/2017\/06\/AUTOPISTA-003-217x300.jpg 217w, http:\/\/disseny-test.uoc.edu\/recursos\/dis-marca\/wp-content\/uploads\/sites\/22\/2017\/06\/AUTOPISTA-003-768x1063.jpg 768w, http:\/\/disseny-test.uoc.edu\/recursos\/dis-marca\/wp-content\/uploads\/sites\/22\/2017\/06\/AUTOPISTA-003.jpg 1643w\" sizes=\"(max-width: 740px) 100vw, 740px\" \/> <img loading=\"lazy\" class=\"img-responsive alignnone wp-image-1064 size-large\" src=\"http:\/\/disseny-test.uoc.edu\/recursos\/dis-marca\/wp-content\/uploads\/sites\/22\/2017\/06\/AUTOPISTA-004-740x1024.jpg\" alt=\"\" width=\"740\" height=\"1024\" srcset=\"http:\/\/disseny-test.uoc.edu\/recursos\/dis-marca\/wp-content\/uploads\/sites\/22\/2017\/06\/AUTOPISTA-004-740x1024.jpg 740w, http:\/\/disseny-test.uoc.edu\/recursos\/dis-marca\/wp-content\/uploads\/sites\/22\/2017\/06\/AUTOPISTA-004-217x300.jpg 217w, http:\/\/disseny-test.uoc.edu\/recursos\/dis-marca\/wp-content\/uploads\/sites\/22\/2017\/06\/AUTOPISTA-004-768x1063.jpg 768w, http:\/\/disseny-test.uoc.edu\/recursos\/dis-marca\/wp-content\/uploads\/sites\/22\/2017\/06\/AUTOPISTA-004.jpg 1643w\" sizes=\"(max-width: 740px) 100vw, 740px\" \/><\/p>\n<p class=\"CuerpoA\"><span lang=\"ES-TRAD\">Aqu\u00ed tenemos un ejemplo de un uso poco apropiado de ret\u00edcula. La maqueta tiene ocho columnas, aunque el planteamiento del dise\u00f1o corresponde a un reparto de espacio en cuatro. La columna de texto es lo \u00fanico que encaja en el ancho de dos columnas, pero los espacios que se crean son tan estrechos que ninguno de los dem\u00e1s elementos est\u00e1 ajustado a las gu\u00edas. Podr\u00edamos decir que el dise\u00f1o no se corresponde con esta ret\u00edcula. Estas p\u00e1ginas pertenecen al suplemento <em>Lecturas Pr\u00e1ctica<\/em>.<\/span><\/p>\n<p class=\"CuerpoA\"><img loading=\"lazy\" class=\"img-responsive alignnone wp-image-1065 size-large\" src=\"http:\/\/disseny-test.uoc.edu\/recursos\/dis-marca\/wp-content\/uploads\/sites\/22\/2017\/06\/Practica-001-775x1024.jpg\" alt=\"\" width=\"775\" height=\"1024\" srcset=\"http:\/\/disseny-test.uoc.edu\/recursos\/dis-marca\/wp-content\/uploads\/sites\/22\/2017\/06\/Practica-001-775x1024.jpg 775w, http:\/\/disseny-test.uoc.edu\/recursos\/dis-marca\/wp-content\/uploads\/sites\/22\/2017\/06\/Practica-001-227x300.jpg 227w, http:\/\/disseny-test.uoc.edu\/recursos\/dis-marca\/wp-content\/uploads\/sites\/22\/2017\/06\/Practica-001-768x1014.jpg 768w, http:\/\/disseny-test.uoc.edu\/recursos\/dis-marca\/wp-content\/uploads\/sites\/22\/2017\/06\/Practica-001.jpg 1282w\" sizes=\"(max-width: 775px) 100vw, 775px\" \/><\/p>\n<p><\/p>","protected":false},"excerpt":{"rendered":"<p>5.4. Tipos de ret\u00edcula Existen infinidades de tipos de ret\u00edcula, tantos como reparticiones matem\u00e1ticas y proporcionales del espacio podamos concebir. Estructuralmente, suele hablarse de ret\u00edculas formales, semiformales o informales (en funci\u00f3n de la flexibilidad de sus l\u00edneas estructurales), activas o inactivas (con l\u00edneas estructurales conceptuales), ret\u00edculas invisibles o visibles (si las l\u00edneas estructurales existen como [&hellip;]<\/p>\n","protected":false},"author":1,"featured_media":0,"parent":0,"menu_order":0,"comment_status":"closed","ping_status":"closed","template":"","meta":[],"acf":[],"_links":{"self":[{"href":"http:\/\/disseny-test.uoc.edu\/recursos\/dis-marca\/wp-json\/wp\/v2\/pages\/350"}],"collection":[{"href":"http:\/\/disseny-test.uoc.edu\/recursos\/dis-marca\/wp-json\/wp\/v2\/pages"}],"about":[{"href":"http:\/\/disseny-test.uoc.edu\/recursos\/dis-marca\/wp-json\/wp\/v2\/types\/page"}],"author":[{"embeddable":true,"href":"http:\/\/disseny-test.uoc.edu\/recursos\/dis-marca\/wp-json\/wp\/v2\/users\/1"}],"replies":[{"embeddable":true,"href":"http:\/\/disseny-test.uoc.edu\/recursos\/dis-marca\/wp-json\/wp\/v2\/comments?post=350"}],"version-history":[{"count":30,"href":"http:\/\/disseny-test.uoc.edu\/recursos\/dis-marca\/wp-json\/wp\/v2\/pages\/350\/revisions"}],"predecessor-version":[{"id":1211,"href":"http:\/\/disseny-test.uoc.edu\/recursos\/dis-marca\/wp-json\/wp\/v2\/pages\/350\/revisions\/1211"}],"wp:attachment":[{"href":"http:\/\/disseny-test.uoc.edu\/recursos\/dis-marca\/wp-json\/wp\/v2\/media?parent=350"}],"curies":[{"name":"wp","href":"https:\/\/api.w.org\/{rel}","templated":true}]}}