{"id":467,"date":"2017-06-22T06:35:15","date_gmt":"2017-06-22T06:35:15","guid":{"rendered":"http:\/\/disseny-test.uoc.edu\/recursos\/dis-marca\/?page_id=467"},"modified":"2017-07-26T08:51:40","modified_gmt":"2017-07-26T08:51:40","slug":"8-el-arte-final-2","status":"publish","type":"page","link":"http:\/\/disseny-test.uoc.edu\/recursos\/dis-marca\/8-el-arte-final-2\/","title":{"rendered":"8. El arte final"},"content":{"rendered":"<p><\/p>\n<h3>8.2. Archivos listos para imprenta. Formato PDF<\/h3>\n<h3>8.2.1. Colores de impresi\u00f3n<\/h3>\n<p>Hay que revisar siempre los perfiles de color en los que se est\u00e9 trabajando, y convertirlos al modo correcto si fuera necesario. Normalmente, tanto las im\u00e1genes como la configuraci\u00f3n de salida al generar el PDF final han de estar en CMYK, pero es preciso tener en cuenta necesidades espec\u00edficas que requieran los trabajos como, por ejemplo, si se va a imprimir alguna tinta plana, <em>stamping<\/em> o barnices. En estos casos especiales, lo m\u00e1s adecuado es consultar con la imprenta cu\u00e1l es la manera m\u00e1s adecuada para ellos. Con los acabados especiales, lo normal es que haya que enviar la zona en cuesti\u00f3n ya sea en reserva, con un quinto color o lo que se denomina \u00abpluma\u00bb, que es un documento aparte en el que se marca la zona de impresi\u00f3n especial.<\/p>\n<p><div id=\"attachment_839\" style=\"width: 810px\" class=\"wp-caption alignnone\"><img aria-describedby=\"caption-attachment-839\" loading=\"lazy\" class=\"img-responsive wp-image-839 size-full\" src=\"http:\/\/disseny-test.uoc.edu\/recursos\/dis-marca\/wp-content\/uploads\/sites\/22\/2017\/06\/20118_a8_001-1.jpg\" alt=\"\" width=\"800\" height=\"1092\" srcset=\"http:\/\/disseny-test.uoc.edu\/recursos\/dis-marca\/wp-content\/uploads\/sites\/22\/2017\/06\/20118_a8_001-1.jpg 800w, http:\/\/disseny-test.uoc.edu\/recursos\/dis-marca\/wp-content\/uploads\/sites\/22\/2017\/06\/20118_a8_001-1-220x300.jpg 220w, http:\/\/disseny-test.uoc.edu\/recursos\/dis-marca\/wp-content\/uploads\/sites\/22\/2017\/06\/20118_a8_001-1-768x1048.jpg 768w, http:\/\/disseny-test.uoc.edu\/recursos\/dis-marca\/wp-content\/uploads\/sites\/22\/2017\/06\/20118_a8_001-1-750x1024.jpg 750w\" sizes=\"(max-width: 800px) 100vw, 800px\" \/><p id=\"caption-attachment-839\" class=\"wp-caption-text\">En la imagen, podemos ver la portada de la revista <em>Arquitectura y Dise\u00f1o<\/em>, en la que se ha usado una quinta tinta en la cabecera y algunas otras zonas. Como vemos en la informaci\u00f3n de la previsualizaci\u00f3n de salida del documento ya en formato PDF, el quinto color aparece aparte de los cuatro est\u00e1ndares. Si desconectamos este color, podemos ver las zonas que se imprimir\u00e1n con esta tinta especial. Al crear el archivo PDF, debemos comprobar que todo est\u00e1 en colores CMYK y que lo que queremos que se imprima en la tinta especial est\u00e1 en un color de tinta directa. Lo ideal es que sea el color que se va a usar en la imprenta, pero no es imprescindible: es posible que la imprenta tenga la referencia de la tinta y que baste con que apliquemos una tinta directa que marque las zonas de impresi\u00f3n especial.<\/p><\/div><\/p>","protected":false},"excerpt":{"rendered":"<p>8.2. Archivos listos para imprenta. Formato PDF 8.2.1. Colores de impresi\u00f3n Hay que revisar siempre los perfiles de color en los que se est\u00e9 trabajando, y convertirlos al modo correcto si fuera necesario. Normalmente, tanto las im\u00e1genes como la configuraci\u00f3n de salida al generar el PDF final han de estar en CMYK, pero es preciso [&hellip;]<\/p>\n","protected":false},"author":1,"featured_media":0,"parent":0,"menu_order":0,"comment_status":"closed","ping_status":"closed","template":"","meta":[],"acf":[],"_links":{"self":[{"href":"http:\/\/disseny-test.uoc.edu\/recursos\/dis-marca\/wp-json\/wp\/v2\/pages\/467"}],"collection":[{"href":"http:\/\/disseny-test.uoc.edu\/recursos\/dis-marca\/wp-json\/wp\/v2\/pages"}],"about":[{"href":"http:\/\/disseny-test.uoc.edu\/recursos\/dis-marca\/wp-json\/wp\/v2\/types\/page"}],"author":[{"embeddable":true,"href":"http:\/\/disseny-test.uoc.edu\/recursos\/dis-marca\/wp-json\/wp\/v2\/users\/1"}],"replies":[{"embeddable":true,"href":"http:\/\/disseny-test.uoc.edu\/recursos\/dis-marca\/wp-json\/wp\/v2\/comments?post=467"}],"version-history":[{"count":7,"href":"http:\/\/disseny-test.uoc.edu\/recursos\/dis-marca\/wp-json\/wp\/v2\/pages\/467\/revisions"}],"predecessor-version":[{"id":855,"href":"http:\/\/disseny-test.uoc.edu\/recursos\/dis-marca\/wp-json\/wp\/v2\/pages\/467\/revisions\/855"}],"wp:attachment":[{"href":"http:\/\/disseny-test.uoc.edu\/recursos\/dis-marca\/wp-json\/wp\/v2\/media?parent=467"}],"curies":[{"name":"wp","href":"https:\/\/api.w.org\/{rel}","templated":true}]}}