{"id":488,"date":"2017-06-22T06:55:37","date_gmt":"2017-06-22T06:55:37","guid":{"rendered":"http:\/\/disseny-test.uoc.edu\/recursos\/dis-marca\/?page_id=488"},"modified":"2017-06-29T10:52:00","modified_gmt":"2017-06-29T10:52:00","slug":"8-el-arte-final-7","status":"publish","type":"page","link":"http:\/\/disseny-test.uoc.edu\/recursos\/dis-marca\/8-el-arte-final-7\/","title":{"rendered":"8. El arte final"},"content":{"rendered":"<p><\/p>\n<h3>8.5. Glosario de acabados especiales<\/h3>\n<p>Existen una serie de acabados especiales en imprenta que es interesante conocer. Por norma general, en revistas, estos acabados se utilizan siempre en portada, ya que las tripas se imprimen en cuatricrom\u00eda convencional. Los costes de estas terminaciones son bastante elevados, por lo que hay que medir con cautela su uso. Lo aconsejable es no usar m\u00e1s de un efecto, ya que no solo se puede desorbitar el precio de producci\u00f3n, sino que tambi\u00e9n se pueden crear barroquismos innecesarios. A continuaci\u00f3n, repasaremos brevemente los tipos de acabado m\u00e1s habituales, ya que son efectos con los que nos conviene estar familiarizados.<\/p>\n<ul>\n<li><strong>Barniz reserva UVI<\/strong>: es un barniz trasparente que aporta brillo a las zonas que decidamos del dise\u00f1o, para destacar sobre la superficie mate. Generalmente, se aplica en el logo de la revista (cabecera) o en alguna zona de de la foto, de manera que se crea un efecto vistoso e interesante.<\/li>\n<li><strong>Quinta tinta (tinta plana)<\/strong>: es la aplicaci\u00f3n de una tinta especial de manera directa sobre una zona reservada. Suelen ser tintas Pantone o extra\u00eddas de un muestrario especial facilitado por la imprenta. Acostumbran a ser colores especiales, muy brillantes, como fluorescentes o gamas intensas que son dif\u00edciles de lograr en una gama CMYK. Generalmente, se aplica en el logo de la revista y en alguna otra zona para que destaque, aunque es aconsejable no abusar, ya que un exceso del color especial anular\u00eda el efecto sorpresa deseado.<\/li>\n<li><strong><em>Stamping<\/em><\/strong>: es un proceso que se basa en la fijaci\u00f3n de una l\u00e1mina de tonos metalizados que van del oro al plata (y todas sus gamas), efectos hologr\u00e1ficos y fluorescentes por medio de calor a la zona del dise\u00f1o que decidamos.<\/li>\n<li><strong>Laminado o plastificado en brillo o mate<\/strong>: es la aplicaci\u00f3n de una l\u00e1mina fina o l\u00e1mina trasparente de protecci\u00f3n, que aporta sensaci\u00f3n de calidad al material y que lo protege del desgaste. Generalmente, es una buena opci\u00f3n como acabado final en portadas. Lo m\u00e1s habitual es brillo o mate, pero existen texturas especiales como gofrado, melocot\u00f3n, etc.<\/li>\n<li><strong>Termorrelieve<\/strong> <strong>(o falso relieve)<\/strong>: se hace aplicando \u00abpolvo de termorrelieve\u00bb en la zona escogida del dise\u00f1o con la tinta a\u00fan fresca, de manera que este material se queda adherido. Posteriormente, se aplica calor mediante infrarrojos, lo que provoca la fermentaci\u00f3n de la tinta y un consecuente aumento de su densidad. Al secarse la tinta, se crea una superficie con volumen que no deja marca en la parte posterior del impreso.<\/li>\n<li><strong>Golpe seco<\/strong>: es el efecto provocado por aplicaci\u00f3n de presi\u00f3n sobre un molde en la zona escogida del dise\u00f1o, lo que crea un tipo de relieve que deja huella por detr\u00e1s del material.<\/li>\n<li><strong>Troquelado<\/strong>: es un corte efectuado sobre una zona del dise\u00f1o, que deja ver lo que hay en la p\u00e1gina posterior. Es un efecto complicado, aunque con el mismo se pueden conseguir efectos vistosos. No es com\u00fan verlo en portadas de revistas.<\/li>\n<\/ul>\n<p>Sobra decir que todos estos efectos son procesos de producci\u00f3n bastante caros de hacer. Por este motivo, su uso ha de ser medido de manera consecuente respecto al presupuesto con el que se cuente. Sin embargo, hay que conocerlos porque un peque\u00f1o toque \u00abextra\u00bb puede aportar un punto de sorpresa, de calidad y de originalidad que siempre es de agradecer. En un \u00e1mbito t\u00e9cnico, siempre es aconsejable ponerse de acuerdo con la imprenta sobre c\u00f3mo hay que enviar los originales. Por norma general, la zona que llevar\u00e1 aplicada la impresi\u00f3n especial deber\u00e1 ir marcada con una reserva, ya sea dentro del mismo PDF o con una mancha de negro en un documento paralelo. Los acabados especiales no dejan de ser un plus para el dise\u00f1ador, una herramienta m\u00e1s para su creatividad.<\/p>","protected":false},"excerpt":{"rendered":"<p>8.5. Glosario de acabados especiales Existen una serie de acabados especiales en imprenta que es interesante conocer. Por norma general, en revistas, estos acabados se utilizan siempre en portada, ya que las tripas se imprimen en cuatricrom\u00eda convencional. Los costes de estas terminaciones son bastante elevados, por lo que hay que medir con cautela su [&hellip;]<\/p>\n","protected":false},"author":1,"featured_media":0,"parent":0,"menu_order":0,"comment_status":"closed","ping_status":"closed","template":"","meta":[],"acf":[],"_links":{"self":[{"href":"http:\/\/disseny-test.uoc.edu\/recursos\/dis-marca\/wp-json\/wp\/v2\/pages\/488"}],"collection":[{"href":"http:\/\/disseny-test.uoc.edu\/recursos\/dis-marca\/wp-json\/wp\/v2\/pages"}],"about":[{"href":"http:\/\/disseny-test.uoc.edu\/recursos\/dis-marca\/wp-json\/wp\/v2\/types\/page"}],"author":[{"embeddable":true,"href":"http:\/\/disseny-test.uoc.edu\/recursos\/dis-marca\/wp-json\/wp\/v2\/users\/1"}],"replies":[{"embeddable":true,"href":"http:\/\/disseny-test.uoc.edu\/recursos\/dis-marca\/wp-json\/wp\/v2\/comments?post=488"}],"version-history":[{"count":2,"href":"http:\/\/disseny-test.uoc.edu\/recursos\/dis-marca\/wp-json\/wp\/v2\/pages\/488\/revisions"}],"predecessor-version":[{"id":608,"href":"http:\/\/disseny-test.uoc.edu\/recursos\/dis-marca\/wp-json\/wp\/v2\/pages\/488\/revisions\/608"}],"wp:attachment":[{"href":"http:\/\/disseny-test.uoc.edu\/recursos\/dis-marca\/wp-json\/wp\/v2\/media?parent=488"}],"curies":[{"name":"wp","href":"https:\/\/api.w.org\/{rel}","templated":true}]}}