{"id":98,"date":"2017-02-02T10:33:32","date_gmt":"2017-02-02T10:33:32","guid":{"rendered":"http:\/\/disseny-test.uoc.edu\/recursos\/form-comp\/?page_id=98"},"modified":"2017-03-06T15:36:04","modified_gmt":"2017-03-06T15:36:04","slug":"5-3-2-asimetria","status":"publish","type":"page","link":"http:\/\/disseny-test.uoc.edu\/recursos\/form-comp\/5-3-2-asimetria\/","title":{"rendered":"5. Equilibrio y tensi\u00f3n"},"content":{"rendered":"<p><\/p>\n<h3><strong>5.3. Simetr\u00eda \/ asimetr\u00eda<\/strong><\/h3>\n<h3><strong>5.3.2. Asimetr\u00eda<\/strong><\/h3>\n<p>El equilibrio din\u00e1mico suele ser asim\u00e9trico en diferentes niveles y, por tanto, supone un compromiso dif\u00edcil entre fuerzas desiguales. Es, sin duda, una de las opciones compositivas m\u00e1s utilizadas y de mayor efectividad. Dos leyes de la composici\u00f3n podr\u00edan considerarse un ejemplo de este tipo de equilibrio:<\/p>\n<ol>\n<li><strong>Ley de la balanza<\/strong>. Recibe este nombre porque el esquema compositivo resultante es semejante al de la figura de una balanza. El pie de la balanza se sit\u00faa en el centro de la composici\u00f3n y es en este espacio central donde se representa la figura con m\u00e1s importancia. A ambos lados se distribuyen el resto de los elementos, equilibrando los pesos. As\u00ed pues, un peso grande puede ser equilibrado con otro m\u00e1s peque\u00f1o acortando, simplemente, la distancia que separa el peso mayor del fiel de la balanza. Un claro ejemplo de estas composiciones religiosas ser\u00eda el <a href=\"https:\/\/es.wikipedia.org\/wiki\/Pantocr%C3%A1tor\" target=\"_blank\">Pantocr\u00e1tor<\/a>. Frontal de altar de la Seu d\u2019Urgell o de los Ap\u00f3stoles (siglo XII).\n<div class=\"fondo-fila\">\n<div class='content-column one_half'>Este cuadro de C\u00e9zanne supondr\u00eda una reformulaci\u00f3n del concepto de balanza del Pantocr\u00e1tor, en cuanto se ci\u00f1e formalmente a este presupuesto. La figura principal ser\u00eda el jugador del centro y a ambos lados tiene dos jugadores m\u00e1s. No obstante, hay una asimetr\u00eda que provoca el cuarto personaje observando la partida en el lado izquierdo, que queda compensado visualmente por la cortina situada a la derecha del cuadro. Adem\u00e1s hay cuatro pipas de tabaco colgadas en la pared cuya diagonal apuntan de nuevo al jugador del centro.<\/div>\n<div class='content-column one_half last_column'><div id=\"attachment_214\" style=\"width: 610px\" class=\"wp-caption alignnone\"><img aria-describedby=\"caption-attachment-214\" loading=\"lazy\" class=\"size-full wp-image-214 img-responsive\" src=\"http:\/\/disseny-test.uoc.edu\/recursos\/form-comp\/wp-content\/uploads\/sites\/19\/2017\/02\/20106_m1_023.png\" alt=\"Los jugadores de cartas, Paul C\u00e9zanne, 1890-92, Open Access for Scholarly Content (OASC) via Met website.\" width=\"600\" height=\"478\" srcset=\"http:\/\/disseny-test.uoc.edu\/recursos\/form-comp\/wp-content\/uploads\/sites\/19\/2017\/02\/20106_m1_023.png 600w, http:\/\/disseny-test.uoc.edu\/recursos\/form-comp\/wp-content\/uploads\/sites\/19\/2017\/02\/20106_m1_023-300x239.png 300w\" sizes=\"(max-width: 600px) 100vw, 600px\" \/><p id=\"caption-attachment-214\" class=\"wp-caption-text\"><em>Los jugadores de cartas<\/em>, Paul C\u00e9zanne, 1890-92, Open Access for Scholarly Content (OASC) via <a href=\"http:\/\/www.metmuseum.org\/art\/collection\/search\/435868?sortBy=Relevance&amp;amp;ft=cezanne&amp;amp;offset=0&amp;amp;rpp=20&amp;amp;pos=2\" target=\"_blank\">Met website<\/a>.<\/p><\/div><\/div><div class='clear_column'><\/div>\n<\/div>\n<\/li>\n<\/ol>\n<ol>\n<li value=\"2\"><strong>Ley de compensaci\u00f3n de masas<\/strong>. Esta ley se basa en el equilibrio de los pesos visuales (el tama\u00f1o, el color, la posici\u00f3n). En este caso la figura principal de la composici\u00f3n se desplaza del centro y pasa a situarse en un lateral. Para compensar este peso descentrado se colocan otra u otras formas alejadas del centro, de forma que contrarresten el peso de la principal. La gran mayor\u00eda de las composiciones que existen podr\u00edan encajar de alg\u00fan modo dentro de esta ley, puesto que la compensaci\u00f3n es un instinto natural en el proceso creativo.\n<div class=\"fondo-fila\">\n<div class='content-column one_half'>En la siguiente fotograf\u00eda vemos como la ventana, que ocupa un mayor tama\u00f1o en la composici\u00f3n, est\u00e1 descentrada hacia la derecha. En cambio queda compensada por la presencia del farol, m\u00e1s peque\u00f1o y que est\u00e1 situado m\u00e1s arriba. Esto sucede por dos motivos: est\u00e1 m\u00e1s alejado del centro y arriba tiene m\u00e1s peso que abajo.<\/div>\n<div class='content-column one_half last_column'><div id=\"attachment_215\" style=\"width: 610px\" class=\"wp-caption alignnone\"><img aria-describedby=\"caption-attachment-215\" loading=\"lazy\" class=\"size-full wp-image-215 img-responsive\" src=\"http:\/\/disseny-test.uoc.edu\/recursos\/form-comp\/wp-content\/uploads\/sites\/19\/2017\/02\/20106_m1_024.png\" alt=\"French Facade, Ruben Alexander, 2016, CC.\" width=\"600\" height=\"400\" srcset=\"http:\/\/disseny-test.uoc.edu\/recursos\/form-comp\/wp-content\/uploads\/sites\/19\/2017\/02\/20106_m1_024.png 600w, http:\/\/disseny-test.uoc.edu\/recursos\/form-comp\/wp-content\/uploads\/sites\/19\/2017\/02\/20106_m1_024-300x200.png 300w\" sizes=\"(max-width: 600px) 100vw, 600px\" \/><p id=\"caption-attachment-215\" class=\"wp-caption-text\"><em>French Facade<\/em>, Ruben Alexander, 2016, <a href=\"https:\/\/www.flickr.com\/photos\/8997331@N04\/31219811471\" target=\"_blank\">CC<\/a>.<\/p><\/div><\/div><div class='clear_column'><\/div>\n<\/div>\n<p>&nbsp;<\/p>\n<div class=\"fondo-fila\">\n<p><div class='content-column one_half'>En cambio, en esta otra fotograf\u00eda la composici\u00f3n es ligeramente asim\u00e9trica hacia la derecha para poder tener perspectiva del reflejo en el espejo, y tambi\u00e9n queda compensada por los dos elementos a la izquierda: la fotograf\u00eda y el perfume.<\/div><div class='content-column one_half last_column'><div id=\"attachment_216\" style=\"width: 610px\" class=\"wp-caption alignnone\"><img aria-describedby=\"caption-attachment-216\" loading=\"lazy\" class=\"size-full wp-image-216 img-responsive\" src=\"http:\/\/disseny-test.uoc.edu\/recursos\/form-comp\/wp-content\/uploads\/sites\/19\/2017\/02\/20106_m1_025.png\" alt=\"Cartes, Gemma San Cornelio, 1997.\" width=\"600\" height=\"423\" srcset=\"http:\/\/disseny-test.uoc.edu\/recursos\/form-comp\/wp-content\/uploads\/sites\/19\/2017\/02\/20106_m1_025.png 600w, http:\/\/disseny-test.uoc.edu\/recursos\/form-comp\/wp-content\/uploads\/sites\/19\/2017\/02\/20106_m1_025-300x212.png 300w\" sizes=\"(max-width: 600px) 100vw, 600px\" \/><p id=\"caption-attachment-216\" class=\"wp-caption-text\"><em>Cartes<\/em>, Gemma San Cornelio, 1997.<\/p><\/div><\/div><div class='clear_column'><\/div><\/p>\n<\/div>\n<\/li>\n<\/ol>\n<p>Las leyes de la balanza y la compensaci\u00f3n de masas son de una gran aplicaci\u00f3n en el dise\u00f1o web y se materializan en documentos de plantilla denominados <em>wireframes<\/em>.<\/p>\n<p><div id=\"attachment_102\" style=\"width: 610px\" class=\"wp-caption alignnone\"><img aria-describedby=\"caption-attachment-102\" loading=\"lazy\" class=\"img-responsive wp-image-102 size-full\" src=\"http:\/\/disseny-test.uoc.edu\/recursos\/form-comp\/wp-content\/uploads\/sites\/19\/2017\/02\/20106_m1_026.png\" alt=\"20106_m1_026\" width=\"600\" height=\"667\" srcset=\"http:\/\/disseny-test.uoc.edu\/recursos\/form-comp\/wp-content\/uploads\/sites\/19\/2017\/02\/20106_m1_026.png 600w, http:\/\/disseny-test.uoc.edu\/recursos\/form-comp\/wp-content\/uploads\/sites\/19\/2017\/02\/20106_m1_026-270x300.png 270w\" sizes=\"(max-width: 600px) 100vw, 600px\" \/><p id=\"caption-attachment-102\" class=\"wp-caption-text\"><a href=\"http:\/\/www.flickr.com\/photos\/doos\/3931846833\/\" target=\"_blank\">http:\/\/www.flickr.com\/photos\/doos\/3931846833\/<\/a>, CC BY 2.0, <a href=\"https:\/\/commons.wikimedia.org\/w\/index.php?curid=12888965\" target=\"_blank\">https:\/\/commons.wikimedia.org\/w\/index.php?curid=12888965 <\/a><\/p><\/div><br \/>\n<\/p>","protected":false},"excerpt":{"rendered":"<p>5.3. Simetr\u00eda \/ asimetr\u00eda 5.3.2. Asimetr\u00eda El equilibrio din\u00e1mico suele ser asim\u00e9trico en diferentes niveles y, por tanto, supone un compromiso dif\u00edcil entre fuerzas desiguales. Es, sin duda, una de las opciones compositivas m\u00e1s utilizadas y de mayor efectividad. Dos leyes de la composici\u00f3n podr\u00edan considerarse un ejemplo de este tipo de equilibrio: Ley de [&hellip;]<\/p>\n","protected":false},"author":1,"featured_media":0,"parent":0,"menu_order":0,"comment_status":"closed","ping_status":"closed","template":"","meta":[],"acf":[],"_links":{"self":[{"href":"http:\/\/disseny-test.uoc.edu\/recursos\/form-comp\/wp-json\/wp\/v2\/pages\/98"}],"collection":[{"href":"http:\/\/disseny-test.uoc.edu\/recursos\/form-comp\/wp-json\/wp\/v2\/pages"}],"about":[{"href":"http:\/\/disseny-test.uoc.edu\/recursos\/form-comp\/wp-json\/wp\/v2\/types\/page"}],"author":[{"embeddable":true,"href":"http:\/\/disseny-test.uoc.edu\/recursos\/form-comp\/wp-json\/wp\/v2\/users\/1"}],"replies":[{"embeddable":true,"href":"http:\/\/disseny-test.uoc.edu\/recursos\/form-comp\/wp-json\/wp\/v2\/comments?post=98"}],"version-history":[{"count":17,"href":"http:\/\/disseny-test.uoc.edu\/recursos\/form-comp\/wp-json\/wp\/v2\/pages\/98\/revisions"}],"predecessor-version":[{"id":425,"href":"http:\/\/disseny-test.uoc.edu\/recursos\/form-comp\/wp-json\/wp\/v2\/pages\/98\/revisions\/425"}],"wp:attachment":[{"href":"http:\/\/disseny-test.uoc.edu\/recursos\/form-comp\/wp-json\/wp\/v2\/media?parent=98"}],"curies":[{"name":"wp","href":"https:\/\/api.w.org\/{rel}","templated":true}]}}