{"id":35,"date":"2017-02-03T10:37:42","date_gmt":"2017-02-03T10:37:42","guid":{"rendered":"http:\/\/disseny-test.uoc.edu\/recursos\/prod-graf\/?page_id=35"},"modified":"2017-03-21T10:39:10","modified_gmt":"2017-03-21T10:39:10","slug":"3-materiales-2","status":"publish","type":"page","link":"http:\/\/disseny-test.uoc.edu\/recursos\/prod-graf\/3-materiales-2\/","title":{"rendered":"3. Materiales"},"content":{"rendered":"<p><\/p>\n<h3><strong>3.2. V\u00eddeos de inter\u00e9s <\/strong><\/h3>\n<p>&nbsp;<\/p>\n<h4><strong>Papel. Fabricaci\u00f3n<\/strong><\/h4>\n<p>V\u00eddeo introductorio divulgativo (en ingl\u00e9s) sobre el proceso completo de fabricaci\u00f3n del papel desde la tala de los \u00e1rboles hasta la configuraci\u00f3n de la hoja final.<\/p>\n<p><iframe loading=\"lazy\" src=\"https:\/\/www.youtube.com\/embed\/E4C3X26dxbM\" width=\"560\" height=\"315\" frameborder=\"0\" allowfullscreen=\"allowfullscreen\"><\/iframe><\/p>\n<p>V\u00eddeo introductorio divulgativo (en castellano) sobre el proceso completo de fabricaci\u00f3n del papel desde la tala de los \u00e1rboles hasta la configuraci\u00f3n de la hoja final. Introducci\u00f3n al estucado.<\/p>\n<p><iframe loading=\"lazy\" src=\"https:\/\/www.youtube.com\/embed\/Rc_MsY6s-nA\" width=\"560\" height=\"315\" frameborder=\"0\" allowfullscreen=\"allowfullscreen\"><\/iframe><\/p>\n<p>&nbsp;<\/p>\n<p><strong>Papel. Formatos<\/strong><\/p>\n<p>V\u00eddeo introductorio divulgativo (en castellano) sobre el formato DIN A y sus derivados.<\/p>\n<p>Aproximaci\u00f3n matem\u00e1tica pero sobre todo permite entender de forma gr\u00e1fica la generaci\u00f3n matem\u00e1tica de los diferentes formatos relacionados.<\/p>\n<p><iframe loading=\"lazy\" src=\"https:\/\/www.youtube.com\/embed\/nc5okMs_ss0\" width=\"560\" height=\"315\" frameborder=\"0\" allowfullscreen=\"allowfullscreen\"><\/iframe><\/p>\n<p>V\u00eddeo introductorio divulgativo (en ingl\u00e9s) sobre el formato DIN A y sus derivados.<\/p>\n<p>Interesante aproximaci\u00f3n a los formatos en el \u00e1mbito continental y anglosaj\u00f3n en funci\u00f3n de los formatos correspondientes.<\/p>\n<p><iframe loading=\"lazy\" src=\"https:\/\/www.youtube.com\/embed\/mHeo62B0d0E\" width=\"560\" height=\"315\" frameborder=\"0\" allowfullscreen=\"allowfullscreen\"><\/iframe><\/p>\n<p>V\u00eddeo comparativo (en ingl\u00e9s) entre los formatos de papel de la serie DIN A y los formatos OS Letter.<\/p>\n<p><iframe loading=\"lazy\" src=\"https:\/\/www.youtube.com\/embed\/Mb9EsAD2jGQ\" width=\"560\" height=\"315\" frameborder=\"0\" allowfullscreen=\"allowfullscreen\"><\/iframe><\/p>\n<p>V\u00eddeo explicativo (en ingl\u00e9s) sobre formatos de libro.<\/p>\n<p><iframe loading=\"lazy\" src=\"https:\/\/www.youtube.com\/embed\/P66e-6XoM0k\" width=\"560\" height=\"315\" frameborder=\"0\" allowfullscreen=\"allowfullscreen\"><\/iframe><\/p>\n<p>&nbsp;<\/p>\n<h4><strong>Papel. Propiedades<\/strong><\/h4>\n<p>Animaci\u00f3n introductoria divulgativa sobre las propiedades y caracter\u00edsticas del papel.<\/p>\n<p><iframe loading=\"lazy\" src=\"https:\/\/www.youtube.com\/embed\/QPJtuwv6kPU\" width=\"560\" height=\"315\" frameborder=\"0\" allowfullscreen=\"allowfullscreen\"><\/iframe><\/p>\n<p>&nbsp;<\/p>\n<h4><strong>Cart\u00f3n corrugado<\/strong><\/h4>\n<p>V\u00eddeo introductorio divulgativo (en ingl\u00e9s) sobre el origen, ventajas, componentes y proceso de fabricaci\u00f3n del cart\u00f3n corrugado y las correspondientes cajas de cart\u00f3n.<\/p>\n<p><iframe loading=\"lazy\" src=\"https:\/\/www.youtube.com\/embed\/q_2zYFV0Sbs\" width=\"560\" height=\"315\" frameborder=\"0\" allowfullscreen=\"allowfullscreen\"><\/iframe><\/p>\n<p>V\u00eddeo introductorio divulgativo (en castellano) sobre la fabricaci\u00f3n del cart\u00f3n corrugado y la impresi\u00f3n correspondiente de las correspondientes cajas de cart\u00f3n. Tambi\u00e9n se muestra el troquelado para la generaci\u00f3n de cajas y estuches.<\/p>\n<p><iframe loading=\"lazy\" src=\"https:\/\/www.youtube.com\/embed\/GeZDRN8PT3c\" width=\"560\" height=\"315\" frameborder=\"0\" allowfullscreen=\"allowfullscreen\"><\/iframe><\/p>\n<p>&nbsp;<\/p>\n<h4><strong>Complejos (productos multilaminados para <em>packaging<\/em>)<\/strong><\/h4>\n<p>V\u00eddeo introductorio divulgativo (en ingl\u00e9s) sobre el proceso de fabricaci\u00f3n de los complejos de este l\u00edder en fabricaci\u00f3n de <em>packaging<\/em> en complejos. Muestra desde la tala de los \u00e1rboles hasta la configuraci\u00f3n del tetrabik final.<\/p>\n<p><iframe loading=\"lazy\" src=\"https:\/\/www.youtube.com\/embed\/jNbKIc8tD5I\" width=\"560\" height=\"315\" frameborder=\"0\" allowfullscreen=\"allowfullscreen\"><\/iframe><\/p>\n<p>V\u00eddeo introductorio divulgativo (en castellano) sobre el proceso de fabricaci\u00f3n de los complejos para <em>packaging<\/em> desde la tala de la materia prima hasta la configuraci\u00f3n del envase final.<\/p>\n<p><iframe loading=\"lazy\" src=\"https:\/\/www.youtube.com\/embed\/dXuofipZGDI\" width=\"560\" height=\"315\" frameborder=\"0\" allowfullscreen=\"allowfullscreen\"><\/iframe><\/p>\n<p>&nbsp;<\/p>\n<h4><strong>Pl\u00e1sticos o pel\u00edculas sint\u00e9ticas<\/strong><\/h4>\n<p>V\u00eddeo introductorio divulgativo (en castellano) sobre el origen, los diferentes tipos, las aplicaciones y la fabricaci\u00f3n de los diferentes tipos de pol\u00edmeros.<\/p>\n<p><iframe loading=\"lazy\" src=\"https:\/\/www.youtube.com\/embed\/TwMsYqFWazg\" width=\"560\" height=\"315\" frameborder=\"0\" allowfullscreen=\"allowfullscreen\"><\/iframe><\/p>\n<p>&nbsp;<\/p>\n<h4><strong>Fabricaci\u00f3n de tintas \u00f3fset<\/strong><\/h4>\n<p>V\u00eddeo explicativo (en ingl\u00e9s) sobre la formulaci\u00f3n, propiedades y caracter\u00edsticas de la tinta. Aproximaci\u00f3n interesante a la diferencia entre tintas proceso y tintas planas.<\/p>\n<p><iframe loading=\"lazy\" src=\"https:\/\/www.youtube.com\/embed\/Y-YOPRdFp68\" width=\"560\" height=\"315\" frameborder=\"0\" allowfullscreen=\"allowfullscreen\"><\/iframe><\/p>\n<p>&nbsp;<\/p>\n<h4><strong>Fabricaci\u00f3n de tintas de impresi\u00f3n digital<\/strong><\/h4>\n<p>V\u00eddeo divulgativo (en castellano) sobre la formulaci\u00f3n, propiedades y caracter\u00edsticas de la tinta por impresi\u00f3n digital.<\/p>\n<p><iframe loading=\"lazy\" src=\"https:\/\/www.youtube.com\/embed\/8D7hsUBRr8o\" width=\"560\" height=\"315\" frameborder=\"0\" allowfullscreen=\"allowfullscreen\"><\/iframe><\/p>\n<p>&nbsp;<\/p>\n<h4><strong>Tipos de gu\u00edas Pantone<\/strong><\/h4>\n<p>V\u00eddeo introductorio (en ingl\u00e9s) donde se explican los diferentes tipos de gu\u00edas Pantone y las codificaciones correspondientes.<\/p>\n<p><iframe loading=\"lazy\" src=\"https:\/\/www.youtube.com\/embed\/l6r_CK0rNlk\" width=\"560\" height=\"315\" frameborder=\"0\" allowfullscreen=\"allowfullscreen\"><\/iframe><\/p>\n<p>V\u00eddeo (en ingl\u00e9s) donde se explican los diferentes tipos de gu\u00edas Pantone.<\/p>\n<p><iframe loading=\"lazy\" src=\"https:\/\/www.youtube.com\/embed\/TcF6qZVThjc\" width=\"560\" height=\"315\" frameborder=\"0\" allowfullscreen=\"allowfullscreen\"><\/iframe><\/p>\n<p>V\u00eddeo (en ingl\u00e9s) donde se explica la gu\u00eda Pantone Colour Bridge y su relaci\u00f3n con la impresi\u00f3n CMYK. Explica su uso para varias salidas impresas y tambi\u00e9n para pantalla.<\/p>\n<p><iframe loading=\"lazy\" src=\"https:\/\/www.youtube.com\/embed\/XtucdAgYYww\" width=\"560\" height=\"315\" frameborder=\"0\" allowfullscreen=\"allowfullscreen\"><\/iframe><\/p>\n<p>&nbsp;<\/p>\n<h4><strong>Consecuci\u00f3n de una tinta Pantone a pie de m\u00e1quina para \u00f3fset<\/strong><\/h4>\n<p>Demostraci\u00f3n real en taller de c\u00f3mo obtener una tinta referenciada por la gu\u00eda Pantone a partir de la mezcla controlada de dos tintas Pantone.<\/p>\n<p><iframe loading=\"lazy\" src=\"https:\/\/www.youtube.com\/embed\/0zcX06hgNEg\" width=\"560\" height=\"315\" frameborder=\"0\" allowfullscreen=\"allowfullscreen\"><\/iframe><\/p>\n<p>&nbsp;<\/p>\n<h4><strong>Consecuci\u00f3n de una tinta plana para serigraf\u00eda<\/strong><\/h4>\n<p>Demostraci\u00f3n real (comercial) de c\u00f3mo obtener una tinta referenciada a partir de la mezcla controlada de tres tintas por impresi\u00f3n serigr\u00e1fica.<\/p>\n<p><iframe loading=\"lazy\" src=\"https:\/\/www.youtube.com\/embed\/0zcX06hgNEg\" width=\"560\" height=\"315\" frameborder=\"0\" allowfullscreen=\"allowfullscreen\"><\/iframe><\/p>\n<p>&nbsp;<\/p>\n<h4><strong>Fabricaci\u00f3n de plancha \u00f3fset<\/strong><\/h4>\n<p>V\u00eddeo explicativo bastante detallado y animado (en castellano) de la casa AGFA donde se explica la generaci\u00f3n de la plancha desde la obtenci\u00f3n de la materia prima hasta la obtenci\u00f3n de la plancha terminada para la filmaci\u00f3n.<\/p>\n<p><iframe loading=\"lazy\" src=\"https:\/\/www.youtube.com\/embed\/kxK9KH65yXw\" width=\"560\" height=\"315\" frameborder=\"0\" allowfullscreen=\"allowfullscreen\"><\/iframe><\/p>\n<p><iframe loading=\"lazy\" src=\"https:\/\/www.youtube.com\/embed\/ypyVLc5EDUM\" width=\"560\" height=\"315\" frameborder=\"0\" allowfullscreen=\"allowfullscreen\"><\/iframe><\/p>\n<p>(versi\u00f3n en ingl\u00e9s)<\/p>\n<p>&nbsp;<\/p>","protected":false},"excerpt":{"rendered":"<p>3.2. V\u00eddeos de inter\u00e9s &nbsp; Papel. Fabricaci\u00f3n V\u00eddeo introductorio divulgativo (en ingl\u00e9s) sobre el proceso completo de fabricaci\u00f3n del papel desde la tala de los \u00e1rboles hasta la configuraci\u00f3n de la hoja final. V\u00eddeo introductorio divulgativo (en castellano) sobre el proceso completo de fabricaci\u00f3n del papel desde la tala de los \u00e1rboles hasta la configuraci\u00f3n [&hellip;]<\/p>\n","protected":false},"author":1,"featured_media":0,"parent":0,"menu_order":0,"comment_status":"closed","ping_status":"closed","template":"","meta":[],"acf":[],"_links":{"self":[{"href":"http:\/\/disseny-test.uoc.edu\/recursos\/prod-graf\/wp-json\/wp\/v2\/pages\/35"}],"collection":[{"href":"http:\/\/disseny-test.uoc.edu\/recursos\/prod-graf\/wp-json\/wp\/v2\/pages"}],"about":[{"href":"http:\/\/disseny-test.uoc.edu\/recursos\/prod-graf\/wp-json\/wp\/v2\/types\/page"}],"author":[{"embeddable":true,"href":"http:\/\/disseny-test.uoc.edu\/recursos\/prod-graf\/wp-json\/wp\/v2\/users\/1"}],"replies":[{"embeddable":true,"href":"http:\/\/disseny-test.uoc.edu\/recursos\/prod-graf\/wp-json\/wp\/v2\/comments?post=35"}],"version-history":[{"count":9,"href":"http:\/\/disseny-test.uoc.edu\/recursos\/prod-graf\/wp-json\/wp\/v2\/pages\/35\/revisions"}],"predecessor-version":[{"id":105,"href":"http:\/\/disseny-test.uoc.edu\/recursos\/prod-graf\/wp-json\/wp\/v2\/pages\/35\/revisions\/105"}],"wp:attachment":[{"href":"http:\/\/disseny-test.uoc.edu\/recursos\/prod-graf\/wp-json\/wp\/v2\/media?parent=35"}],"curies":[{"name":"wp","href":"https:\/\/api.w.org\/{rel}","templated":true}]}}